{"id":9403938,"date":"2023-02-08T17:18:01","date_gmt":"2023-02-08T17:18:01","guid":{"rendered":"https:\/\/tpohotelariaecasa.pt\/index.php\/product\/mquina-de-embalagem-a-vcuo-mvac-500\/"},"modified":"2025-04-03T09:09:35","modified_gmt":"2025-04-03T09:09:35","slug":"mquina-de-embalagem-a-vcuo-mvac-500","status":"publish","type":"product","link":"https:\/\/tpohotelariaecasa.pt\/index.php\/product\/mquina-de-embalagem-a-vcuo-mvac-500\/","title":{"rendered":"M\u00e1quina de embalagem a v\u00e1cuo MVAC 500"},"content":{"rendered":"<ul>\n<li>M\u00e1quina de embalagem a v\u00e1cuo luxuosa<\/li>\n<li>Ciclo de embalagem totalmente autom\u00e1tico<\/li>\n<li>Modelo de ch\u00e3o grande com acabamento bonito<\/li>\n<li>Caixa e c\u00e2mara em a\u00e7o inoxid\u00e1vel<\/li>\n<li>Painel de controlo digital<\/li>\n<li>Cobertura forte com curva<\/li>\n<li>Interruptor de seguran\u00e7a na tampa<\/li>\n<li>Standard com pacote de servi\u00e7os<\/li>\n<li>M\u00f3vel sobre 4 rodas<\/li>\n<li>F\u00e1cil de limpar<\/li>\n<li>Totalmente program\u00e1vel: tempo de v\u00e1cuo ajust\u00e1vel, tempo de selagem ajust\u00e1vel, temperatura de selagem ajust\u00e1vel e tempo de arrefecimento ajust\u00e1vel<\/li>\n<li>Peso l\u00edquido: 73kg<\/li>\n<li>Dimens\u00f5es da barra de selagem: 40 x 0,8cm<\/li>\n<li>Dimens\u00f5es da c\u00e2mara: L42 x D44 x H20cm<\/li>\n<li>M\u00e1quina de dimens\u00f5es da m\u00e1quina: W47,5 x D55,5 x H105cm<\/li>\n<li>Capacidade da bomba de v\u00e1cuo: 20m\u00b3 p\/h<\/li>\n<li>230V\/50Hz\/1Fase 900W<\/li>\n<\/ul>\n","protected":false},"excerpt":{"rendered":"<p>M\u00e1quina de embalagem a v\u00e1cuo luxuosa Ciclo de embalagem totalmente autom\u00e1tico Modelo de ch\u00e3o grande com acabamento bonito Caixa e c\u00e2mara em a\u00e7o inoxid\u00e1vel Painel de controlo digital Cobertura forte com curva Interruptor de seguran\u00e7a na tampa Standard com pacote de servi\u00e7os M\u00f3vel sobre 4 rodas F\u00e1cil de limpar Totalmente program\u00e1vel: tempo de v\u00e1cuo ajust\u00e1vel, [&hellip;]<\/p>\n","protected":false},"featured_media":9432114,"comment_status":"open","ping_status":"closed","template":"","meta":[],"product_cat":[114],"product_tag":[],"class_list":["post-9403938","product","type-product","status-publish","has-post-thumbnail","hentry","product_cat-mquinas-de-vcuo","product_shipping_class-gph"],"_links":{"self":[{"href":"https:\/\/tpohotelariaecasa.pt\/index.php\/wp-json\/wp\/v2\/product\/9403938"}],"collection":[{"href":"https:\/\/tpohotelariaecasa.pt\/index.php\/wp-json\/wp\/v2\/product"}],"about":[{"href":"https:\/\/tpohotelariaecasa.pt\/index.php\/wp-json\/wp\/v2\/types\/product"}],"replies":[{"embeddable":true,"href":"https:\/\/tpohotelariaecasa.pt\/index.php\/wp-json\/wp\/v2\/comments?post=9403938"}],"wp:featuredmedia":[{"embeddable":true,"href":"https:\/\/tpohotelariaecasa.pt\/index.php\/wp-json\/wp\/v2\/media\/9432114"}],"wp:attachment":[{"href":"https:\/\/tpohotelariaecasa.pt\/index.php\/wp-json\/wp\/v2\/media?parent=9403938"}],"wp:term":[{"taxonomy":"product_cat","embeddable":true,"href":"https:\/\/tpohotelariaecasa.pt\/index.php\/wp-json\/wp\/v2\/product_cat?post=9403938"},{"taxonomy":"product_tag","embeddable":true,"href":"https:\/\/tpohotelariaecasa.pt\/index.php\/wp-json\/wp\/v2\/product_tag?post=9403938"}],"curies":[{"name":"wp","href":"https:\/\/api.w.org\/{rel}","templated":true}]}}