{"id":9404058,"date":"2023-02-08T17:18:47","date_gmt":"2023-02-08T17:18:47","guid":{"rendered":"https:\/\/tpohotelariaecasa.pt\/index.php\/product\/descascador-de-batata-mpp-30\/"},"modified":"2025-04-03T09:09:36","modified_gmt":"2025-04-03T09:09:36","slug":"descascador-de-batata-mpp-30","status":"publish","type":"product","link":"https:\/\/tpohotelariaecasa.pt\/index.php\/product\/descascador-de-batata-mpp-30\/","title":{"rendered":"Descascador de batata MPP 30"},"content":{"rendered":"<ul>\n<li>Adequado para batatas e cenouras<\/li>\n<li>Caixa, ta\u00e7a e porta de a\u00e7o inoxid\u00e1vel<\/li>\n<li>Constru\u00e7\u00e3o simples e robusta<\/li>\n<li>Placa abrasiva dur\u00e1vel com desenho especial<\/li>\n<li>Placa de descascar facilmente remov\u00edvel<\/li>\n<li>Parede lateral revestida com material abrasivo<\/li>\n<li>Equipado com liga\u00e7\u00e3o de \u00e1gua<\/li>\n<li>Um dreno para \u00e1gua e res\u00edduos<\/li>\n<li>Fica em quatro p\u00e9s de borracha<\/li>\n<li>F\u00e1cil de limpar<\/li>\n<li>Peso l\u00edquido: 80kg<\/li>\n<li>Capacidade de enchimento: 30kg<\/li>\n<li>Capacidade de descasque: 600kg por hora<\/li>\n<li>Velocidade: 2-3 minutos por ciclo<\/li>\n<li>Dimens\u00f5es: L53 x D53 x H97cm<\/li>\n<li>230V\/50Hz\/1Fase 1500W<\/li>\n<\/ul>\n","protected":false},"excerpt":{"rendered":"<ul>\n<li>M\u00e1quina de descascar profissional<\/li>\n<li>Adequado para batatas e cenouras<\/li>\n<li>Caixa, ta\u00e7a e porta de a\u00e7o inoxid\u00e1vel<\/li>\n<li>Constru\u00e7\u00e3o simples e robusta<\/li>\n<li>Placa abrasiva dur\u00e1vel com desenho especial<\/li>\n<li>Placa de descascar facilmente remov\u00edvel<\/li>\n<li>Parede lateral revestida com material abrasivo<\/li>\n<li>Equipado com liga\u00e7\u00e3o de \u00e1gua<\/li>\n<li>Um dreno para \u00e1gua e res\u00edduos<\/li>\n<li>Fica em quatro p\u00e9s de borracha<\/li>\n<li>F\u00e1cil de limpar<\/li>\n<li>Peso l\u00edquido: 80kg<\/li>\n<li>Capacidade de enchimento: 30kg<\/li>\n<li>Capacidade de descasque: 600kg por hora<\/li>\n<li>Velocidade: 2-3 minutos por ciclo<\/li>\n<li>Dimens\u00f5es: L53 x D53 x H97cm<\/li>\n<li>230V\/50Hz\/1Fase 1500W<\/li>\n<\/ul>\n","protected":false},"featured_media":9404057,"comment_status":"open","ping_status":"closed","template":"","meta":[],"product_cat":[122],"product_tag":[],"class_list":["post-9404058","product","type-product","status-publish","has-post-thumbnail","hentry","product_cat-descascadores-de-batatas","product_shipping_class-gph"],"_links":{"self":[{"href":"https:\/\/tpohotelariaecasa.pt\/index.php\/wp-json\/wp\/v2\/product\/9404058"}],"collection":[{"href":"https:\/\/tpohotelariaecasa.pt\/index.php\/wp-json\/wp\/v2\/product"}],"about":[{"href":"https:\/\/tpohotelariaecasa.pt\/index.php\/wp-json\/wp\/v2\/types\/product"}],"replies":[{"embeddable":true,"href":"https:\/\/tpohotelariaecasa.pt\/index.php\/wp-json\/wp\/v2\/comments?post=9404058"}],"wp:featuredmedia":[{"embeddable":true,"href":"https:\/\/tpohotelariaecasa.pt\/index.php\/wp-json\/wp\/v2\/media\/9404057"}],"wp:attachment":[{"href":"https:\/\/tpohotelariaecasa.pt\/index.php\/wp-json\/wp\/v2\/media?parent=9404058"}],"wp:term":[{"taxonomy":"product_cat","embeddable":true,"href":"https:\/\/tpohotelariaecasa.pt\/index.php\/wp-json\/wp\/v2\/product_cat?post=9404058"},{"taxonomy":"product_tag","embeddable":true,"href":"https:\/\/tpohotelariaecasa.pt\/index.php\/wp-json\/wp\/v2\/product_tag?post=9404058"}],"curies":[{"name":"wp","href":"https:\/\/api.w.org\/{rel}","templated":true}]}}