{"id":9404146,"date":"2023-02-08T17:19:21","date_gmt":"2023-02-08T17:19:21","guid":{"rendered":"https:\/\/tpohotelariaecasa.pt\/index.php\/product\/nico-rolo-de-fundente-mquina-de-roll-out-de-fundente-32-dimetro-30-cm\/"},"modified":"2025-04-03T09:09:37","modified_gmt":"2025-04-03T09:09:37","slug":"nico-rolo-de-fundente-mquina-de-roll-out-de-fundente-32-dimetro-30-cm","status":"publish","type":"product","link":"https:\/\/tpohotelariaecasa.pt\/index.php\/product\/nico-rolo-de-fundente-mquina-de-roll-out-de-fundente-32-dimetro-30-cm\/","title":{"rendered":"\u00danico rolo de fundente \/ m\u00e1quina de roll-out de fundente 32 Di\u00e2metro 30 cm"},"content":{"rendered":"<ul>\n<li>Equipado com um rolo de pastel<\/li>\n<li>R\u00e1pido e f\u00e1cil de lan\u00e7ar<\/li>\n<li>Pino rolante com motor forte<\/li>\n<li>Unidade dur\u00e1vel e potente<\/li>\n<li>Equipado com 1 velocidade<\/li>\n<li>Caixa luxuosa totalmente em a\u00e7o inoxid\u00e1vel<\/li>\n<li>Bela capa de pl\u00e1stico transparente<\/li>\n<li>Com interruptor de seguran\u00e7a<\/li>\n<li>Ajust\u00e1vel com bot\u00e3o simples<\/li>\n<li>Bot\u00e3o de alimenta\u00e7\u00e3o separada<\/li>\n<li>Fica em 2 p\u00e9s largos de a\u00e7o inoxid\u00e1vel<\/li>\n<li>Muito simples de usar<\/li>\n<li>F\u00e1cil de limpar<\/li>\n<li>N\u00e3o aquece o fondant<\/li>\n<li>Peso m\u00e1ximo de fondant: 80-210 gramas<\/li>\n<li>Di\u00e2metro m\u00e1ximo do fondant: 14-30 cm<\/li>\n<li>Di\u00e2metro \/ espessura ajust\u00e1veis: at\u00e9 4,0 mm<\/li>\n<li>Peso l\u00edquido: 18,0 kg<\/li>\n<li>Dimens\u00f5es: H430 x B480 x D335 mm<\/li>\n<li>230V \/ 50Hz \/ 250W 1fase<\/li>\n<\/ul>\n<p>Padr\u00e3o inclu\u00eddo:<\/p>\n<ul>\n<li>Pedaleira<\/li>\n<\/ul>\n","protected":false},"excerpt":{"rendered":"<p>Equipado com um rolo de pastel R\u00e1pido e f\u00e1cil de lan\u00e7ar Pino rolante com motor forte Unidade dur\u00e1vel e potente Equipado com 1 velocidade Caixa luxuosa totalmente em a\u00e7o inoxid\u00e1vel Bela capa de pl\u00e1stico transparente Com interruptor de seguran\u00e7a Ajust\u00e1vel com bot\u00e3o simples Bot\u00e3o de alimenta\u00e7\u00e3o separada Fica em 2 p\u00e9s largos de a\u00e7o inoxid\u00e1vel [&hellip;]<\/p>\n","protected":false},"featured_media":9404145,"comment_status":"open","ping_status":"closed","template":"","meta":[],"product_cat":[128],"product_tag":[],"class_list":["post-9404146","product","type-product","status-publish","has-post-thumbnail","hentry","product_cat-rolos-de-massa","product_shipping_class-pph"],"_links":{"self":[{"href":"https:\/\/tpohotelariaecasa.pt\/index.php\/wp-json\/wp\/v2\/product\/9404146"}],"collection":[{"href":"https:\/\/tpohotelariaecasa.pt\/index.php\/wp-json\/wp\/v2\/product"}],"about":[{"href":"https:\/\/tpohotelariaecasa.pt\/index.php\/wp-json\/wp\/v2\/types\/product"}],"replies":[{"embeddable":true,"href":"https:\/\/tpohotelariaecasa.pt\/index.php\/wp-json\/wp\/v2\/comments?post=9404146"}],"wp:featuredmedia":[{"embeddable":true,"href":"https:\/\/tpohotelariaecasa.pt\/index.php\/wp-json\/wp\/v2\/media\/9404145"}],"wp:attachment":[{"href":"https:\/\/tpohotelariaecasa.pt\/index.php\/wp-json\/wp\/v2\/media?parent=9404146"}],"wp:term":[{"taxonomy":"product_cat","embeddable":true,"href":"https:\/\/tpohotelariaecasa.pt\/index.php\/wp-json\/wp\/v2\/product_cat?post=9404146"},{"taxonomy":"product_tag","embeddable":true,"href":"https:\/\/tpohotelariaecasa.pt\/index.php\/wp-json\/wp\/v2\/product_tag?post=9404146"}],"curies":[{"name":"wp","href":"https:\/\/api.w.org\/{rel}","templated":true}]}}