{"id":9404214,"date":"2023-02-08T17:19:41","date_gmt":"2023-02-08T17:19:41","guid":{"rendered":"https:\/\/tpohotelariaecasa.pt\/index.php\/product\/premium-banho-maria-simples-eltrico\/"},"modified":"2025-04-03T09:09:38","modified_gmt":"2025-04-03T09:09:38","slug":"premium-banho-maria-simples-eltrico","status":"publish","type":"product","link":"https:\/\/tpohotelariaecasa.pt\/index.php\/product\/premium-banho-maria-simples-eltrico\/","title":{"rendered":"Premium Banho-Maria &#8211; Simples &#8211; El\u00e9trico"},"content":{"rendered":"<p><strong>Especifica\u00e7\u00f5es do produto<\/strong><\/p>\n<ul>\n<li>Peso l\u00edquido: 17,2kg<\/li>\n<li>Dimens\u00f5es da bacia: L33 x D63 x H17cm<\/li>\n<li>Dimens\u00f5es do dispositivo: L40 x D90 x H28cm<\/li>\n<li>Pot\u00eancia el\u00e9ctrica total: 1,0 kW<\/li>\n<li>Pot\u00eancia: 230V \/ 50Hz \/ 1 Fase 1000W<\/li>\n<\/ul>\n","protected":false},"excerpt":{"rendered":"<p>Especifica\u00e7\u00f5es do produto Peso l\u00edquido: 17,2kg Dimens\u00f5es da bacia: L33 x D63 x H17cm Dimens\u00f5es do dispositivo: L40 x D90 x H28cm Pot\u00eancia el\u00e9ctrica total: 1,0 kW Pot\u00eancia: 230V \/ 50Hz \/ 1 Fase 1000W<\/p>\n","protected":false},"featured_media":9404213,"comment_status":"open","ping_status":"closed","template":"","meta":[],"product_cat":[140,132,21],"product_tag":[],"class_list":["post-9404214","product","type-product","status-publish","has-post-thumbnail","hentry","product_cat-cozedura-aquecimento","product_cat-banho-maria","product_cat-restauracao","product_shipping_class-pph"],"_links":{"self":[{"href":"https:\/\/tpohotelariaecasa.pt\/index.php\/wp-json\/wp\/v2\/product\/9404214"}],"collection":[{"href":"https:\/\/tpohotelariaecasa.pt\/index.php\/wp-json\/wp\/v2\/product"}],"about":[{"href":"https:\/\/tpohotelariaecasa.pt\/index.php\/wp-json\/wp\/v2\/types\/product"}],"replies":[{"embeddable":true,"href":"https:\/\/tpohotelariaecasa.pt\/index.php\/wp-json\/wp\/v2\/comments?post=9404214"}],"wp:featuredmedia":[{"embeddable":true,"href":"https:\/\/tpohotelariaecasa.pt\/index.php\/wp-json\/wp\/v2\/media\/9404213"}],"wp:attachment":[{"href":"https:\/\/tpohotelariaecasa.pt\/index.php\/wp-json\/wp\/v2\/media?parent=9404214"}],"wp:term":[{"taxonomy":"product_cat","embeddable":true,"href":"https:\/\/tpohotelariaecasa.pt\/index.php\/wp-json\/wp\/v2\/product_cat?post=9404214"},{"taxonomy":"product_tag","embeddable":true,"href":"https:\/\/tpohotelariaecasa.pt\/index.php\/wp-json\/wp\/v2\/product_tag?post=9404214"}],"curies":[{"name":"wp","href":"https:\/\/api.w.org\/{rel}","templated":true}]}}