{"id":9413052,"date":"2023-03-09T11:14:58","date_gmt":"2023-03-09T11:14:58","guid":{"rendered":"https:\/\/tpohotelariaecasa.pt\/index.php\/product\/unidade-interior-whirlpool-fm09idu32\/"},"modified":"2025-01-29T12:08:58","modified_gmt":"2025-01-29T12:08:58","slug":"unidade-interior-whirlpool-fm09idu32","status":"publish","type":"product","link":"https:\/\/tpohotelariaecasa.pt\/index.php\/product\/unidade-interior-whirlpool-fm09idu32\/","title":{"rendered":"UNIDADE INTERIOR WHIRLPOOL &#8211; FM09IDU32"},"content":{"rendered":"<p>Capacidade de refrigera\u00e7\u00e3o (BTU\/hr &#8211; W): 8871 \/ 2600<br \/>\nCapacidade de aquecimento (BTU\/hr &#8211; W): 9554 \/ 2800<br \/>\nCapacidade de desumidifica\u00e7\u00e3o: 0,9lts\/h<br \/>\n\u00c1rea aprox. em m2 (refrigera\u00e7\u00e3o): 9~18<br \/>\nN\u00edvel de ru\u00eddo m\u00ednimo dB(A): 24<br \/>\nG\u00e1s refrigerante: R32<br \/>\nAltura m\u00e1x. tubo de instala\u00e7\u00e3o entre Un. Interior e Exterior (m): 5<br \/>\nModo noturno: 4 modos<br \/>\nFun\u00e7\u00e3o DIM<br \/>\nModo Silencioso<br \/>\nRefrigera\u00e7\u00e3o r\u00e1pida: Fun\u00e7\u00e3o super turbo \/ 4 entradas de ar<br \/>\nProte\u00e7\u00e3o contra frio em modo de aquecimento<br \/>\nAuto ajuste horizontal dos \u0093flaps\u0093<br \/>\nAjuste vertical manual dos \u0093flaps\u0093<br \/>\nVelocidade de ventiala\u00e7\u00e3o: 3 velocidades<br \/>\nS\u00f3 ventilador<br \/>\nFun\u00e7\u00e3o desumidifica\u00e7\u00e3o<br \/>\nFun\u00e7\u00e3o Around U<br \/>\nAuto limpeza: O ventilador funciona a uma velocidade m\u00e9dia durante 30 segs depois de se desligar<br \/>\nAuto reinicio<br \/>\nTemporizador: tempo real. Temporizador On&#038;Off<br \/>\nRel\u00f3gio em tempo real<br \/>\nInterruptor On &#038; Off<br \/>\nAuto descongela\u00e7\u00e3o<br \/>\nModo poupan\u00e7a de energia<br \/>\nManuten\u00e7\u00e3o f\u00e1cil<br \/>\nDimens\u00f5es (LxAxP): 905x210x270mm<\/p>\n","protected":false},"excerpt":{"rendered":"<p>Capacidade de refrigera\u00e7\u00e3o (BTU\/hr &#8211; W): 8871 \/ 2600 Capacidade de aquecimento (BTU\/hr &#8211; W): 9554 \/ 2800 Capacidade de desumidifica\u00e7\u00e3o: 0,9lts\/h \u00c1rea aprox. em m2 (refrigera\u00e7\u00e3o): 9~18 N\u00edvel de ru\u00eddo m\u00ednimo dB(A): 24 G\u00e1s refrigerante: R32 Altura m\u00e1x. tubo de instala\u00e7\u00e3o entre Un. Interior e Exterior (m): 5 Modo noturno: 4 modos Fun\u00e7\u00e3o DIM [&hellip;]<\/p>\n","protected":false},"featured_media":9413051,"comment_status":"open","ping_status":"closed","template":"","meta":[],"product_cat":[514],"product_tag":[],"class_list":["post-9413052","product","type-product","status-publish","has-post-thumbnail","hentry","product_cat-ar-condicionado","product_shipping_class-gpolg"],"_links":{"self":[{"href":"https:\/\/tpohotelariaecasa.pt\/index.php\/wp-json\/wp\/v2\/product\/9413052"}],"collection":[{"href":"https:\/\/tpohotelariaecasa.pt\/index.php\/wp-json\/wp\/v2\/product"}],"about":[{"href":"https:\/\/tpohotelariaecasa.pt\/index.php\/wp-json\/wp\/v2\/types\/product"}],"replies":[{"embeddable":true,"href":"https:\/\/tpohotelariaecasa.pt\/index.php\/wp-json\/wp\/v2\/comments?post=9413052"}],"wp:featuredmedia":[{"embeddable":true,"href":"https:\/\/tpohotelariaecasa.pt\/index.php\/wp-json\/wp\/v2\/media\/9413051"}],"wp:attachment":[{"href":"https:\/\/tpohotelariaecasa.pt\/index.php\/wp-json\/wp\/v2\/media?parent=9413052"}],"wp:term":[{"taxonomy":"product_cat","embeddable":true,"href":"https:\/\/tpohotelariaecasa.pt\/index.php\/wp-json\/wp\/v2\/product_cat?post=9413052"},{"taxonomy":"product_tag","embeddable":true,"href":"https:\/\/tpohotelariaecasa.pt\/index.php\/wp-json\/wp\/v2\/product_tag?post=9413052"}],"curies":[{"name":"wp","href":"https:\/\/api.w.org\/{rel}","templated":true}]}}