{"id":9413503,"date":"2023-03-09T11:23:49","date_gmt":"2023-03-09T11:23:49","guid":{"rendered":"https:\/\/tpohotelariaecasa.pt\/index.php\/product\/ar-condicionado-unidade-interior-lg-dc18rk\/"},"modified":"2025-01-29T12:09:46","modified_gmt":"2025-01-29T12:09:46","slug":"ar-condicionado-unidade-interior-lg-dc18rk","status":"publish","type":"product","link":"https:\/\/tpohotelariaecasa.pt\/index.php\/product\/ar-condicionado-unidade-interior-lg-dc18rk\/","title":{"rendered":"AR CONDICIONADO UNIDADE INTERIOR LG &#8211; DC18RK"},"content":{"rendered":"<p>G\u00e1s R32<br \/>\nTipo de equipamento: Mural<br \/>\nTipo de produto: Deluxe<br \/>\nTipo de Unidade: Multisplit<br \/>\nCapacidade de arrefecimento: 5kW<br \/>\nCapacidade de aquecimento: 5,8kW<br \/>\nDimens\u00f5es (LxAxP): 998x345x210mm<br \/>\nN\u00edvel de ru\u00eddo m\u00ednimo: 31dB(A)<br \/>\nDi\u00e2metro de tubagens (Liq.; G\u00e1s) [pol.] &#8211; [mm]: [1\/4;1\/2] &#8211; [6.35;12.7]<\/p>\n","protected":false},"excerpt":{"rendered":"<p>G\u00e1s R32 Tipo de equipamento: Mural Tipo de produto: Deluxe Tipo de Unidade: Multisplit Capacidade de arrefecimento: 5kW Capacidade de aquecimento: 5,8kW Dimens\u00f5es (LxAxP): 998x345x210mm N\u00edvel de ru\u00eddo m\u00ednimo: 31dB(A) Di\u00e2metro de tubagens (Liq.; G\u00e1s) [pol.] &#8211; [mm]: [1\/4;1\/2] &#8211; [6.35;12.7]<\/p>\n","protected":false},"featured_media":9413502,"comment_status":"open","ping_status":"closed","template":"","meta":[],"product_cat":[514],"product_tag":[],"class_list":["post-9413503","product","type-product","status-publish","has-post-thumbnail","hentry","product_cat-ar-condicionado","product_shipping_class-gpolg"],"_links":{"self":[{"href":"https:\/\/tpohotelariaecasa.pt\/index.php\/wp-json\/wp\/v2\/product\/9413503"}],"collection":[{"href":"https:\/\/tpohotelariaecasa.pt\/index.php\/wp-json\/wp\/v2\/product"}],"about":[{"href":"https:\/\/tpohotelariaecasa.pt\/index.php\/wp-json\/wp\/v2\/types\/product"}],"replies":[{"embeddable":true,"href":"https:\/\/tpohotelariaecasa.pt\/index.php\/wp-json\/wp\/v2\/comments?post=9413503"}],"wp:featuredmedia":[{"embeddable":true,"href":"https:\/\/tpohotelariaecasa.pt\/index.php\/wp-json\/wp\/v2\/media\/9413502"}],"wp:attachment":[{"href":"https:\/\/tpohotelariaecasa.pt\/index.php\/wp-json\/wp\/v2\/media?parent=9413503"}],"wp:term":[{"taxonomy":"product_cat","embeddable":true,"href":"https:\/\/tpohotelariaecasa.pt\/index.php\/wp-json\/wp\/v2\/product_cat?post=9413503"},{"taxonomy":"product_tag","embeddable":true,"href":"https:\/\/tpohotelariaecasa.pt\/index.php\/wp-json\/wp\/v2\/product_tag?post=9413503"}],"curies":[{"name":"wp","href":"https:\/\/api.w.org\/{rel}","templated":true}]}}