{"id":9416404,"date":"2023-03-09T12:09:42","date_gmt":"2023-03-09T12:09:42","guid":{"rendered":"https:\/\/tpohotelariaecasa.pt\/index.php\/product\/maquina-de-lavar-roupa-indesit-btw-s72200-sp-n\/"},"modified":"2025-01-29T12:09:40","modified_gmt":"2025-01-29T12:09:40","slug":"maquina-de-lavar-roupa-indesit-btw-s72200-sp-n","status":"publish","type":"product","link":"https:\/\/tpohotelariaecasa.pt\/index.php\/product\/maquina-de-lavar-roupa-indesit-btw-s72200-sp-n\/","title":{"rendered":"M\u00c1QUINA DE LAVAR ROUPA INDESIT &#8211; BTW S72200 SP\/N"},"content":{"rendered":"<p>M\u00e1quina de lavar roupa de carga superior<br \/>\nCapacidade de carga: 7 kg<br \/>\nPainel em portugu\u00eas e espanhol<br \/>\nVelocidade de centrifuga\u00e7\u00e3o: 1200 rpm<br \/>\nClasse energ\u00e9tica: E<br \/>\nTambor de 42 litros<br \/>\nDisplay Small Digit<br \/>\nSistema de balanceamento da carga<br \/>\nBot\u00e3o Turn&#038;Go<br \/>\nProgramas: Turn&#038;Go, Sint\u00e9ticos, Algod\u00e3o, Eco 40-60, 20\u00baC, Delicado 30\u00ba, Mix 45\u2019 e Eco Algod\u00e3o<br \/>\nOp\u00e7\u00f5es: In\u00edcio diferido, Lavagem intensiva, Extra enxaguamento, Centrifuga\u00e7\u00e3o, Energy Saver e Pr\u00e9-lavagem<br \/>\nDimens\u00f5es A 90 x L 40 x P 60 cm<\/p>\n","protected":false},"excerpt":{"rendered":"<p>M\u00e1quina de lavar roupa de carga superior Capacidade de carga: 7 kg Painel em portugu\u00eas e espanhol Velocidade de centrifuga\u00e7\u00e3o: 1200 rpm Classe energ\u00e9tica: E Tambor de 42 litros Display Small Digit Sistema de balanceamento da carga Bot\u00e3o Turn&#038;Go Programas: Turn&#038;Go, Sint\u00e9ticos, Algod\u00e3o, Eco 40-60, 20\u00baC, Delicado 30\u00ba, Mix 45\u2019 e Eco Algod\u00e3o Op\u00e7\u00f5es: In\u00edcio [&hellip;]<\/p>\n","protected":false},"featured_media":9416403,"comment_status":"open","ping_status":"closed","template":"","meta":[],"product_cat":[620],"product_tag":[],"class_list":["post-9416404","product","type-product","status-publish","has-post-thumbnail","hentry","product_cat-maquinas-de-lavar-roupa","product_shipping_class-gpolg"],"_links":{"self":[{"href":"https:\/\/tpohotelariaecasa.pt\/index.php\/wp-json\/wp\/v2\/product\/9416404"}],"collection":[{"href":"https:\/\/tpohotelariaecasa.pt\/index.php\/wp-json\/wp\/v2\/product"}],"about":[{"href":"https:\/\/tpohotelariaecasa.pt\/index.php\/wp-json\/wp\/v2\/types\/product"}],"replies":[{"embeddable":true,"href":"https:\/\/tpohotelariaecasa.pt\/index.php\/wp-json\/wp\/v2\/comments?post=9416404"}],"wp:featuredmedia":[{"embeddable":true,"href":"https:\/\/tpohotelariaecasa.pt\/index.php\/wp-json\/wp\/v2\/media\/9416403"}],"wp:attachment":[{"href":"https:\/\/tpohotelariaecasa.pt\/index.php\/wp-json\/wp\/v2\/media?parent=9416404"}],"wp:term":[{"taxonomy":"product_cat","embeddable":true,"href":"https:\/\/tpohotelariaecasa.pt\/index.php\/wp-json\/wp\/v2\/product_cat?post=9416404"},{"taxonomy":"product_tag","embeddable":true,"href":"https:\/\/tpohotelariaecasa.pt\/index.php\/wp-json\/wp\/v2\/product_tag?post=9416404"}],"curies":[{"name":"wp","href":"https:\/\/api.w.org\/{rel}","templated":true}]}}