{"id":9418171,"date":"2023-03-09T12:37:54","date_gmt":"2023-03-09T12:37:54","guid":{"rendered":"https:\/\/tpohotelariaecasa.pt\/index.php\/product\/lareira-eletrica-taurus-alpatec-toronto-p-2000w-935-046\/"},"modified":"2025-01-29T12:13:13","modified_gmt":"2025-01-29T12:13:13","slug":"lareira-eletrica-taurus-alpatec-toronto-p-2000w-935-046","status":"publish","type":"product","link":"https:\/\/tpohotelariaecasa.pt\/index.php\/product\/lareira-eletrica-taurus-alpatec-toronto-p-2000w-935-046\/","title":{"rendered":"LAREIRA EL\u00c9TRICA TAURUS\/ALPATEC TORONTO P 2000W &#8211; 935.046"},"content":{"rendered":"<p>Pot\u00eancia: 2000W<br \/>\nSeletor com display<br \/>\n2 posi\u00e7\u00f5es de calor<br \/>\n5 intensidades da chama<br \/>\nPrograma\u00e7\u00e3o di\u00e1ria e semanal<br \/>\nVidro de toque frio<br \/>\nControlo remoto<br \/>\nKit de suporte de parede inclu\u00eddo<br \/>\nDimens\u00f5es 66x52cm<br \/>\nPeso 11,7kgs<\/p>\n","protected":false},"excerpt":{"rendered":"<p>Pot\u00eancia: 2000W Seletor com display 2 posi\u00e7\u00f5es de calor 5 intensidades da chama Programa\u00e7\u00e3o di\u00e1ria e semanal Vidro de toque frio Controlo remoto Kit de suporte de parede inclu\u00eddo Dimens\u00f5es 66x52cm Peso 11,7kgs<\/p>\n","protected":false},"featured_media":9418170,"comment_status":"open","ping_status":"closed","template":"","meta":[],"product_cat":[516],"product_tag":[],"class_list":["post-9418171","product","type-product","status-publish","has-post-thumbnail","hentry","product_cat-portatil","product_shipping_class-gpolg"],"_links":{"self":[{"href":"https:\/\/tpohotelariaecasa.pt\/index.php\/wp-json\/wp\/v2\/product\/9418171"}],"collection":[{"href":"https:\/\/tpohotelariaecasa.pt\/index.php\/wp-json\/wp\/v2\/product"}],"about":[{"href":"https:\/\/tpohotelariaecasa.pt\/index.php\/wp-json\/wp\/v2\/types\/product"}],"replies":[{"embeddable":true,"href":"https:\/\/tpohotelariaecasa.pt\/index.php\/wp-json\/wp\/v2\/comments?post=9418171"}],"wp:featuredmedia":[{"embeddable":true,"href":"https:\/\/tpohotelariaecasa.pt\/index.php\/wp-json\/wp\/v2\/media\/9418170"}],"wp:attachment":[{"href":"https:\/\/tpohotelariaecasa.pt\/index.php\/wp-json\/wp\/v2\/media?parent=9418171"}],"wp:term":[{"taxonomy":"product_cat","embeddable":true,"href":"https:\/\/tpohotelariaecasa.pt\/index.php\/wp-json\/wp\/v2\/product_cat?post=9418171"},{"taxonomy":"product_tag","embeddable":true,"href":"https:\/\/tpohotelariaecasa.pt\/index.php\/wp-json\/wp\/v2\/product_tag?post=9418171"}],"curies":[{"name":"wp","href":"https:\/\/api.w.org\/{rel}","templated":true}]}}