{"id":9418538,"date":"2023-03-09T12:43:59","date_gmt":"2023-03-09T12:43:59","guid":{"rendered":"https:\/\/tpohotelariaecasa.pt\/index.php\/product\/aquecedor-a-oleo-taurus-alpatec-masai-1000-935-013\/"},"modified":"2025-01-29T12:11:02","modified_gmt":"2025-01-29T12:11:02","slug":"aquecedor-a-oleo-taurus-alpatec-masai-1000-935-013","status":"publish","type":"product","link":"https:\/\/tpohotelariaecasa.pt\/index.php\/product\/aquecedor-a-oleo-taurus-alpatec-masai-1000-935-013\/","title":{"rendered":"AQUECEDOR A \u00d3LEO TAURUS\/ALPATEC MASAI 1000 &#8211; 935.013"},"content":{"rendered":"<p>1000W<br \/>\n9 elementos<br \/>\nLargura do elemento: 100mm<br \/>\nTermostato regul\u00e1vel<br \/>\nInterruptor liga\/desliga<br \/>\nDesativa\u00e7\u00e3o autom\u00e1tica em caso de sobreaquecimento<br \/>\nPega de transporte<\/p>\n","protected":false},"excerpt":{"rendered":"<p>1000W 9 elementos Largura do elemento: 100mm Termostato regul\u00e1vel Interruptor liga\/desliga Desativa\u00e7\u00e3o autom\u00e1tica em caso de sobreaquecimento Pega de transporte<\/p>\n","protected":false},"featured_media":9418537,"comment_status":"open","ping_status":"closed","template":"","meta":[],"product_cat":[516],"product_tag":[],"class_list":["post-9418538","product","type-product","status-publish","has-post-thumbnail","hentry","product_cat-portatil"],"_links":{"self":[{"href":"https:\/\/tpohotelariaecasa.pt\/index.php\/wp-json\/wp\/v2\/product\/9418538"}],"collection":[{"href":"https:\/\/tpohotelariaecasa.pt\/index.php\/wp-json\/wp\/v2\/product"}],"about":[{"href":"https:\/\/tpohotelariaecasa.pt\/index.php\/wp-json\/wp\/v2\/types\/product"}],"replies":[{"embeddable":true,"href":"https:\/\/tpohotelariaecasa.pt\/index.php\/wp-json\/wp\/v2\/comments?post=9418538"}],"wp:featuredmedia":[{"embeddable":true,"href":"https:\/\/tpohotelariaecasa.pt\/index.php\/wp-json\/wp\/v2\/media\/9418537"}],"wp:attachment":[{"href":"https:\/\/tpohotelariaecasa.pt\/index.php\/wp-json\/wp\/v2\/media?parent=9418538"}],"wp:term":[{"taxonomy":"product_cat","embeddable":true,"href":"https:\/\/tpohotelariaecasa.pt\/index.php\/wp-json\/wp\/v2\/product_cat?post=9418538"},{"taxonomy":"product_tag","embeddable":true,"href":"https:\/\/tpohotelariaecasa.pt\/index.php\/wp-json\/wp\/v2\/product_tag?post=9418538"}],"curies":[{"name":"wp","href":"https:\/\/api.w.org\/{rel}","templated":true}]}}