{"id":9418564,"date":"2023-03-09T12:44:34","date_gmt":"2023-03-09T12:44:34","guid":{"rendered":"https:\/\/tpohotelariaecasa.pt\/index.php\/product\/termoventilador-taurus-alpatec-tropicano-mica-3d-1500-935-078\/"},"modified":"2025-01-29T12:11:47","modified_gmt":"2025-01-29T12:11:47","slug":"termoventilador-taurus-alpatec-tropicano-mica-3d-1500-935-078","status":"publish","type":"product","link":"https:\/\/tpohotelariaecasa.pt\/index.php\/product\/termoventilador-taurus-alpatec-tropicano-mica-3d-1500-935-078\/","title":{"rendered":"TERMOVENTILADOR TAURUS\/ALPATEC TROPICANO MICA 3D 1500 &#8211; 935.078"},"content":{"rendered":"<p>Pot\u00eancia: 1500W<br \/>\nTecnologia mica<br \/>\nAquecimento a partir de 3 lados<br \/>\nFuncionamento quase instant\u00e2neo<br \/>\nCalor seco<br \/>\nRodas para f\u00e1cil mobilidade<br \/>\nIndicador de funcionamento<br \/>\nRecolhe cabos<br \/>\nDimens\u00f5es: 45.5&#215;24.5x66cm<br \/>\nPara \u00e1reas at\u00e9 15m2<\/p>\n","protected":false},"excerpt":{"rendered":"<p>Pot\u00eancia: 1500W Tecnologia mica Aquecimento a partir de 3 lados Funcionamento quase instant\u00e2neo Calor seco Rodas para f\u00e1cil mobilidade Indicador de funcionamento Recolhe cabos Dimens\u00f5es: 45.5&#215;24.5x66cm Para \u00e1reas at\u00e9 15m2<\/p>\n","protected":false},"featured_media":9418563,"comment_status":"open","ping_status":"closed","template":"","meta":[],"product_cat":[516],"product_tag":[],"class_list":["post-9418564","product","type-product","status-publish","has-post-thumbnail","hentry","product_cat-portatil","product_shipping_class-gpolp"],"_links":{"self":[{"href":"https:\/\/tpohotelariaecasa.pt\/index.php\/wp-json\/wp\/v2\/product\/9418564"}],"collection":[{"href":"https:\/\/tpohotelariaecasa.pt\/index.php\/wp-json\/wp\/v2\/product"}],"about":[{"href":"https:\/\/tpohotelariaecasa.pt\/index.php\/wp-json\/wp\/v2\/types\/product"}],"replies":[{"embeddable":true,"href":"https:\/\/tpohotelariaecasa.pt\/index.php\/wp-json\/wp\/v2\/comments?post=9418564"}],"wp:featuredmedia":[{"embeddable":true,"href":"https:\/\/tpohotelariaecasa.pt\/index.php\/wp-json\/wp\/v2\/media\/9418563"}],"wp:attachment":[{"href":"https:\/\/tpohotelariaecasa.pt\/index.php\/wp-json\/wp\/v2\/media?parent=9418564"}],"wp:term":[{"taxonomy":"product_cat","embeddable":true,"href":"https:\/\/tpohotelariaecasa.pt\/index.php\/wp-json\/wp\/v2\/product_cat?post=9418564"},{"taxonomy":"product_tag","embeddable":true,"href":"https:\/\/tpohotelariaecasa.pt\/index.php\/wp-json\/wp\/v2\/product_tag?post=9418564"}],"curies":[{"name":"wp","href":"https:\/\/api.w.org\/{rel}","templated":true}]}}