{"id":9431862,"date":"2023-05-04T10:38:10","date_gmt":"2023-05-04T10:38:10","guid":{"rendered":"https:\/\/tpohotelariaecasa.pt\/?post_type=product&#038;p=9431862"},"modified":"2025-04-03T09:09:38","modified_gmt":"2025-04-03T09:09:38","slug":"vitrine-de-luxo-refrigerada-vitrine-de-pastelaria-125l","status":"publish","type":"product","link":"https:\/\/tpohotelariaecasa.pt\/index.php\/product\/vitrine-de-luxo-refrigerada-vitrine-de-pastelaria-125l\/","title":{"rendered":"Vitrine de luxo refrigerada \/ vitrine de pastelaria 125L"},"content":{"rendered":"<ul>\n<li>Vitrina de luxo refrigerada \/ Vitrina de pastelaria 125L<\/li>\n<li>Ideal para bolos, snacks e sandu\u00edches<\/li>\n<li>Portas deslizantes na frente e atr\u00e1s<\/li>\n<li>Janelas de vidro em 4 lados (vidro duplo)<\/li>\n<li>Equipado com 2 grelhas ajust\u00e1veis (cromadas)<\/li>\n<li>Sistema de arrefecimento com ventilador<\/li>\n<li>Ciclo de arrefecimento \u00fanico para reduzir o processo de forma\u00e7\u00e3o de gelo<\/li>\n<li>Ilumina\u00e7\u00e3o LED no interior<\/li>\n<li>Refrigerante R600a \/ CFC livre<\/li>\n<li>Controlador digital de temperatura<\/li>\n<li>Temperatura 0\u00b0 a + 12\u00b0 graus Celsius<\/li>\n<li>P\u00e9s ajust\u00e1veis<\/li>\n<li>Peso l\u00edquido: 54kg<\/li>\n<li>Dimens\u00f5es da prateleira: B81 x D37cm<\/li>\n<li>Dimens\u00f5es internas da unidade: B66,4 x D43,8 x H41cm<\/li>\n<li>Unidade de dimens\u00f5es exteriores: B71 x D56,8 x H68,6cm<\/li>\n<li>Pot\u00eancia: 230V \/ 50Hz \/ 1Fase 160W<\/li>\n<\/ul>\n","protected":false},"excerpt":{"rendered":"<p>Vitrina de luxo refrigerada \/ Vitrina de pastelaria 125L<br \/>\nIdeal para bolos, snacks e sandu\u00edches<br \/>\nPortas deslizantes na frente e atr\u00e1s<br \/>\nJanelas de vidro em 4 lados (vidro duplo)<br \/>\nEquipado com 2 grelhas ajust\u00e1veis (cromadas)<br \/>\nSistema de arrefecimento com ventilador<br \/>\nCiclo de arrefecimento \u00fanico para reduzir o processo de forma\u00e7\u00e3o de gelo<br \/>\nIlumina\u00e7\u00e3o LED no interior<br \/>\nRefrigerante R600a \/ CFC livre<br \/>\nControlador digital de temperatura<br \/>\nTemperatura 0\u00b0 a + 12\u00b0 graus Celsius<br \/>\nP\u00e9s ajust\u00e1veis<br \/>\nPeso l\u00edquido: 54kg<br \/>\nDimens\u00f5es da prateleira: B81 x D37cm<br \/>\nDimens\u00f5es internas da unidade: B66,4 x D43,8 x H41cm<br \/>\nUnidade de dimens\u00f5es exteriores: B71 x D56,8 x H68,6cm<br \/>\nPot\u00eancia: 230V \/ 50Hz \/ 1Fase 160W<\/p>\n","protected":false},"featured_media":9431863,"comment_status":"open","ping_status":"closed","template":"","meta":[],"product_cat":[81],"product_tag":[],"class_list":["post-9431862","product","type-product","status-publish","has-post-thumbnail","hentry","product_cat-vitrine-refrigerada","product_shipping_class-gph"],"_links":{"self":[{"href":"https:\/\/tpohotelariaecasa.pt\/index.php\/wp-json\/wp\/v2\/product\/9431862"}],"collection":[{"href":"https:\/\/tpohotelariaecasa.pt\/index.php\/wp-json\/wp\/v2\/product"}],"about":[{"href":"https:\/\/tpohotelariaecasa.pt\/index.php\/wp-json\/wp\/v2\/types\/product"}],"replies":[{"embeddable":true,"href":"https:\/\/tpohotelariaecasa.pt\/index.php\/wp-json\/wp\/v2\/comments?post=9431862"}],"wp:featuredmedia":[{"embeddable":true,"href":"https:\/\/tpohotelariaecasa.pt\/index.php\/wp-json\/wp\/v2\/media\/9431863"}],"wp:attachment":[{"href":"https:\/\/tpohotelariaecasa.pt\/index.php\/wp-json\/wp\/v2\/media?parent=9431862"}],"wp:term":[{"taxonomy":"product_cat","embeddable":true,"href":"https:\/\/tpohotelariaecasa.pt\/index.php\/wp-json\/wp\/v2\/product_cat?post=9431862"},{"taxonomy":"product_tag","embeddable":true,"href":"https:\/\/tpohotelariaecasa.pt\/index.php\/wp-json\/wp\/v2\/product_tag?post=9431862"}],"curies":[{"name":"wp","href":"https:\/\/api.w.org\/{rel}","templated":true}]}}