{"id":9450311,"date":"2024-01-16T11:31:43","date_gmt":"2024-01-16T11:31:43","guid":{"rendered":"https:\/\/tpohotelariaecasa.pt\/index.php\/product\/secador-dr35-17kg-gas-evolis-fr-inoxtamb-inox-rev\/"},"modified":"2025-03-26T14:42:07","modified_gmt":"2025-03-26T14:42:07","slug":"secador-dr35-17kg-gas-evolis-fr-inoxtamb-inox-rev","status":"publish","type":"product","link":"https:\/\/tpohotelariaecasa.pt\/index.php\/product\/secador-dr35-17kg-gas-evolis-fr-inoxtamb-inox-rev\/","title":{"rendered":"SECADOR DR35 17KG GAS EVOLIS FR INOX+TAMB INOX REV"},"content":{"rendered":"<p>Tambor em a\u00e7o inoxid\u00e1vel. Pa\u00ednel frontal em a\u00e7o inoxid\u00e1vel, laterais pintados em cinza. Grande abertura da porta (diam.68cm). Fluxo de ar axial. Microprocessador touch EVOLIS com ecr\u00e2 7 muito intuitivo e acesso a dados de desempenho atrav\u00e9s da nuvem. Dotado de 5 programas de secagem standard: allto, m\u00e9dio, baixo, delicado, ventila\u00e7\u00e3o. P possiblidade de modificar algums parametros no ciclo. Tecnologia de preven\u00e7\u00e3o overdry(OPT), reduz tempo de secagem, manuten\u00e7\u00e3o e prolonga a vida do equipamento. Adequado para lavandarias self-service. <\/p>\n","protected":false},"excerpt":{"rendered":"<p>Tambor em a\u00e7o inoxid\u00e1vel. Pa\u00ednel frontal em a\u00e7o inoxid\u00e1vel, laterais pintados em cinza. Grande abertura da porta (diam.68cm). Fluxo de ar axial. Microprocessador touch EVOLIS com ecr\u00e2 7 muito intuitivo e acesso a dados de desempenho atrav\u00e9s da nuvem. Dotado de 5 programas de secagem standard: allto, m\u00e9dio, baixo, delicado, ventila\u00e7\u00e3o. P possiblidade de modificar [&hellip;]<\/p>\n","protected":false},"featured_media":9450310,"comment_status":"open","ping_status":"closed","template":"","meta":[],"product_cat":[767],"product_tag":[],"class_list":["post-9450311","product","type-product","status-publish","has-post-thumbnail","hentry","product_cat-secador-industrial-dr","product_shipping_class-gph"],"_links":{"self":[{"href":"https:\/\/tpohotelariaecasa.pt\/index.php\/wp-json\/wp\/v2\/product\/9450311"}],"collection":[{"href":"https:\/\/tpohotelariaecasa.pt\/index.php\/wp-json\/wp\/v2\/product"}],"about":[{"href":"https:\/\/tpohotelariaecasa.pt\/index.php\/wp-json\/wp\/v2\/types\/product"}],"replies":[{"embeddable":true,"href":"https:\/\/tpohotelariaecasa.pt\/index.php\/wp-json\/wp\/v2\/comments?post=9450311"}],"wp:featuredmedia":[{"embeddable":true,"href":"https:\/\/tpohotelariaecasa.pt\/index.php\/wp-json\/wp\/v2\/media\/9450310"}],"wp:attachment":[{"href":"https:\/\/tpohotelariaecasa.pt\/index.php\/wp-json\/wp\/v2\/media?parent=9450311"}],"wp:term":[{"taxonomy":"product_cat","embeddable":true,"href":"https:\/\/tpohotelariaecasa.pt\/index.php\/wp-json\/wp\/v2\/product_cat?post=9450311"},{"taxonomy":"product_tag","embeddable":true,"href":"https:\/\/tpohotelariaecasa.pt\/index.php\/wp-json\/wp\/v2\/product_tag?post=9450311"}],"curies":[{"name":"wp","href":"https:\/\/api.w.org\/{rel}","templated":true}]}}