{"id":9450821,"date":"2024-01-16T11:40:41","date_gmt":"2024-01-16T11:40:41","guid":{"rendered":"https:\/\/tpohotelariaecasa.pt\/index.php\/product\/maq-selagem-maxishrink-w20-l-tamanho-medio\/"},"modified":"2025-03-26T14:42:01","modified_gmt":"2025-03-26T14:42:01","slug":"maq-selagem-maxishrink-w20-l-tamanho-medio","status":"publish","type":"product","link":"https:\/\/tpohotelariaecasa.pt\/index.php\/product\/maq-selagem-maxishrink-w20-l-tamanho-medio\/","title":{"rendered":"MAQ.SELAGEM MAXISHRINK W20-L (TAMANHO MEDIO)"},"content":{"rendered":"<p>A solu\u00e7\u00e3o ideal para produtos de m\u00e9dia dimens\u00e3o Pode ser combinado individualmente com uma variedade de t\u00faneis de retra\u00e7\u00e3o. Troca de rolos de filme sem complica\u00e7\u00f5es Baixo custo de investimento <\/p>\n","protected":false},"excerpt":{"rendered":"<p>A solu\u00e7\u00e3o ideal para produtos de m\u00e9dia dimens\u00e3o Pode ser combinado individualmente com uma variedade de t\u00faneis de retra\u00e7\u00e3o. Troca de rolos de filme sem complica\u00e7\u00f5es Baixo custo de investimento<\/p>\n","protected":false},"featured_media":9450820,"comment_status":"open","ping_status":"closed","template":"","meta":[],"product_cat":[765],"product_tag":[],"class_list":["post-9450821","product","type-product","status-publish","has-post-thumbnail","hentry","product_cat-maquina-industrial-textil-e-lavandaria","product_shipping_class-gph"],"_links":{"self":[{"href":"https:\/\/tpohotelariaecasa.pt\/index.php\/wp-json\/wp\/v2\/product\/9450821"}],"collection":[{"href":"https:\/\/tpohotelariaecasa.pt\/index.php\/wp-json\/wp\/v2\/product"}],"about":[{"href":"https:\/\/tpohotelariaecasa.pt\/index.php\/wp-json\/wp\/v2\/types\/product"}],"replies":[{"embeddable":true,"href":"https:\/\/tpohotelariaecasa.pt\/index.php\/wp-json\/wp\/v2\/comments?post=9450821"}],"wp:featuredmedia":[{"embeddable":true,"href":"https:\/\/tpohotelariaecasa.pt\/index.php\/wp-json\/wp\/v2\/media\/9450820"}],"wp:attachment":[{"href":"https:\/\/tpohotelariaecasa.pt\/index.php\/wp-json\/wp\/v2\/media?parent=9450821"}],"wp:term":[{"taxonomy":"product_cat","embeddable":true,"href":"https:\/\/tpohotelariaecasa.pt\/index.php\/wp-json\/wp\/v2\/product_cat?post=9450821"},{"taxonomy":"product_tag","embeddable":true,"href":"https:\/\/tpohotelariaecasa.pt\/index.php\/wp-json\/wp\/v2\/product_tag?post=9450821"}],"curies":[{"name":"wp","href":"https:\/\/api.w.org\/{rel}","templated":true}]}}