{"id":9451249,"date":"2024-03-26T18:45:03","date_gmt":"2024-03-26T18:45:03","guid":{"rendered":"https:\/\/tpohotelariaecasa.pt\/index.php\/product\/carro-ca1525-820x500x1580\/"},"modified":"2024-03-26T18:45:03","modified_gmt":"2024-03-26T18:45:03","slug":"carro-ca1525-820x500x1580","status":"publish","type":"product","link":"https:\/\/tpohotelariaecasa.pt\/index.php\/product\/carro-ca1525-820x500x1580\/","title":{"rendered":"CARRO CA1525 820X500X1580"},"content":{"rendered":"<p>Suportes de saco dobr\u00e1veis. Totalmente a\u00e7o inoxid\u00e1vel <\/p>\n","protected":false},"excerpt":{"rendered":"<p>Suportes de saco dobr\u00e1veis. Totalmente a\u00e7o inoxid\u00e1vel<\/p>\n","protected":false},"featured_media":9451248,"comment_status":"open","ping_status":"closed","template":"","meta":[],"product_cat":[753],"product_tag":[],"class_list":["post-9451249","product","type-product","status-publish","has-post-thumbnail","hentry","product_cat-carros-de-roupa-e-multiusos"],"_links":{"self":[{"href":"https:\/\/tpohotelariaecasa.pt\/index.php\/wp-json\/wp\/v2\/product\/9451249"}],"collection":[{"href":"https:\/\/tpohotelariaecasa.pt\/index.php\/wp-json\/wp\/v2\/product"}],"about":[{"href":"https:\/\/tpohotelariaecasa.pt\/index.php\/wp-json\/wp\/v2\/types\/product"}],"replies":[{"embeddable":true,"href":"https:\/\/tpohotelariaecasa.pt\/index.php\/wp-json\/wp\/v2\/comments?post=9451249"}],"wp:featuredmedia":[{"embeddable":true,"href":"https:\/\/tpohotelariaecasa.pt\/index.php\/wp-json\/wp\/v2\/media\/9451248"}],"wp:attachment":[{"href":"https:\/\/tpohotelariaecasa.pt\/index.php\/wp-json\/wp\/v2\/media?parent=9451249"}],"wp:term":[{"taxonomy":"product_cat","embeddable":true,"href":"https:\/\/tpohotelariaecasa.pt\/index.php\/wp-json\/wp\/v2\/product_cat?post=9451249"},{"taxonomy":"product_tag","embeddable":true,"href":"https:\/\/tpohotelariaecasa.pt\/index.php\/wp-json\/wp\/v2\/product_tag?post=9451249"}],"curies":[{"name":"wp","href":"https:\/\/api.w.org\/{rel}","templated":true}]}}