{"id":9451293,"date":"2024-03-27T11:38:25","date_gmt":"2024-03-27T11:38:25","guid":{"rendered":"https:\/\/tpohotelariaecasa.pt\/index.php\/product\/carro-porta-roupa-st4060-2100x530x1520\/"},"modified":"2025-03-26T14:42:15","modified_gmt":"2025-03-26T14:42:15","slug":"carro-porta-roupa-st4060-2100x530x1520","status":"publish","type":"product","link":"https:\/\/tpohotelariaecasa.pt\/index.php\/product\/carro-porta-roupa-st4060-2100x530x1520\/","title":{"rendered":"CARRO PORTA ROUPA ST4060 2100X530X1520"},"content":{"rendered":"<p>Carrinho de roupa. Moldura do chassi em tubo de a\u00e7o cromado. Haste extens\u00edvel cm 30 de cada lado. Rodas girat\u00f3rias. <\/p>\n","protected":false},"excerpt":{"rendered":"<p>Carrinho de roupa. Moldura do chassi em tubo de a\u00e7o cromado. Haste extens\u00edvel cm 30 de cada lado. Rodas girat\u00f3rias.<\/p>\n","protected":false},"featured_media":9451292,"comment_status":"open","ping_status":"closed","template":"","meta":[],"product_cat":[104],"product_tag":[],"class_list":["post-9451293","product","type-product","status-publish","has-post-thumbnail","hentry","product_cat-carros-de-servio","product_shipping_class-gph"],"_links":{"self":[{"href":"https:\/\/tpohotelariaecasa.pt\/index.php\/wp-json\/wp\/v2\/product\/9451293"}],"collection":[{"href":"https:\/\/tpohotelariaecasa.pt\/index.php\/wp-json\/wp\/v2\/product"}],"about":[{"href":"https:\/\/tpohotelariaecasa.pt\/index.php\/wp-json\/wp\/v2\/types\/product"}],"replies":[{"embeddable":true,"href":"https:\/\/tpohotelariaecasa.pt\/index.php\/wp-json\/wp\/v2\/comments?post=9451293"}],"wp:featuredmedia":[{"embeddable":true,"href":"https:\/\/tpohotelariaecasa.pt\/index.php\/wp-json\/wp\/v2\/media\/9451292"}],"wp:attachment":[{"href":"https:\/\/tpohotelariaecasa.pt\/index.php\/wp-json\/wp\/v2\/media?parent=9451293"}],"wp:term":[{"taxonomy":"product_cat","embeddable":true,"href":"https:\/\/tpohotelariaecasa.pt\/index.php\/wp-json\/wp\/v2\/product_cat?post=9451293"},{"taxonomy":"product_tag","embeddable":true,"href":"https:\/\/tpohotelariaecasa.pt\/index.php\/wp-json\/wp\/v2\/product_tag?post=9451293"}],"curies":[{"name":"wp","href":"https:\/\/api.w.org\/{rel}","templated":true}]}}