{"id":9451538,"date":"2024-04-09T15:00:49","date_gmt":"2024-04-09T15:00:49","guid":{"rendered":"https:\/\/tpohotelariaecasa.pt\/index.php\/product\/maquina-lavar-eletrica-ia180-18-20kg-490rpm\/"},"modified":"2025-03-26T14:42:15","modified_gmt":"2025-03-26T14:42:15","slug":"maquina-lavar-eletrica-ia180-18-20kg-490rpm","status":"publish","type":"product","link":"https:\/\/tpohotelariaecasa.pt\/index.php\/product\/maquina-lavar-eletrica-ia180-18-20kg-490rpm\/","title":{"rendered":"M\u00c1QUINA LAVAR EL\u00c9TRICA IA180 (18\/20KG) 490RPM"},"content":{"rendered":"<p>Montagem r\u00edgida, centrifuga\u00e7\u00e3o normal, factor 100 G Painel superior e frontal em a\u00e7o inoxid\u00e1vel, pain\u00e9is laterais pretos Tambor e cuba em a\u00e7o inoxid\u00e1vel Programador Aries &#8211; f\u00e1cil de utilizar Dispensador de detergente patenteado V\u00e1lvula de esgoto de grande di\u00e2metro (\u00d8 76mm) F\u00e1cil acesso a todas as partes importantes atrav\u00e9s da parte frontal da m\u00e1quina Porta com grande \u00e2ngulo de abertura para facilitar a acarga e descarga <\/p>\n","protected":false},"excerpt":{"rendered":"<p>Montagem r\u00edgida, centrifuga\u00e7\u00e3o normal, factor 100 G Painel superior e frontal em a\u00e7o inoxid\u00e1vel, pain\u00e9is laterais pretos Tambor e cuba em a\u00e7o inoxid\u00e1vel Programador Aries &#8211; f\u00e1cil de utilizar Dispensador de detergente patenteado V\u00e1lvula de esgoto de grande di\u00e2metro (\u00d8 76mm) F\u00e1cil acesso a todas as partes importantes atrav\u00e9s da parte frontal da m\u00e1quina Porta [&hellip;]<\/p>\n","protected":false},"featured_media":9451537,"comment_status":"open","ping_status":"closed","template":"","meta":[],"product_cat":[759],"product_tag":[],"class_list":["post-9451538","product","type-product","status-publish","has-post-thumbnail","hentry","product_cat-maquina-de-lavar-base-fixa-baixa-ia","product_shipping_class-gph"],"_links":{"self":[{"href":"https:\/\/tpohotelariaecasa.pt\/index.php\/wp-json\/wp\/v2\/product\/9451538"}],"collection":[{"href":"https:\/\/tpohotelariaecasa.pt\/index.php\/wp-json\/wp\/v2\/product"}],"about":[{"href":"https:\/\/tpohotelariaecasa.pt\/index.php\/wp-json\/wp\/v2\/types\/product"}],"replies":[{"embeddable":true,"href":"https:\/\/tpohotelariaecasa.pt\/index.php\/wp-json\/wp\/v2\/comments?post=9451538"}],"wp:featuredmedia":[{"embeddable":true,"href":"https:\/\/tpohotelariaecasa.pt\/index.php\/wp-json\/wp\/v2\/media\/9451537"}],"wp:attachment":[{"href":"https:\/\/tpohotelariaecasa.pt\/index.php\/wp-json\/wp\/v2\/media?parent=9451538"}],"wp:term":[{"taxonomy":"product_cat","embeddable":true,"href":"https:\/\/tpohotelariaecasa.pt\/index.php\/wp-json\/wp\/v2\/product_cat?post=9451538"},{"taxonomy":"product_tag","embeddable":true,"href":"https:\/\/tpohotelariaecasa.pt\/index.php\/wp-json\/wp\/v2\/product_tag?post=9451538"}],"curies":[{"name":"wp","href":"https:\/\/api.w.org\/{rel}","templated":true}]}}