{"id":9451712,"date":"2024-05-02T17:34:19","date_gmt":"2024-05-02T17:34:19","guid":{"rendered":"https:\/\/tpohotelariaecasa.pt\/index.php\/product\/maquina-lavar-roupa-candy-cstg-37-tmce-1-s\/"},"modified":"2025-01-29T12:09:54","modified_gmt":"2025-01-29T12:09:54","slug":"maquina-lavar-roupa-candy-cstg-37-tmce-1-s","status":"publish","type":"product","link":"https:\/\/tpohotelariaecasa.pt\/index.php\/product\/maquina-lavar-roupa-candy-cstg-37-tmce-1-s\/","title":{"rendered":"Maquina Lavar Roupa Candy CSTG-37-TMCE\/1-S"},"content":{"rendered":"<p>Capacidade: 7 kg<br \/>  Velocidade centrifuga\u00e7\u00e3o: 1300 rpm<br \/>  17 programas<br \/>  Technologia Smart Touch<br \/>  Mix Power System +<br \/>  Detetor de kg<br \/>  Motor Inverter<br \/>  Classe energ\u00e9tica: B<br \/>  Cor: Branco<br \/>  Dimens\u00f5es (AxLxP): 860x410x600 mm<\/p>\n","protected":false},"excerpt":{"rendered":"<p>Capacidade: 7 kg Velocidade centrifuga\u00e7\u00e3o: 1300 rpm 17 programas Technologia Smart Touch Mix Power System + Detetor de kg Motor Inverter Classe energ\u00e9tica: B Cor: Branco Dimens\u00f5es (AxLxP): 860x410x600 mm<\/p>\n","protected":false},"featured_media":9451711,"comment_status":"open","ping_status":"closed","template":"","meta":[],"product_cat":[620],"product_tag":[],"class_list":["post-9451712","product","type-product","status-publish","has-post-thumbnail","hentry","product_cat-maquinas-de-lavar-roupa"],"_links":{"self":[{"href":"https:\/\/tpohotelariaecasa.pt\/index.php\/wp-json\/wp\/v2\/product\/9451712"}],"collection":[{"href":"https:\/\/tpohotelariaecasa.pt\/index.php\/wp-json\/wp\/v2\/product"}],"about":[{"href":"https:\/\/tpohotelariaecasa.pt\/index.php\/wp-json\/wp\/v2\/types\/product"}],"replies":[{"embeddable":true,"href":"https:\/\/tpohotelariaecasa.pt\/index.php\/wp-json\/wp\/v2\/comments?post=9451712"}],"wp:featuredmedia":[{"embeddable":true,"href":"https:\/\/tpohotelariaecasa.pt\/index.php\/wp-json\/wp\/v2\/media\/9451711"}],"wp:attachment":[{"href":"https:\/\/tpohotelariaecasa.pt\/index.php\/wp-json\/wp\/v2\/media?parent=9451712"}],"wp:term":[{"taxonomy":"product_cat","embeddable":true,"href":"https:\/\/tpohotelariaecasa.pt\/index.php\/wp-json\/wp\/v2\/product_cat?post=9451712"},{"taxonomy":"product_tag","embeddable":true,"href":"https:\/\/tpohotelariaecasa.pt\/index.php\/wp-json\/wp\/v2\/product_tag?post=9451712"}],"curies":[{"name":"wp","href":"https:\/\/api.w.org\/{rel}","templated":true}]}}