{"id":9458724,"date":"2024-05-16T14:13:26","date_gmt":"2024-05-16T14:13:26","guid":{"rendered":"https:\/\/tpohotelariaecasa.pt\/index.php\/product\/premium-panela-bratt-130-l-90-cm-de-profundidade-eletrico-400v\/"},"modified":"2025-04-03T09:09:40","modified_gmt":"2025-04-03T09:09:40","slug":"premium-panela-bratt-130-l-90-cm-de-profundidade-eletrico-400v","status":"publish","type":"product","link":"https:\/\/tpohotelariaecasa.pt\/index.php\/product\/premium-panela-bratt-130-l-90-cm-de-profundidade-eletrico-400v\/","title":{"rendered":"Premium Panela Bratt &#8211; 130 l &#8211; 90 cm de Profundidade &#8211; El\u00e9trico &#8211; 400V"},"content":{"rendered":"<p><strong>Especifica\u00e7\u00f5es do produto<\/strong><\/p>\n<ul>\n<li>Peso l\u00edquido: 178kg<\/li>\n<li>Capacidade l\u00edquida: 130L<\/li>\n<li>Dimens\u00f5es da superf\u00edcie de cozedura: W110 x D53cm<\/li>\n<li>Dimens\u00f5es do dispositivo: W120 x D90 x H85m<\/li>\n<li>Pot\u00eancia el\u00e9ctrica total: 15,0 kW<\/li>\n<li>Pot\u00eancia: 400V \/ 50Hz \/ 3 fases 15000W<\/li>\n<\/ul>\n","protected":false},"excerpt":{"rendered":"<p>Com esta panela el\u00e9ctrica Bratt maravilhosamente executada, tem 130 litros de capacidade \u00e0 sua disposi\u00e7\u00e3o para assar, assar, cozinhar ou guisar rapidamente grandes quantidades de comida. Feito inteiramente de a\u00e7o inoxid\u00e1vel e equipado com uma panela basculante, \u00e9 f\u00e1cil de esvaziar e f\u00e1cil de limpar.<\/p>\n","protected":false},"featured_media":9458723,"comment_status":"open","ping_status":"closed","template":"","meta":[],"product_cat":[21,778],"product_tag":[],"class_list":["post-9458724","product","type-product","status-publish","has-post-thumbnail","hentry","product_cat-restauracao","product_cat-panelas-basculantes","product_shipping_class-gph"],"_links":{"self":[{"href":"https:\/\/tpohotelariaecasa.pt\/index.php\/wp-json\/wp\/v2\/product\/9458724"}],"collection":[{"href":"https:\/\/tpohotelariaecasa.pt\/index.php\/wp-json\/wp\/v2\/product"}],"about":[{"href":"https:\/\/tpohotelariaecasa.pt\/index.php\/wp-json\/wp\/v2\/types\/product"}],"replies":[{"embeddable":true,"href":"https:\/\/tpohotelariaecasa.pt\/index.php\/wp-json\/wp\/v2\/comments?post=9458724"}],"wp:featuredmedia":[{"embeddable":true,"href":"https:\/\/tpohotelariaecasa.pt\/index.php\/wp-json\/wp\/v2\/media\/9458723"}],"wp:attachment":[{"href":"https:\/\/tpohotelariaecasa.pt\/index.php\/wp-json\/wp\/v2\/media?parent=9458724"}],"wp:term":[{"taxonomy":"product_cat","embeddable":true,"href":"https:\/\/tpohotelariaecasa.pt\/index.php\/wp-json\/wp\/v2\/product_cat?post=9458724"},{"taxonomy":"product_tag","embeddable":true,"href":"https:\/\/tpohotelariaecasa.pt\/index.php\/wp-json\/wp\/v2\/product_tag?post=9458724"}],"curies":[{"name":"wp","href":"https:\/\/api.w.org\/{rel}","templated":true}]}}