{"id":9460851,"date":"2024-05-29T17:13:21","date_gmt":"2024-05-29T17:13:21","guid":{"rendered":"https:\/\/tpohotelariaecasa.pt\/index.php\/product\/carrinho-para-espremedores-de-laranja-para-maj-25-maj-25ss-maj-45-excl-balde-de-residuos-sobre-rodas\/"},"modified":"2025-04-03T09:09:45","modified_gmt":"2025-04-03T09:09:45","slug":"carrinho-para-espremedores-de-laranja-para-maj-25-maj-25ss-maj-45-excl-balde-de-residuos-sobre-rodas","status":"publish","type":"product","link":"https:\/\/tpohotelariaecasa.pt\/index.php\/product\/carrinho-para-espremedores-de-laranja-para-maj-25-maj-25ss-maj-45-excl-balde-de-residuos-sobre-rodas\/","title":{"rendered":"Carrinho para Espremedores de Laranja &#8211; para MAJ-25 \/ MAJ-25SS \/ MAJ-45 &#8211; excl. Balde de Res\u00edduos &#8211; Sobre Rodas"},"content":{"rendered":"<p><strong>Caracter\u00edsticas<\/strong><\/p>\n<ul>\n<li>Sobre rodas para facilitar o movimento<\/li>\n<li>Fabricado em a\u00e7o inoxid\u00e1vel e f\u00e1cil de limpar<\/li>\n<li>Inclui espa\u00e7o para um balde de recolha de res\u00edduos<\/li>\n<\/ul>\n<p><strong>Especifica\u00e7\u00f5es do produto<\/strong><\/p>\n<ul>\n<li>Dimens\u00f5es: L66 x D50,5 x H71cm<\/li>\n<\/ul>\n<p><em>N\u00e3o inclu\u00eddo<\/em><\/p>\n<ul>\n<li>Tubos de res\u00edduos (podem ser encomendados no website)<\/li>\n<li>Lixeira<\/li>\n<\/ul>\n","protected":false},"excerpt":{"rendered":"<p>Suporte de carrinho feito de a\u00e7o inoxid\u00e1vel para coloca\u00e7\u00e3o de espremedores MAJ-25, MAJ-25SS e MAJ-45. Inclui um grande balde para recolher todos os res\u00edduos produzidos ao espremer sumo de laranja fresco. consulte Mais informa\u00e7\u00e3o<\/p>\n","protected":false},"featured_media":9460850,"comment_status":"open","ping_status":"closed","template":"","meta":[],"product_cat":[65],"product_tag":[],"class_list":["post-9460851","product","type-product","status-publish","has-post-thumbnail","hentry","product_cat-espremedor-de-sumo","product_shipping_class-pph"],"_links":{"self":[{"href":"https:\/\/tpohotelariaecasa.pt\/index.php\/wp-json\/wp\/v2\/product\/9460851"}],"collection":[{"href":"https:\/\/tpohotelariaecasa.pt\/index.php\/wp-json\/wp\/v2\/product"}],"about":[{"href":"https:\/\/tpohotelariaecasa.pt\/index.php\/wp-json\/wp\/v2\/types\/product"}],"replies":[{"embeddable":true,"href":"https:\/\/tpohotelariaecasa.pt\/index.php\/wp-json\/wp\/v2\/comments?post=9460851"}],"wp:featuredmedia":[{"embeddable":true,"href":"https:\/\/tpohotelariaecasa.pt\/index.php\/wp-json\/wp\/v2\/media\/9460850"}],"wp:attachment":[{"href":"https:\/\/tpohotelariaecasa.pt\/index.php\/wp-json\/wp\/v2\/media?parent=9460851"}],"wp:term":[{"taxonomy":"product_cat","embeddable":true,"href":"https:\/\/tpohotelariaecasa.pt\/index.php\/wp-json\/wp\/v2\/product_cat?post=9460851"},{"taxonomy":"product_tag","embeddable":true,"href":"https:\/\/tpohotelariaecasa.pt\/index.php\/wp-json\/wp\/v2\/product_tag?post=9460851"}],"curies":[{"name":"wp","href":"https:\/\/api.w.org\/{rel}","templated":true}]}}