{"id":9460891,"date":"2024-05-29T17:13:44","date_gmt":"2024-05-29T17:13:44","guid":{"rendered":"https:\/\/tpohotelariaecasa.pt\/index.php\/product\/vitrine-refrigerada-235-l-52-cm\/"},"modified":"2025-04-03T09:09:59","modified_gmt":"2025-04-03T09:09:59","slug":"vitrine-refrigerada-235-l-52-cm","status":"publish","type":"product","link":"https:\/\/tpohotelariaecasa.pt\/index.php\/product\/vitrine-refrigerada-235-l-52-cm\/","title":{"rendered":"Vitrine Refrigerada &#8211; 235 l &#8211; 52 cm"},"content":{"rendered":"<ul>\n<li>Grande vitrina refrigerada 235L Preto<\/li>\n<li>A\u00e7o pintado com pl\u00e1stico<\/li>\n<li>Janelas de vidro em 4 lados (vidro duplo)<\/li>\n<li>Equipado com 4 grelhas revestidas<\/li>\n<li>Arrefecimento com ventilador<\/li>\n<li>Ciclo de arrefecimento \u00fanico para reduzir a forma\u00e7\u00e3o de gelo<\/li>\n<li>Luzes LED no interior<\/li>\n<li>Refrigerante R600a \/ CFC livre<\/li>\n<li>Controlador digital de temperatura Dixell<\/li>\n<li>Temperatura 0 \u00b0 a + 12 \u00b0 Celsius<\/li>\n<li>Com fechadura<\/li>\n<li>P\u00e9s fixos<\/li>\n<li>Peso l\u00edquido: 76kg<\/li>\n<li>Dimens\u00f5es da prateleira: L36 x D31cm<\/li>\n<li>Dimens\u00f5es internas do dispositivo: L50 x D41 x H125cm<\/li>\n<li>Dimens\u00f5es externas do dispositivo: W51,5 x D48,5 x H169cm<\/li>\n<li>Pot\u00eancia: 230V \/ 50Hz \/ 1Fase 250W<\/li>\n<\/ul>\n","protected":false},"excerpt":{"rendered":"<p>Com uma capacidade de 235 litros, esta robusta vitrina refrigerada de p\u00e9 \u00e9 ideal para a refrigera\u00e7\u00e3o e a apresenta\u00e7\u00e3o profissional dos produtos. consulte Mais informa\u00e7\u00e3o<\/p>\n","protected":false},"featured_media":9460890,"comment_status":"open","ping_status":"closed","template":"","meta":[],"product_cat":[81,138],"product_tag":[],"class_list":["post-9460891","product","type-product","status-publish","has-post-thumbnail","hentry","product_cat-vitrine-refrigerada","product_cat-frio-industrial","product_shipping_class-gph"],"_links":{"self":[{"href":"https:\/\/tpohotelariaecasa.pt\/index.php\/wp-json\/wp\/v2\/product\/9460891"}],"collection":[{"href":"https:\/\/tpohotelariaecasa.pt\/index.php\/wp-json\/wp\/v2\/product"}],"about":[{"href":"https:\/\/tpohotelariaecasa.pt\/index.php\/wp-json\/wp\/v2\/types\/product"}],"replies":[{"embeddable":true,"href":"https:\/\/tpohotelariaecasa.pt\/index.php\/wp-json\/wp\/v2\/comments?post=9460891"}],"wp:featuredmedia":[{"embeddable":true,"href":"https:\/\/tpohotelariaecasa.pt\/index.php\/wp-json\/wp\/v2\/media\/9460890"}],"wp:attachment":[{"href":"https:\/\/tpohotelariaecasa.pt\/index.php\/wp-json\/wp\/v2\/media?parent=9460891"}],"wp:term":[{"taxonomy":"product_cat","embeddable":true,"href":"https:\/\/tpohotelariaecasa.pt\/index.php\/wp-json\/wp\/v2\/product_cat?post=9460891"},{"taxonomy":"product_tag","embeddable":true,"href":"https:\/\/tpohotelariaecasa.pt\/index.php\/wp-json\/wp\/v2\/product_tag?post=9460891"}],"curies":[{"name":"wp","href":"https:\/\/api.w.org\/{rel}","templated":true}]}}