{"id":9460893,"date":"2024-05-29T17:13:45","date_gmt":"2024-05-29T17:13:45","guid":{"rendered":"https:\/\/tpohotelariaecasa.pt\/index.php\/product\/expositor-de-pastelaria-100-l-68-cm-porta-traseiras-de-correr\/"},"modified":"2025-04-03T09:09:59","modified_gmt":"2025-04-03T09:09:59","slug":"expositor-de-pastelaria-100-l-68-cm-porta-traseiras-de-correr","status":"publish","type":"product","link":"https:\/\/tpohotelariaecasa.pt\/index.php\/product\/expositor-de-pastelaria-100-l-68-cm-porta-traseiras-de-correr\/","title":{"rendered":"Expositor de Pastelaria &#8211; 100 l &#8211; 68 cm &#8211; Porta Traseiras de Correr"},"content":{"rendered":"<section id=\"description\">\n<div class=\"product-section-content\">\n<div class=\"product-description\">\n<ul>\n<li>Ideal para bolos, snacks e sandu\u00edches<\/li>\n<li>Vidro curvo na frente<\/li>\n<li>Portas deslizantes para a retaguarda<\/li>\n<li>Janelas de vidro em 4 lados<\/li>\n<li>2 prateleiras ajust\u00e1veis com revestimento<\/li>\n<li>Arrefecimento com ventilador<\/li>\n<li>Ciclo de arrefecimento \u00fanico para reduzir a forma\u00e7\u00e3o de gelo<\/li>\n<li>Ilumina\u00e7\u00e3o interior<\/li>\n<li>Refrigerante R600a \/ CFC livre<\/li>\n<li>P\u00e9s fixos Temperatura 0 \u00b0 a + 12 \u00b0 Celsius<\/li>\n<li>Peso l\u00edquido: 39kg<\/li>\n<li>Dimens\u00f5es da prateleira: W61 x D31cm<\/li>\n<li>Dimens\u00f5es internas do dispositivo: W65,4 x D37,5 x H39,7cm<\/li>\n<li>Dimens\u00f5es exteriores do dispositivo: L68,2 x D45 x H67cm<\/li>\n<li>Pot\u00eancia: 230V \/ 50Hz \/ 1Fase 160W<\/li>\n<\/ul>\n<\/div>\n<\/div>\n<\/section>\n<section id=\"product.section.pros-and-cons\"><\/section>\n","protected":false},"excerpt":{"rendered":"<p>Vitrina de pastelaria de design bonito com janela curva na frente e uma capacidade de 100 litros. A vitrina refrigerada perfeita para apresentar pastelaria, sandes e outros petiscos e para os manter arrefecidos \u00e0 temperatura certa. consulte Mais informa\u00e7\u00e3o<\/p>\n","protected":false},"featured_media":9460892,"comment_status":"open","ping_status":"closed","template":"","meta":[],"product_cat":[81],"product_tag":[],"class_list":["post-9460893","product","type-product","status-publish","has-post-thumbnail","hentry","product_cat-vitrine-refrigerada","product_shipping_class-gph"],"_links":{"self":[{"href":"https:\/\/tpohotelariaecasa.pt\/index.php\/wp-json\/wp\/v2\/product\/9460893"}],"collection":[{"href":"https:\/\/tpohotelariaecasa.pt\/index.php\/wp-json\/wp\/v2\/product"}],"about":[{"href":"https:\/\/tpohotelariaecasa.pt\/index.php\/wp-json\/wp\/v2\/types\/product"}],"replies":[{"embeddable":true,"href":"https:\/\/tpohotelariaecasa.pt\/index.php\/wp-json\/wp\/v2\/comments?post=9460893"}],"wp:featuredmedia":[{"embeddable":true,"href":"https:\/\/tpohotelariaecasa.pt\/index.php\/wp-json\/wp\/v2\/media\/9460892"}],"wp:attachment":[{"href":"https:\/\/tpohotelariaecasa.pt\/index.php\/wp-json\/wp\/v2\/media?parent=9460893"}],"wp:term":[{"taxonomy":"product_cat","embeddable":true,"href":"https:\/\/tpohotelariaecasa.pt\/index.php\/wp-json\/wp\/v2\/product_cat?post=9460893"},{"taxonomy":"product_tag","embeddable":true,"href":"https:\/\/tpohotelariaecasa.pt\/index.php\/wp-json\/wp\/v2\/product_tag?post=9460893"}],"curies":[{"name":"wp","href":"https:\/\/api.w.org\/{rel}","templated":true}]}}