{"id":9460895,"date":"2024-05-29T17:13:46","date_gmt":"2024-05-29T17:13:46","guid":{"rendered":"https:\/\/tpohotelariaecasa.pt\/index.php\/product\/expositor-de-pastelaria-160-l-88-cm-portas-traseiras-de-correr\/"},"modified":"2025-04-03T09:09:59","modified_gmt":"2025-04-03T09:09:59","slug":"expositor-de-pastelaria-160-l-88-cm-portas-traseiras-de-correr","status":"publish","type":"product","link":"https:\/\/tpohotelariaecasa.pt\/index.php\/product\/expositor-de-pastelaria-160-l-88-cm-portas-traseiras-de-correr\/","title":{"rendered":"Expositor de Pastelaria &#8211; 160 l &#8211; 88 cm &#8211; Portas Traseiras de Correr"},"content":{"rendered":"<p><strong>Caracter\u00edsticas<\/strong><\/p>\n<ul>\n<li>P\u00e9s ajust\u00e1veis<\/li>\n<li>Arrefecimento com ventoinha<\/li>\n<li>Luzes LED interiores<\/li>\n<li>Frente de vidro curvo<\/li>\n<li>Refrigerante R600a, sem CFC<\/li>\n<li>Duas prateleiras cromadas ajust\u00e1veis<\/li>\n<li>Gama de temperaturas de 0 a 12\u00b0C<\/li>\n<li>Controlador de temperatura digital Dixell<\/li>\n<li>Ideal para bolos, snacks e sandes<\/li>\n<li>Portas de correr na parte de tr\u00e1s para facilitar o acesso<\/li>\n<li>Janelas de vidro duplo em todos os lados<\/li>\n<li>Ciclo de arrefecimento especializado para reduzir a forma\u00e7\u00e3o de gelo<\/li>\n<\/ul>\n<p><strong>Especifica\u00e7\u00f5es do produto<\/strong><\/p>\n<ul>\n<li>Peso l\u00edquido: 66 kg<\/li>\n<li>Dimens\u00f5es internas: L83,4 x P44,8 x A41cm<\/li>\n<li>Dimens\u00f5es externas: L88 x P56,8 x A68,6cm<\/li>\n<li>Dimens\u00f5es das prateleiras: L81 x P37cm<\/li>\n<li>230V \/ 50Hz \/ 1 Fase 200W<\/li>\n<\/ul>\n","protected":false},"excerpt":{"rendered":"<p>Este frigor\u00edfico de exposi\u00e7\u00e3o refrigerado profissional tem um acabamento luxuoso com uma bonita janela curva. \u00c9 uma mais-valia em qualquer restaurante, hotel ou outra empresa de catering e pode ter a certeza de que os alimentos se manter\u00e3o frescos e refrigerados durante muito tempo. Tem uma grande capacidade, at\u00e9 160 litros, e inclui um controlo de temperatura digital f\u00e1cil de utilizar. consulte Mais informa\u00e7\u00e3o<\/p>\n","protected":false},"featured_media":9460894,"comment_status":"open","ping_status":"closed","template":"","meta":[],"product_cat":[81],"product_tag":[],"class_list":["post-9460895","product","type-product","status-publish","has-post-thumbnail","hentry","product_cat-vitrine-refrigerada","product_shipping_class-gph"],"_links":{"self":[{"href":"https:\/\/tpohotelariaecasa.pt\/index.php\/wp-json\/wp\/v2\/product\/9460895"}],"collection":[{"href":"https:\/\/tpohotelariaecasa.pt\/index.php\/wp-json\/wp\/v2\/product"}],"about":[{"href":"https:\/\/tpohotelariaecasa.pt\/index.php\/wp-json\/wp\/v2\/types\/product"}],"replies":[{"embeddable":true,"href":"https:\/\/tpohotelariaecasa.pt\/index.php\/wp-json\/wp\/v2\/comments?post=9460895"}],"wp:featuredmedia":[{"embeddable":true,"href":"https:\/\/tpohotelariaecasa.pt\/index.php\/wp-json\/wp\/v2\/media\/9460894"}],"wp:attachment":[{"href":"https:\/\/tpohotelariaecasa.pt\/index.php\/wp-json\/wp\/v2\/media?parent=9460895"}],"wp:term":[{"taxonomy":"product_cat","embeddable":true,"href":"https:\/\/tpohotelariaecasa.pt\/index.php\/wp-json\/wp\/v2\/product_cat?post=9460895"},{"taxonomy":"product_tag","embeddable":true,"href":"https:\/\/tpohotelariaecasa.pt\/index.php\/wp-json\/wp\/v2\/product_tag?post=9460895"}],"curies":[{"name":"wp","href":"https:\/\/api.w.org\/{rel}","templated":true}]}}