{"id":9460903,"date":"2024-05-29T17:13:51","date_gmt":"2024-05-29T17:13:51","guid":{"rendered":"https:\/\/tpohotelariaecasa.pt\/index.php\/product\/balcao-frigorifico-465-l-180-cm-3-portas\/"},"modified":"2025-04-03T09:09:58","modified_gmt":"2025-04-03T09:09:58","slug":"balcao-frigorifico-465-l-180-cm-3-portas","status":"publish","type":"product","link":"https:\/\/tpohotelariaecasa.pt\/index.php\/product\/balcao-frigorifico-465-l-180-cm-3-portas\/","title":{"rendered":"Balc\u00e3o Frigor\u00edfico &#8211; 465 l &#8211; 180 cm &#8211; 3 Portas"},"content":{"rendered":"<p><strong>Caracter\u00edsticas<\/strong><\/p>\n<ul>\n<li>Sistema de congela\u00e7\u00e3o potente \u00e0 direita<\/li>\n<li>Sistema de arrefecimento com ventoinha<\/li>\n<li>6 cm de isolamento protetor<\/li>\n<li>Controlo digital da temperatura (Dixell)<\/li>\n<li>Refrigerante R290, isento de CFC<\/li>\n<li>Interior e exterior em a\u00e7o inoxid\u00e1vel AISI 304<\/li>\n<li>Sistema de congela\u00e7\u00e3o potente \u00e0 direita<\/li>\n<\/ul>\n<p><strong>Especifica\u00e7\u00f5es do produto<\/strong><\/p>\n<ul>\n<li>Peso l\u00edquido: 121 kg<\/li>\n<li>Dimens\u00f5es internas: L123 x P58 x A58,9cm<\/li>\n<li>Dimens\u00f5es exteriores: L179,5 x P70 x A86cm<\/li>\n<li>Dist\u00e2ncia entre prateleiras: 12,4cm<\/li>\n<li>230V \/ 50Hz \/ 1 fase 350W<\/li>\n<\/ul>\n","protected":false},"excerpt":{"rendered":"<p>Este frigor\u00edfico de balc\u00e3o com acabamento luxuoso possui uma grande capacidade de 465 L, tornando-o mais do que adequado para utiliza\u00e7\u00e3o di\u00e1ria em cozinhas profissionais. Por detr\u00e1s das tr\u00eas portas robustas em a\u00e7o inoxid\u00e1vel encontram-se tr\u00eas prateleiras ajust\u00e1veis para que possa personalizar a sua disposi\u00e7\u00e3o. Gra\u00e7as ao controlador de temperatura digital, pode manter tudo arrefecido \u00e0 temperatura exacta que pretende. consulte Mais informa\u00e7\u00e3o<\/p>\n","protected":false},"featured_media":9460902,"comment_status":"open","ping_status":"closed","template":"","meta":[],"product_cat":[73],"product_tag":[],"class_list":["post-9460903","product","type-product","status-publish","has-post-thumbnail","hentry","product_cat-bancada-de-trabalho-refrigerada","product_shipping_class-gph"],"_links":{"self":[{"href":"https:\/\/tpohotelariaecasa.pt\/index.php\/wp-json\/wp\/v2\/product\/9460903"}],"collection":[{"href":"https:\/\/tpohotelariaecasa.pt\/index.php\/wp-json\/wp\/v2\/product"}],"about":[{"href":"https:\/\/tpohotelariaecasa.pt\/index.php\/wp-json\/wp\/v2\/types\/product"}],"replies":[{"embeddable":true,"href":"https:\/\/tpohotelariaecasa.pt\/index.php\/wp-json\/wp\/v2\/comments?post=9460903"}],"wp:featuredmedia":[{"embeddable":true,"href":"https:\/\/tpohotelariaecasa.pt\/index.php\/wp-json\/wp\/v2\/media\/9460902"}],"wp:attachment":[{"href":"https:\/\/tpohotelariaecasa.pt\/index.php\/wp-json\/wp\/v2\/media?parent=9460903"}],"wp:term":[{"taxonomy":"product_cat","embeddable":true,"href":"https:\/\/tpohotelariaecasa.pt\/index.php\/wp-json\/wp\/v2\/product_cat?post=9460903"},{"taxonomy":"product_tag","embeddable":true,"href":"https:\/\/tpohotelariaecasa.pt\/index.php\/wp-json\/wp\/v2\/product_tag?post=9460903"}],"curies":[{"name":"wp","href":"https:\/\/api.w.org\/{rel}","templated":true}]}}