{"id":9460913,"date":"2024-05-29T17:13:56","date_gmt":"2024-05-29T17:13:56","guid":{"rendered":"https:\/\/tpohotelariaecasa.pt\/index.php\/product\/expositor-de-sushi-e-tapas-52-l-incl-5-x-gn-1-3-modelo-de-mesa\/"},"modified":"2025-04-03T09:09:58","modified_gmt":"2025-04-03T09:09:58","slug":"expositor-de-sushi-e-tapas-52-l-incl-5-x-gn-1-3-modelo-de-mesa","status":"publish","type":"product","link":"https:\/\/tpohotelariaecasa.pt\/index.php\/product\/expositor-de-sushi-e-tapas-52-l-incl-5-x-gn-1-3-modelo-de-mesa\/","title":{"rendered":"Expositor de Sushi e Tapas &#8211; 52 l &#8211; incl. 5 x GN 1\/3 &#8211; Modelo de Mesa"},"content":{"rendered":"<ul>\n<li>Caixa e suportes em a\u00e7o inoxid\u00e1vel<\/li>\n<li>Luzes LED no interior<\/li>\n<li>Equipado com p\u00e9s ajust\u00e1veis<\/li>\n<li>Controlo digital da temperatura (DIXELL)<\/li>\n<li>Arrefecimento est\u00e1tico<\/li>\n<li>Evaporador de espuma<\/li>\n<li>Refrigerante R600a \/ sem CFC<\/li>\n<li>Temperatura 0 \u00b0 a + 12 \u00b0 Celsius<\/li>\n<li>Ciclo de arrefecimento \u00fanico para reduzir a forma\u00e7\u00e3o de gelo<\/li>\n<li>Sistema Anti-Condensa\u00e7\u00e3o<\/li>\n<li>Peso l\u00edquido: 38,5kg<\/li>\n<li>Dimens\u00f5es: W135,2 x D42 x H26,5cm<\/li>\n<li>Capacidade: 52L com 5 x 1\/3 GN<\/li>\n<li>Inclui: bandejas de 5 x 1\/3 GN H4cm<\/li>\n<li>230V\/50Hz\/1Fase 130W<\/li>\n<\/ul>\n","protected":false},"excerpt":{"rendered":"<p>Nesta vitrina de sushi, pode apresentar artigos mais pequenos e mant\u00ea-los \u00e0 temperatura certa. \u00c9 ideal para exibir sushi, tapas ou peixe. A vitrina tem uma capacidade de 52L e vidro curvo para dar um aspecto luxuoso. \u00c9 adequada para ser utilizada com tabuleiros GN. consulte Mais informa\u00e7\u00e3o<\/p>\n","protected":false},"featured_media":9460912,"comment_status":"open","ping_status":"closed","template":"","meta":[],"product_cat":[81],"product_tag":[],"class_list":["post-9460913","product","type-product","status-publish","has-post-thumbnail","hentry","product_cat-vitrine-refrigerada","product_shipping_class-gph"],"_links":{"self":[{"href":"https:\/\/tpohotelariaecasa.pt\/index.php\/wp-json\/wp\/v2\/product\/9460913"}],"collection":[{"href":"https:\/\/tpohotelariaecasa.pt\/index.php\/wp-json\/wp\/v2\/product"}],"about":[{"href":"https:\/\/tpohotelariaecasa.pt\/index.php\/wp-json\/wp\/v2\/types\/product"}],"replies":[{"embeddable":true,"href":"https:\/\/tpohotelariaecasa.pt\/index.php\/wp-json\/wp\/v2\/comments?post=9460913"}],"wp:featuredmedia":[{"embeddable":true,"href":"https:\/\/tpohotelariaecasa.pt\/index.php\/wp-json\/wp\/v2\/media\/9460912"}],"wp:attachment":[{"href":"https:\/\/tpohotelariaecasa.pt\/index.php\/wp-json\/wp\/v2\/media?parent=9460913"}],"wp:term":[{"taxonomy":"product_cat","embeddable":true,"href":"https:\/\/tpohotelariaecasa.pt\/index.php\/wp-json\/wp\/v2\/product_cat?post=9460913"},{"taxonomy":"product_tag","embeddable":true,"href":"https:\/\/tpohotelariaecasa.pt\/index.php\/wp-json\/wp\/v2\/product_tag?post=9460913"}],"curies":[{"name":"wp","href":"https:\/\/api.w.org\/{rel}","templated":true}]}}