{"id":9460991,"date":"2024-05-29T17:14:41","date_gmt":"2024-05-29T17:14:41","guid":{"rendered":"https:\/\/tpohotelariaecasa.pt\/index.php\/product\/maquina-de-descascar-batatas-15-kg-300-kg-h-temporizador-incorporado\/"},"modified":"2025-04-03T09:09:57","modified_gmt":"2025-04-03T09:09:57","slug":"maquina-de-descascar-batatas-15-kg-300-kg-h-temporizador-incorporado","status":"publish","type":"product","link":"https:\/\/tpohotelariaecasa.pt\/index.php\/product\/maquina-de-descascar-batatas-15-kg-300-kg-h-temporizador-incorporado\/","title":{"rendered":"M\u00e1quina de Descascar Batatas &#8211; 15 kg &#8211; 300 kg\/h &#8211; Temporizador Incorporado"},"content":{"rendered":"<ul>\n<li>Caixa, bandeja e pernas em a\u00e7o inoxid\u00e1vel<\/li>\n<li>A tampa superior \u00e9 transparente<\/li>\n<li>Tampa e bandeja f\u00e1ceis de remover<\/li>\n<li>Placa de descasque em a\u00e7o inoxid\u00e1vel robusta e resistente ao desgaste<\/li>\n<li>F\u00e1cil de remover a placa de descascar<\/li>\n<li>Parede raspadora de carborundum dur\u00e1vel<\/li>\n<li>Bot\u00e3o de arranque mec\u00e2nico e bot\u00e3o de paragem<\/li>\n<li>Equipado com bot\u00e3o temporizador girat\u00f3rio<\/li>\n<li>Bot\u00e3o especial para remover o produto<\/li>\n<li>Com liga\u00e7\u00e3o de \u00e1gua e mangueira de abastecimento<\/li>\n<li>Interruptor de seguran\u00e7a na tampa<\/li>\n<li>Interruptor de seguran\u00e7a na porta<\/li>\n<li>Um dreno para \u00e1gua e res\u00edduos<\/li>\n<li>Com cesto e filtro de a\u00e7o inoxid\u00e1vel<\/li>\n<li>De p\u00e9 sobre 4 pernas de a\u00e7o inoxid\u00e1vel com p\u00e9s de borracha<\/li>\n<li>F\u00e1cil de limpar<\/li>\n<li>Peso l\u00edquido: 58kg<\/li>\n<li>Capacidade de enchimento: 15kg<\/li>\n<li>Capacidade de descasque: 300kg por hora<\/li>\n<li>Velocidade: 2-3 minutos por ciclo<\/li>\n<li>Dimens\u00f5es: L41 x D55 x H106cm<\/li>\n<li>230V\/50Hz\/1Fase 750W<\/li>\n<\/ul>\n","protected":false},"excerpt":{"rendered":"<p>Esta bela e luxuosamente equipada m\u00e1quina de descascar ir\u00e1 poupar-lhe muito tempo. A m\u00e1quina de descascar tem uma capacidade de enchimento de 15kg e pode descascar at\u00e9 300kg de batatas ou cenouras por hora. Est\u00e1 tamb\u00e9m equipada com um temporizador com mostrador e uma tampa transparente. consulte Mais informa\u00e7\u00e3o<\/p>\n","protected":false},"featured_media":9460990,"comment_status":"open","ping_status":"closed","template":"","meta":[],"product_cat":[122],"product_tag":[],"class_list":["post-9460991","product","type-product","status-publish","has-post-thumbnail","hentry","product_cat-descascadores-de-batatas","product_shipping_class-gph"],"_links":{"self":[{"href":"https:\/\/tpohotelariaecasa.pt\/index.php\/wp-json\/wp\/v2\/product\/9460991"}],"collection":[{"href":"https:\/\/tpohotelariaecasa.pt\/index.php\/wp-json\/wp\/v2\/product"}],"about":[{"href":"https:\/\/tpohotelariaecasa.pt\/index.php\/wp-json\/wp\/v2\/types\/product"}],"replies":[{"embeddable":true,"href":"https:\/\/tpohotelariaecasa.pt\/index.php\/wp-json\/wp\/v2\/comments?post=9460991"}],"wp:featuredmedia":[{"embeddable":true,"href":"https:\/\/tpohotelariaecasa.pt\/index.php\/wp-json\/wp\/v2\/media\/9460990"}],"wp:attachment":[{"href":"https:\/\/tpohotelariaecasa.pt\/index.php\/wp-json\/wp\/v2\/media?parent=9460991"}],"wp:term":[{"taxonomy":"product_cat","embeddable":true,"href":"https:\/\/tpohotelariaecasa.pt\/index.php\/wp-json\/wp\/v2\/product_cat?post=9460991"},{"taxonomy":"product_tag","embeddable":true,"href":"https:\/\/tpohotelariaecasa.pt\/index.php\/wp-json\/wp\/v2\/product_tag?post=9460991"}],"curies":[{"name":"wp","href":"https:\/\/api.w.org\/{rel}","templated":true}]}}