{"id":9461025,"date":"2024-05-29T17:15:00","date_gmt":"2024-05-29T17:15:00","guid":{"rendered":"https:\/\/tpohotelariaecasa.pt\/index.php\/product\/expositor-de-alimentos-aquecido-25-l-55-cm-1-prateleira\/"},"modified":"2025-04-03T09:09:45","modified_gmt":"2025-04-03T09:09:45","slug":"expositor-de-alimentos-aquecido-25-l-55-cm-1-prateleira","status":"publish","type":"product","link":"https:\/\/tpohotelariaecasa.pt\/index.php\/product\/expositor-de-alimentos-aquecido-25-l-55-cm-1-prateleira\/","title":{"rendered":"Expositor de Alimentos Aquecido &#8211; 25 l &#8211; 55 cm &#8211; 1 Prateleira"},"content":{"rendered":"<ul>\n<li>Ecr\u00e3 quente profissional &#8211; 1 N\u00edveis &#8211; 55 cm &#8211; 25L<\/li>\n<li>Ideal para sandu\u00edches quentes, aperitivos e snacks<\/li>\n<li>Constru\u00e7\u00e3o em a\u00e7o inoxid\u00e1vel, acabamento cromado<\/li>\n<li>Bela janela de vidro curvado na frente<\/li>\n<li>Porta articulada na parte de tr\u00e1s<\/li>\n<li>Janelas de vidro em quatro lados<\/li>\n<li>Equipado com 1 cabo fixo (cromado)<\/li>\n<li>Poderoso elemento de aquecimento<\/li>\n<li>Distribui\u00e7\u00e3o eficiente de calor<\/li>\n<li>Equipado com reservat\u00f3rio para humidifica\u00e7\u00e3o<\/li>\n<li>Bot\u00e3o anal\u00f3gico para temperatura<\/li>\n<li>Temperatura infinitamente ajust\u00e1vel 30-90 C<\/li>\n<li>Com luz de controlo de temperatura<\/li>\n<li>F\u00e1cil de limpar<\/li>\n<li>Com pernas fixas<\/li>\n<li>Peso l\u00edquido: 12,4 kg<\/li>\n<li>Dimens\u00f5es interiores: W545 x D341 x H191 mm<\/li>\n<li>Dimens\u00f5es: W554 x D376 x H311 mm<\/li>\n<li>230V\/50Hz\/1Fase 800 Watt<\/li>\n<\/ul>\n","protected":false},"excerpt":{"rendered":"<p>Esta vitrina compacta de a\u00e7o inoxid\u00e1vel aquecido com capacidade de 25L e uma \u00fanica prateleira \u00e9 muito \u00fatil para apresentar e manter quente uma pequena quantidade de produtos cozinhados e snacks. A temperatura pode ser regulada entre 30 e 90\u00baC. Com uma largura de 55,4cm, esta vitrina cabe em qualquer balc\u00e3o ou mesa. consulte Mais informa\u00e7\u00e3o<\/p>\n","protected":false},"featured_media":9461024,"comment_status":"open","ping_status":"closed","template":"","meta":[],"product_cat":[137],"product_tag":[],"class_list":["post-9461025","product","type-product","status-publish","has-post-thumbnail","hentry","product_cat-vitrines-quente","product_shipping_class-pph"],"_links":{"self":[{"href":"https:\/\/tpohotelariaecasa.pt\/index.php\/wp-json\/wp\/v2\/product\/9461025"}],"collection":[{"href":"https:\/\/tpohotelariaecasa.pt\/index.php\/wp-json\/wp\/v2\/product"}],"about":[{"href":"https:\/\/tpohotelariaecasa.pt\/index.php\/wp-json\/wp\/v2\/types\/product"}],"replies":[{"embeddable":true,"href":"https:\/\/tpohotelariaecasa.pt\/index.php\/wp-json\/wp\/v2\/comments?post=9461025"}],"wp:featuredmedia":[{"embeddable":true,"href":"https:\/\/tpohotelariaecasa.pt\/index.php\/wp-json\/wp\/v2\/media\/9461024"}],"wp:attachment":[{"href":"https:\/\/tpohotelariaecasa.pt\/index.php\/wp-json\/wp\/v2\/media?parent=9461025"}],"wp:term":[{"taxonomy":"product_cat","embeddable":true,"href":"https:\/\/tpohotelariaecasa.pt\/index.php\/wp-json\/wp\/v2\/product_cat?post=9461025"},{"taxonomy":"product_tag","embeddable":true,"href":"https:\/\/tpohotelariaecasa.pt\/index.php\/wp-json\/wp\/v2\/product_tag?post=9461025"}],"curies":[{"name":"wp","href":"https:\/\/api.w.org\/{rel}","templated":true}]}}