{"id":9461027,"date":"2024-05-29T17:15:01","date_gmt":"2024-05-29T17:15:01","guid":{"rendered":"https:\/\/tpohotelariaecasa.pt\/index.php\/product\/espremedor-de-laranjas-automatico-8-kg-25-por-minuto-com-torneira\/"},"modified":"2025-04-03T09:09:55","modified_gmt":"2025-04-03T09:09:55","slug":"espremedor-de-laranjas-automatico-8-kg-25-por-minuto-com-torneira","status":"publish","type":"product","link":"https:\/\/tpohotelariaecasa.pt\/index.php\/product\/espremedor-de-laranjas-automatico-8-kg-25-por-minuto-com-torneira\/","title":{"rendered":"Espremedor de Laranjas Autom\u00e1tico &#8211; 8 kg &#8211; 25 Por Minuto &#8211; com Torneira"},"content":{"rendered":"<ul>\n<li>Fornecimento manual de laranjas<\/li>\n<li>Com sistema de torneira de auto-servi\u00e7o<\/li>\n<li>Motor robusto e sistema de suc\u00e7\u00e3o com engrenagens met\u00e1licas<\/li>\n<li>Caixa de a\u00e7o inoxid\u00e1vel, prateleira superior e caixotes<\/li>\n<li>Altura m\u00e1xima garrafa \/ vidro 15 cm<\/li>\n<li>Pe\u00e7as de prensa anticorrosiva<\/li>\n<li>Interruptores de seguran\u00e7a m\u00faltiplos<\/li>\n<li>Modelo de mesa muito robusto<\/li>\n<li>Peso l\u00edquido: 44kg<\/li>\n<li>Capacidade de carga: 8kg<\/li>\n<li>Capacidade da prensa: 20-25 laranjas por minuto<\/li>\n<li>Di\u00e2metro das laranjas: 6-8cm<\/li>\n<li>Dimens\u00f5es: B45 x D36 x H85cm<\/li>\n<li>230V\/50Hz\/1Fase 200W<\/li>\n<li>Op\u00e7\u00e3o: Carrinho de sumo de laranja W66 x D50,5 x H71cm<\/li>\n<\/ul>\n","protected":false},"excerpt":{"rendered":"<p>Este espremedor autom\u00e1tico \u00e9 ideal para ser utilizado como dispositivo de auto-servi\u00e7o porque vem com uma torneira conveniente. Este modelo robusto de mesa \u00e9 feito de a\u00e7o inoxid\u00e1vel e tem uma capacidade de carga de 8kg, permitindo espremer 25 laranjas por minuto. consulte Mais informa\u00e7\u00e3o<\/p>\n","protected":false},"featured_media":9461026,"comment_status":"open","ping_status":"closed","template":"","meta":[],"product_cat":[65],"product_tag":[],"class_list":["post-9461027","product","type-product","status-publish","has-post-thumbnail","hentry","product_cat-espremedor-de-sumo","product_shipping_class-gph"],"_links":{"self":[{"href":"https:\/\/tpohotelariaecasa.pt\/index.php\/wp-json\/wp\/v2\/product\/9461027"}],"collection":[{"href":"https:\/\/tpohotelariaecasa.pt\/index.php\/wp-json\/wp\/v2\/product"}],"about":[{"href":"https:\/\/tpohotelariaecasa.pt\/index.php\/wp-json\/wp\/v2\/types\/product"}],"replies":[{"embeddable":true,"href":"https:\/\/tpohotelariaecasa.pt\/index.php\/wp-json\/wp\/v2\/comments?post=9461027"}],"wp:featuredmedia":[{"embeddable":true,"href":"https:\/\/tpohotelariaecasa.pt\/index.php\/wp-json\/wp\/v2\/media\/9461026"}],"wp:attachment":[{"href":"https:\/\/tpohotelariaecasa.pt\/index.php\/wp-json\/wp\/v2\/media?parent=9461027"}],"wp:term":[{"taxonomy":"product_cat","embeddable":true,"href":"https:\/\/tpohotelariaecasa.pt\/index.php\/wp-json\/wp\/v2\/product_cat?post=9461027"},{"taxonomy":"product_tag","embeddable":true,"href":"https:\/\/tpohotelariaecasa.pt\/index.php\/wp-json\/wp\/v2\/product_tag?post=9461027"}],"curies":[{"name":"wp","href":"https:\/\/api.w.org\/{rel}","templated":true}]}}