{"id":9461047,"date":"2024-05-29T17:15:13","date_gmt":"2024-05-29T17:15:13","guid":{"rendered":"https:\/\/tpohotelariaecasa.pt\/index.php\/product\/congelador-de-vidro-funciona-sem-energia-todos-os-tamanhos-de-vidro\/"},"modified":"2025-04-03T09:09:53","modified_gmt":"2025-04-03T09:09:53","slug":"congelador-de-vidro-funciona-sem-energia-todos-os-tamanhos-de-vidro","status":"publish","type":"product","link":"https:\/\/tpohotelariaecasa.pt\/index.php\/product\/congelador-de-vidro-funciona-sem-energia-todos-os-tamanhos-de-vidro\/","title":{"rendered":"Congelador de Vidro &#8211; Funciona Sem Energia &#8211; Todos os Tamanhos de Vidro"},"content":{"rendered":"<ul>\n<li>Peso l\u00edquido: 2,8kg<\/li>\n<li>Dimens\u00f5es: B13 x D27 x H41cm<\/li>\n<\/ul>\n","protected":false},"excerpt":{"rendered":"<p>Com este congelador de vidro, pode apresentar com estilo os seus \u00f3culos. Adiciona uma camada de gelo ao copo para que este tenha um aspecto profissional e a bebida se mantenha fria, o que real\u00e7a o sabor. O congelador de vidro \u00e9 uma ajuda de cozinha ideal para o bar, restaurante ou caf\u00e9. consulte Mais informa\u00e7\u00e3o<\/p>\n","protected":false},"featured_media":9461046,"comment_status":"open","ping_status":"closed","template":"","meta":[],"product_cat":[75],"product_tag":[],"class_list":["post-9461047","product","type-product","status-publish","has-post-thumbnail","hentry","product_cat-congelador","product_shipping_class-pph"],"_links":{"self":[{"href":"https:\/\/tpohotelariaecasa.pt\/index.php\/wp-json\/wp\/v2\/product\/9461047"}],"collection":[{"href":"https:\/\/tpohotelariaecasa.pt\/index.php\/wp-json\/wp\/v2\/product"}],"about":[{"href":"https:\/\/tpohotelariaecasa.pt\/index.php\/wp-json\/wp\/v2\/types\/product"}],"replies":[{"embeddable":true,"href":"https:\/\/tpohotelariaecasa.pt\/index.php\/wp-json\/wp\/v2\/comments?post=9461047"}],"wp:featuredmedia":[{"embeddable":true,"href":"https:\/\/tpohotelariaecasa.pt\/index.php\/wp-json\/wp\/v2\/media\/9461046"}],"wp:attachment":[{"href":"https:\/\/tpohotelariaecasa.pt\/index.php\/wp-json\/wp\/v2\/media?parent=9461047"}],"wp:term":[{"taxonomy":"product_cat","embeddable":true,"href":"https:\/\/tpohotelariaecasa.pt\/index.php\/wp-json\/wp\/v2\/product_cat?post=9461047"},{"taxonomy":"product_tag","embeddable":true,"href":"https:\/\/tpohotelariaecasa.pt\/index.php\/wp-json\/wp\/v2\/product_tag?post=9461047"}],"curies":[{"name":"wp","href":"https:\/\/api.w.org\/{rel}","templated":true}]}}