{"id":9461059,"date":"2024-05-29T17:15:23","date_gmt":"2024-05-29T17:15:23","guid":{"rendered":"https:\/\/tpohotelariaecasa.pt\/index.php\/product\/microondas-1800w-20-programas-pratos-ate-o36-cm-2-prateleiras\/"},"modified":"2025-04-03T09:09:54","modified_gmt":"2025-04-03T09:09:54","slug":"microondas-1800w-20-programas-pratos-ate-o36-cm-2-prateleiras","status":"publish","type":"product","link":"https:\/\/tpohotelariaecasa.pt\/index.php\/product\/microondas-1800w-20-programas-pratos-ate-o36-cm-2-prateleiras\/","title":{"rendered":"Microondas &#8211; 1800W &#8211; 20 Programas &#8211; Pratos At\u00e9 \u00d836 cm &#8211; 2 Prateleiras"},"content":{"rendered":"<ul>\n<li>Microondas profissionais de &#8220;alta pot\u00eancia, alta capacidade&#8221;<\/li>\n<li>Adequado para uso industrial de cozinha e hotelaria<\/li>\n<li>Caixa e interior em a\u00e7o inoxid\u00e1vel<\/li>\n<li>Porta transparente sem fechadura, f\u00e1cil de abrir e fechar<\/li>\n<li>Interior com ilumina\u00e7\u00e3o<\/li>\n<li>Painel de controlo bem arranjado com temporizador digital<\/li>\n<li>Elementos de aquecimento na parte superior e inferior do micro-ondas<\/li>\n<li>Placa cer\u00e2mica no fundo para melhor distribui\u00e7\u00e3o de calor<\/li>\n<li>Possibilidade de colocar uma placa extra na m\u00e1quina e aquecer 2 placas ao mesmo tempo<\/li>\n<li>Tem 20 programas pr\u00e9-programados<\/li>\n<li>3 &#8220;n\u00edveis de pot\u00eancia&#8221; diferentes de &#8220;degelo&#8221;, &#8220;m\u00e9dio&#8221; e &#8220;alto&#8221;<\/li>\n<li>Descongelamento = 30% | M\u00e9dio = 80% | Alto = 100%<\/li>\n<li>Adequado para placas com um di\u00e2metro de 360 mm<\/li>\n<li>Tamb\u00e9m adequado para tabuleiros (de pl\u00e1stico) GN de 1\/2 GN e mais pequenos<\/li>\n<li>Peso l\u00edquido: 35kg<\/li>\n<li>Dimens\u00f5es da m\u00e1quina: B49 x D63,7 x H40,5cm<\/li>\n<li>Dimens\u00f5es da c\u00e2mara interior: B37,4 x D37,8 x H22,4cm<\/li>\n<li>Frequ\u00eancia Hz: 2450 MHz<\/li>\n<li>Pot\u00eancia de sa\u00edda: 900\/ 1800W<\/li>\n<li>230V\/50Hz\/1Fase 1400\/ 2800W<\/li>\n<\/ul>\n","protected":false},"excerpt":{"rendered":"<p>Este microondas de restaura\u00e7\u00e3o profissional \u00e9 vers\u00e1til, gra\u00e7as \u00e0 sua elevada capacidade de 1800W e aos v\u00e1rios programas dispon\u00edveis. O microondas tem uma capacidade de 30L e tem placas de cer\u00e2mica extra para duplicar a capacidade consulte Mais informa\u00e7\u00e3o<\/p>\n","protected":false},"featured_media":9461058,"comment_status":"open","ping_status":"closed","template":"","meta":[],"product_cat":[95],"product_tag":[],"class_list":["post-9461059","product","type-product","status-publish","has-post-thumbnail","hentry","product_cat-micro-ondas","product_shipping_class-gph"],"_links":{"self":[{"href":"https:\/\/tpohotelariaecasa.pt\/index.php\/wp-json\/wp\/v2\/product\/9461059"}],"collection":[{"href":"https:\/\/tpohotelariaecasa.pt\/index.php\/wp-json\/wp\/v2\/product"}],"about":[{"href":"https:\/\/tpohotelariaecasa.pt\/index.php\/wp-json\/wp\/v2\/types\/product"}],"replies":[{"embeddable":true,"href":"https:\/\/tpohotelariaecasa.pt\/index.php\/wp-json\/wp\/v2\/comments?post=9461059"}],"wp:featuredmedia":[{"embeddable":true,"href":"https:\/\/tpohotelariaecasa.pt\/index.php\/wp-json\/wp\/v2\/media\/9461058"}],"wp:attachment":[{"href":"https:\/\/tpohotelariaecasa.pt\/index.php\/wp-json\/wp\/v2\/media?parent=9461059"}],"wp:term":[{"taxonomy":"product_cat","embeddable":true,"href":"https:\/\/tpohotelariaecasa.pt\/index.php\/wp-json\/wp\/v2\/product_cat?post=9461059"},{"taxonomy":"product_tag","embeddable":true,"href":"https:\/\/tpohotelariaecasa.pt\/index.php\/wp-json\/wp\/v2\/product_tag?post=9461059"}],"curies":[{"name":"wp","href":"https:\/\/api.w.org\/{rel}","templated":true}]}}