{"id":9461073,"date":"2024-05-29T17:15:31","date_gmt":"2024-05-29T17:15:31","guid":{"rendered":"https:\/\/tpohotelariaecasa.pt\/index.php\/product\/lavadora-de-utensilios-60-x-76-cm-com-bomba-de-sabao-e-abrilhantador-400v\/"},"modified":"2025-04-03T09:09:54","modified_gmt":"2025-04-03T09:09:54","slug":"lavadora-de-utensilios-60-x-76-cm-com-bomba-de-sabao-e-abrilhantador-400v","status":"publish","type":"product","link":"https:\/\/tpohotelariaecasa.pt\/index.php\/product\/lavadora-de-utensilios-60-x-76-cm-com-bomba-de-sabao-e-abrilhantador-400v\/","title":{"rendered":"Lavadora de Utens\u00edlios &#8211; 60 x 76 cm &#8211; com Bomba de Sab\u00e3o e Abrilhantador &#8211; 400V"},"content":{"rendered":"<ul>\n<li>M\u00e1quina de lavar lou\u00e7a profissional<\/li>\n<li>Poderoso utens\u00edlio\/m\u00e1quina de lavar lou\u00e7a panela<\/li>\n<li>Desenho robusto com pega grande<\/li>\n<li>Constru\u00e7\u00e3o totalmente em a\u00e7o inoxid\u00e1vel AISI 304 e filtro de part\u00edculas de grandes dimens\u00f5es<\/li>\n<li>Desenho especial Bra\u00e7os de lavagem ABS e filtro de tanque<\/li>\n<li>3 programas de lavagem completos: 120, 360 e 480 segundos<\/li>\n<li>Arranque f\u00e1cil: Bot\u00e3o \u00fanico para enchimento e aquecimento de \u00e1gua no tanque da caldeira<\/li>\n<li>M\u00e1quina de lavar loi\u00e7a com n\u00edvel de ru\u00eddo &lt; 80 db<\/li>\n<li>O consumo de \u00e1gua por ciclo \u00e9 de 4,5 litros<\/li>\n<li>Temperatura de lavagem 60 \u00b0C<\/li>\n<li>Temperatura de enxaguamento 85 \u00b0C<\/li>\n<li>Com protec\u00e7\u00e3o t\u00e9rmica<\/li>\n<li>A m\u00e1quina \u00e9 protegida por IPX5<\/li>\n<li>Com v\u00e1lvula anti-retorno<\/li>\n<li>Incluindo bomba de enxaguamento<\/li>\n<li>Incluindo bomba de sab\u00e3o<\/li>\n<li>Bomba de drenagem exclusiva, curso de \u00e1gua de uma forma natural<\/li>\n<li>Peso l\u00edquido: 220kg<\/li>\n<li>Entrada de liga\u00e7\u00e3o de \u00e1gua: \u00d819 mm<\/li>\n<li>Dreno de liga\u00e7\u00e3o de \u00e1gua: \u00d819 mm<\/li>\n<li>Altura da porta: 80cm<\/li>\n<li>Prato de altura m\u00e1xima: 70cm<\/li>\n<li>Dimens\u00f5es abertas: L78 \u00d7 D95 x H240cm<\/li>\n<li>Elemento do tanque: 3,0kW<\/li>\n<li>Elemento da caldeira: 9,0kW<\/li>\n<li>Bomba de lavagem: 2,7kW<\/li>\n<li>Capacidade do tanque: 65L<\/li>\n<li>Capacidade da caldeira: 18L<\/li>\n<li>Consumo de \u00e1gua: 4,5L por ciclo<\/li>\n<li>Capacidade de lavagem: 30 cestos por hora<\/li>\n<li>400V\/50Hz\/3Fase 16700W<\/li>\n<\/ul>\n<p>Padr\u00e3o incluindo:<\/p>\n<ul>\n<li>2 Cestos (estrutura principal e interior) 60 x 76 cm<\/li>\n<li>1 Mangueira de abastecimento<\/li>\n<li>1 Mangueira de drenagem<\/li>\n<\/ul>\n","protected":false},"excerpt":{"rendered":"<p>Com esta m\u00e1quina de lavar utens\u00edlios profissional \u00e9 poss\u00edvel limpar grandes vasos e panelas que n\u00e3o cabem numa m\u00e1quina de lavar loi\u00e7a de tamanho normal. \u00c9 tamb\u00e9m adequado para grandes ta\u00e7as, recipientes GN, utens\u00edlios de cozinha e ferramentas de padaria ou talho. consulte Mais informa\u00e7\u00e3o<\/p>\n","protected":false},"featured_media":9461072,"comment_status":"open","ping_status":"closed","template":"","meta":[],"product_cat":[111],"product_tag":[],"class_list":["post-9461073","product","type-product","status-publish","has-post-thumbnail","hentry","product_cat-mquinas-de-lavar-loua","product_shipping_class-gph"],"_links":{"self":[{"href":"https:\/\/tpohotelariaecasa.pt\/index.php\/wp-json\/wp\/v2\/product\/9461073"}],"collection":[{"href":"https:\/\/tpohotelariaecasa.pt\/index.php\/wp-json\/wp\/v2\/product"}],"about":[{"href":"https:\/\/tpohotelariaecasa.pt\/index.php\/wp-json\/wp\/v2\/types\/product"}],"replies":[{"embeddable":true,"href":"https:\/\/tpohotelariaecasa.pt\/index.php\/wp-json\/wp\/v2\/comments?post=9461073"}],"wp:featuredmedia":[{"embeddable":true,"href":"https:\/\/tpohotelariaecasa.pt\/index.php\/wp-json\/wp\/v2\/media\/9461072"}],"wp:attachment":[{"href":"https:\/\/tpohotelariaecasa.pt\/index.php\/wp-json\/wp\/v2\/media?parent=9461073"}],"wp:term":[{"taxonomy":"product_cat","embeddable":true,"href":"https:\/\/tpohotelariaecasa.pt\/index.php\/wp-json\/wp\/v2\/product_cat?post=9461073"},{"taxonomy":"product_tag","embeddable":true,"href":"https:\/\/tpohotelariaecasa.pt\/index.php\/wp-json\/wp\/v2\/product_tag?post=9461073"}],"curies":[{"name":"wp","href":"https:\/\/api.w.org\/{rel}","templated":true}]}}