{"id":9461267,"date":"2024-05-29T17:17:25","date_gmt":"2024-05-29T17:17:25","guid":{"rendered":"https:\/\/tpohotelariaecasa.pt\/index.php\/product\/marmita-industrial-260-l-indirecta-gas\/"},"modified":"2025-04-03T09:09:49","modified_gmt":"2025-04-03T09:09:49","slug":"marmita-industrial-260-l-indirecta-gas","status":"publish","type":"product","link":"https:\/\/tpohotelariaecasa.pt\/index.php\/product\/marmita-industrial-260-l-indirecta-gas\/","title":{"rendered":"Marmita Industrial &#8211; 260 l &#8211; Indirecta &#8211; G\u00e1s"},"content":{"rendered":"<p><strong>Caracter\u00edsticas<\/strong><\/p>\n<ul>\n<li>Panela redonda em a\u00e7o inoxid\u00e1vel para uma limpeza r\u00e1pida<\/li>\n<li>Com isolamento extra em toda a caldeira para reduzir os custos de energia<\/li>\n<li>Queimadores microperfurados em a\u00e7o inoxid\u00e1vel com prote\u00e7\u00e3o contra chamas para maior seguran\u00e7a<\/li>\n<li>Sistema de aquecimento indireto com vapor saturado at\u00e9 110\u00b0C<\/li>\n<li>V\u00e1lvula de al\u00edvio de press\u00e3o evita a sobrepress\u00e3o<\/li>\n<li>Man\u00f3metro bem leg\u00edvel<\/li>\n<li>Regula\u00e7\u00e3o da energia atrav\u00e9s do bot\u00e3o de controlo<\/li>\n<li>Equipada com uma v\u00e1lvula de drenagem para facilitar a remo\u00e7\u00e3o dos alimentos<\/li>\n<li>Inclui v\u00e1lvula externa para a remo\u00e7\u00e3o do excesso de ar<\/li>\n<li>Inflama\u00e7\u00e3o piezoel\u00e9ctrica<\/li>\n<li>Adequado para GPL ou g\u00e1s natural<\/li>\n<li>Constru\u00e7\u00e3o duradoura<\/li>\n<li>Design higi\u00e9nico<\/li>\n<\/ul>\n<p><strong>Especifica\u00e7\u00f5es do produto<\/strong><\/p>\n<ul>\n<li>Peso l\u00edquido: 174,7 kg<\/li>\n<li>Capacidade l\u00edquida: 250L<\/li>\n<li>Dimens\u00f5es do aparelho: L100 x D110 x A85cm<\/li>\n<li>Pot\u00eancia total de g\u00e1s: 33,0 kW<\/li>\n<li>Injectores de g\u00e1s instalados: G25 &#8211; g\u00e1s natural<\/li>\n<li>Conjunto extra de injectores de g\u00e1s: G30 &#8211; GPL (propano \/ butano)<\/li>\n<\/ul>\n<div id=\"description\" class=\"data item content\" aria-labelledby=\"tab-label-description-title\" data-role=\"content\">\n<div class=\"item-content-inner\">\n<div class=\"product attribute description\">\n<div class=\"value\">\n<p><strong><em>Nota: O produto apresentado na imagem pode diferir ligeiramente do modelo real<\/em><\/strong><\/p>\n<\/div>\n<\/div>\n<\/div>\n<\/div>\n","protected":false},"excerpt":{"rendered":"<p>Este caldeir\u00e3o premium funciona a g\u00e1s e tem capacidade para 250 litros. \u00c9 ideal para preparar grandes quantidades de pratos. Gra\u00e7as \u00e0 tampa de parede dupla, o isolamento do caldeir\u00e3o reduz a perda de calor e energia, tornando-o muito eficiente em termos energ\u00e9ticos. \u00c9 tamb\u00e9m muito f\u00e1cil de utilizar e de limpar. consulte Mais informa\u00e7\u00e3o<\/p>\n","protected":false},"featured_media":9461266,"comment_status":"open","ping_status":"closed","template":"","meta":[],"product_cat":[140,778,84],"product_tag":[],"class_list":["post-9461267","product","type-product","status-publish","has-post-thumbnail","hentry","product_cat-cozedura-aquecimento","product_cat-panelas-basculantes","product_cat-fogoesepanelas","product_shipping_class-gph"],"_links":{"self":[{"href":"https:\/\/tpohotelariaecasa.pt\/index.php\/wp-json\/wp\/v2\/product\/9461267"}],"collection":[{"href":"https:\/\/tpohotelariaecasa.pt\/index.php\/wp-json\/wp\/v2\/product"}],"about":[{"href":"https:\/\/tpohotelariaecasa.pt\/index.php\/wp-json\/wp\/v2\/types\/product"}],"replies":[{"embeddable":true,"href":"https:\/\/tpohotelariaecasa.pt\/index.php\/wp-json\/wp\/v2\/comments?post=9461267"}],"wp:featuredmedia":[{"embeddable":true,"href":"https:\/\/tpohotelariaecasa.pt\/index.php\/wp-json\/wp\/v2\/media\/9461266"}],"wp:attachment":[{"href":"https:\/\/tpohotelariaecasa.pt\/index.php\/wp-json\/wp\/v2\/media?parent=9461267"}],"wp:term":[{"taxonomy":"product_cat","embeddable":true,"href":"https:\/\/tpohotelariaecasa.pt\/index.php\/wp-json\/wp\/v2\/product_cat?post=9461267"},{"taxonomy":"product_tag","embeddable":true,"href":"https:\/\/tpohotelariaecasa.pt\/index.php\/wp-json\/wp\/v2\/product_tag?post=9461267"}],"curies":[{"name":"wp","href":"https:\/\/api.w.org\/{rel}","templated":true}]}}