{"id":9461295,"date":"2024-05-29T17:17:40","date_gmt":"2024-05-29T17:17:40","guid":{"rendered":"https:\/\/tpohotelariaecasa.pt\/index.php\/product\/fritadeira-2-x-8-l-2-cestos-ate-28-kg-de-batatas-fritas\/"},"modified":"2025-04-03T09:09:48","modified_gmt":"2025-04-03T09:09:48","slug":"fritadeira-2-x-8-l-2-cestos-ate-28-kg-de-batatas-fritas","status":"publish","type":"product","link":"https:\/\/tpohotelariaecasa.pt\/index.php\/product\/fritadeira-2-x-8-l-2-cestos-ate-28-kg-de-batatas-fritas\/","title":{"rendered":"Fritadeira &#8211; 2 x 8 l &#8211; 2 Cestos &#8211; At\u00e9 2,8 kg de Batatas Fritas"},"content":{"rendered":"<p>Caracter\u00edsticas da fritadeira el\u00e9ctrica profunda 2 x 8L<\/p>\n<ul>\n<li>Fritadeira profunda de 2 x 8L<\/li>\n<li>Componentes para cargas pesadas<\/li>\n<li>Term\u00f3stato entre 50 \u00b0C e 200 \u00b0C<\/li>\n<li>Elementos de aquecimento separados<\/li>\n<li>Luz indicadora de temperatura<\/li>\n<li>Punho resistente ao calor<\/li>\n<li>Fica em 4 p\u00e9s de borracha<\/li>\n<li>Constru\u00e7\u00e3o muito dur\u00e1vel<\/li>\n<li>Desenho higi\u00e9nico<\/li>\n<li>Peso l\u00edquido: 11,5kg<\/li>\n<li>Dimens\u00f5es do cesto: W17,5 x D23 x H14cm<\/li>\n<li>Dimens\u00f5es da m\u00e1quina: W55,5 x D41,5 x H34cm<\/li>\n<li>Pot\u00eancia dos elementos de aquecimento 3,25 + 3,25kW<\/li>\n<li>Pot\u00eancia el\u00e9ctrica total: 6,5kW<\/li>\n<li>Capacidade de batatas fritas: 2 x 1,4kg<\/li>\n<li>Pot\u00eancia: 230V \/ 50Hz \/ 1Fase 2 x 3250W<\/li>\n<\/ul>\n","protected":false},"excerpt":{"rendered":"<p>Com esta fritadeira dupla com dois cestos de 8 litros, \u00e9 poss\u00edvel preparar o dobro de batatas fritas e aperitivos ao mesmo tempo. Gra\u00e7as ao term\u00f3stato de f\u00e1cil utiliza\u00e7\u00e3o, tamb\u00e9m se pode definir a temperatura de ambas as fritadeiras separadamente. consulte Mais informa\u00e7\u00e3o<\/p>\n","protected":false},"featured_media":9461294,"comment_status":"open","ping_status":"closed","template":"","meta":[],"product_cat":[793,788,21,89],"product_tag":[],"class_list":["post-9461295","product","type-product","status-publish","has-post-thumbnail","hentry","product_cat-fritadeiras-equipcafebar","product_cat-equipcafebar","product_cat-restauracao","product_cat-fritadeiras","product_shipping_class-pph"],"_links":{"self":[{"href":"https:\/\/tpohotelariaecasa.pt\/index.php\/wp-json\/wp\/v2\/product\/9461295"}],"collection":[{"href":"https:\/\/tpohotelariaecasa.pt\/index.php\/wp-json\/wp\/v2\/product"}],"about":[{"href":"https:\/\/tpohotelariaecasa.pt\/index.php\/wp-json\/wp\/v2\/types\/product"}],"replies":[{"embeddable":true,"href":"https:\/\/tpohotelariaecasa.pt\/index.php\/wp-json\/wp\/v2\/comments?post=9461295"}],"wp:featuredmedia":[{"embeddable":true,"href":"https:\/\/tpohotelariaecasa.pt\/index.php\/wp-json\/wp\/v2\/media\/9461294"}],"wp:attachment":[{"href":"https:\/\/tpohotelariaecasa.pt\/index.php\/wp-json\/wp\/v2\/media?parent=9461295"}],"wp:term":[{"taxonomy":"product_cat","embeddable":true,"href":"https:\/\/tpohotelariaecasa.pt\/index.php\/wp-json\/wp\/v2\/product_cat?post=9461295"},{"taxonomy":"product_tag","embeddable":true,"href":"https:\/\/tpohotelariaecasa.pt\/index.php\/wp-json\/wp\/v2\/product_tag?post=9461295"}],"curies":[{"name":"wp","href":"https:\/\/api.w.org\/{rel}","templated":true}]}}