{"id":9461305,"date":"2024-05-29T17:17:46","date_gmt":"2024-05-29T17:17:46","guid":{"rendered":"https:\/\/tpohotelariaecasa.pt\/index.php\/product\/premium-panela-bratt-130-l-90-cm-de-profundidade-gas\/"},"modified":"2025-04-03T09:09:48","modified_gmt":"2025-04-03T09:09:48","slug":"premium-panela-bratt-130-l-90-cm-de-profundidade-gas","status":"publish","type":"product","link":"https:\/\/tpohotelariaecasa.pt\/index.php\/product\/premium-panela-bratt-130-l-90-cm-de-profundidade-gas\/","title":{"rendered":"Premium Panela Bratt &#8211; 130 l &#8211; 90 cm de Profundidade &#8211; G\u00e1s"},"content":{"rendered":"<p><strong>Caracter\u00edsticas<\/strong><\/p>\n<ul>\n<li>fundo em a\u00e7o inoxid\u00e1vel com 8 mm de espessura<\/li>\n<li>Mecanismo de tampa articulada que permite abrir e fechar facilmente<\/li>\n<li>Queimadores em a\u00e7o inoxid\u00e1vel com prote\u00e7\u00e3o contra chamas<\/li>\n<li>Temperatura ajust\u00e1vel de 120-300\u00b0C<\/li>\n<li>Term\u00f3stato de seguran\u00e7a para evitar o sobreaquecimento da frigideira<\/li>\n<li>Igni\u00e7\u00e3o piezoel\u00e9ctrica e luzes indicadoras de temperatura no painel frontal<\/li>\n<li>Equipado com v\u00e1lvula solenoide para \u00e1gua fria ou quente<\/li>\n<\/ul>\n<p><strong>Especifica\u00e7\u00f5es do produto<\/strong><\/p>\n<ul>\n<li>Peso l\u00edquido: 186,7 kg<\/li>\n<li>Capacidade l\u00edquida: 110L<\/li>\n<li>Dimens\u00f5es da superf\u00edcie de cozedura: L110 x P53cm<\/li>\n<li>Dimens\u00f5es do aparelho: L120 x P90 x A85cm<\/li>\n<li>Pot\u00eancia total de g\u00e1s: 30,0 kW<\/li>\n<li>Injectores de g\u00e1s instalados: G25 &#8211; g\u00e1s natural<\/li>\n<li>Conjunto extra de injectores de g\u00e1s: G30 &#8211; GPL (propano \/ butano)<\/li>\n<\/ul>\n","protected":false},"excerpt":{"rendered":"<p>Com esta frigideira a g\u00e1s, ter\u00e1 sempre capacidade suficiente para cozer, assar, cozinhar ou estufar rapidamente grandes quantidades de refei\u00e7\u00f5es deliciosas. Foi totalmente fabricada em a\u00e7o inoxid\u00e1vel e est\u00e1 equipada com uma panela interior basculante para facilitar o esvaziamento e a limpeza. consulte Mais informa\u00e7\u00e3o<\/p>\n","protected":false},"featured_media":9461304,"comment_status":"open","ping_status":"closed","template":"","meta":[],"product_cat":[21,778],"product_tag":[],"class_list":["post-9461305","product","type-product","status-publish","has-post-thumbnail","hentry","product_cat-restauracao","product_cat-panelas-basculantes","product_shipping_class-gph"],"_links":{"self":[{"href":"https:\/\/tpohotelariaecasa.pt\/index.php\/wp-json\/wp\/v2\/product\/9461305"}],"collection":[{"href":"https:\/\/tpohotelariaecasa.pt\/index.php\/wp-json\/wp\/v2\/product"}],"about":[{"href":"https:\/\/tpohotelariaecasa.pt\/index.php\/wp-json\/wp\/v2\/types\/product"}],"replies":[{"embeddable":true,"href":"https:\/\/tpohotelariaecasa.pt\/index.php\/wp-json\/wp\/v2\/comments?post=9461305"}],"wp:featuredmedia":[{"embeddable":true,"href":"https:\/\/tpohotelariaecasa.pt\/index.php\/wp-json\/wp\/v2\/media\/9461304"}],"wp:attachment":[{"href":"https:\/\/tpohotelariaecasa.pt\/index.php\/wp-json\/wp\/v2\/media?parent=9461305"}],"wp:term":[{"taxonomy":"product_cat","embeddable":true,"href":"https:\/\/tpohotelariaecasa.pt\/index.php\/wp-json\/wp\/v2\/product_cat?post=9461305"},{"taxonomy":"product_tag","embeddable":true,"href":"https:\/\/tpohotelariaecasa.pt\/index.php\/wp-json\/wp\/v2\/product_tag?post=9461305"}],"curies":[{"name":"wp","href":"https:\/\/api.w.org\/{rel}","templated":true}]}}