{"id":9461321,"date":"2024-05-29T17:17:55","date_gmt":"2024-05-29T17:17:55","guid":{"rendered":"https:\/\/tpohotelariaecasa.pt\/index.php\/product\/premium-fogao-de-infravermelhos-4-queimadores-unidade-dupla-90-cm-de-profundidade-eletrico\/"},"modified":"2025-04-03T09:09:48","modified_gmt":"2025-04-03T09:09:48","slug":"premium-fogao-de-infravermelhos-4-queimadores-unidade-dupla-90-cm-de-profundidade-eletrico","status":"publish","type":"product","link":"https:\/\/tpohotelariaecasa.pt\/index.php\/product\/premium-fogao-de-infravermelhos-4-queimadores-unidade-dupla-90-cm-de-profundidade-eletrico\/","title":{"rendered":"Premium Fog\u00e3o de Infravermelhos &#8211; 4 Queimadores &#8211; Unidade Dupla &#8211; 90 cm de Profundidade &#8211; El\u00e9trico"},"content":{"rendered":"<p><strong>Especifica\u00e7\u00f5es do produto<\/strong><\/p>\n<ul>\n<li>Peso l\u00edquido: 37,8kg<\/li>\n<li>Dimens\u00f5es: L80 x D90 x H28cm<\/li>\n<li>Pot\u00eancia el\u00e9ctrica total: 12,0 kW<\/li>\n<li>400V \/ 50Hz \/ 3 fases 12000W<\/li>\n<li>Zonas de aquecimento com di\u00e2metro 21-30cm<\/li>\n<\/ul>\n<p><strong>Este produto \u00e9 fornecido sem ficha.<\/strong><\/p>\n","protected":false},"excerpt":{"rendered":"<p>Este fog\u00e3o de infravermelhos premium tem quatro queimadores e um design elegante, mas s\u00f3lido. \u00c9 feito de vidro cer\u00e2mico de 6mm de espessura numa caixa de a\u00e7o inoxid\u00e1vel, o que o torna adequado para uso intensivo di\u00e1rio. Qualquer cozinha de restaura\u00e7\u00e3o pode contar com este aparelho robusto e de qualidade superior. consulte Mais informa\u00e7\u00e3o<\/p>\n","protected":false},"featured_media":9461320,"comment_status":"open","ping_status":"closed","template":"","meta":[],"product_cat":[140,84],"product_tag":[],"class_list":["post-9461321","product","type-product","status-publish","has-post-thumbnail","hentry","product_cat-cozedura-aquecimento","product_cat-fogoesepanelas","product_shipping_class-gph"],"_links":{"self":[{"href":"https:\/\/tpohotelariaecasa.pt\/index.php\/wp-json\/wp\/v2\/product\/9461321"}],"collection":[{"href":"https:\/\/tpohotelariaecasa.pt\/index.php\/wp-json\/wp\/v2\/product"}],"about":[{"href":"https:\/\/tpohotelariaecasa.pt\/index.php\/wp-json\/wp\/v2\/types\/product"}],"replies":[{"embeddable":true,"href":"https:\/\/tpohotelariaecasa.pt\/index.php\/wp-json\/wp\/v2\/comments?post=9461321"}],"wp:featuredmedia":[{"embeddable":true,"href":"https:\/\/tpohotelariaecasa.pt\/index.php\/wp-json\/wp\/v2\/media\/9461320"}],"wp:attachment":[{"href":"https:\/\/tpohotelariaecasa.pt\/index.php\/wp-json\/wp\/v2\/media?parent=9461321"}],"wp:term":[{"taxonomy":"product_cat","embeddable":true,"href":"https:\/\/tpohotelariaecasa.pt\/index.php\/wp-json\/wp\/v2\/product_cat?post=9461321"},{"taxonomy":"product_tag","embeddable":true,"href":"https:\/\/tpohotelariaecasa.pt\/index.php\/wp-json\/wp\/v2\/product_tag?post=9461321"}],"curies":[{"name":"wp","href":"https:\/\/api.w.org\/{rel}","templated":true}]}}