{"id":9461377,"date":"2024-05-29T17:18:27","date_gmt":"2024-05-29T17:18:27","guid":{"rendered":"https:\/\/tpohotelariaecasa.pt\/index.php\/product\/premium-banho-maria-unidade-dupla-90-cm-de-profundidade-gas\/"},"modified":"2025-04-03T09:09:46","modified_gmt":"2025-04-03T09:09:46","slug":"premium-banho-maria-unidade-dupla-90-cm-de-profundidade-gas","status":"publish","type":"product","link":"https:\/\/tpohotelariaecasa.pt\/index.php\/product\/premium-banho-maria-unidade-dupla-90-cm-de-profundidade-gas\/","title":{"rendered":"Premium Banho-Maria &#8211; Unidade Dupla &#8211; 90 cm de Profundidade &#8211; G\u00e1s"},"content":{"rendered":"<p><strong>Caracter\u00edsticas<\/strong><\/p>\n<ul>\n<li>Igni\u00e7\u00e3o el\u00e9ctrica Piezo<\/li>\n<li>Bacia de \u00e1gua monobloco totalmente estanque<\/li>\n<li>Equipado com luz piloto<\/li>\n<li>V\u00e1lvula de seguran\u00e7a para g\u00e1s com termopar<\/li>\n<li>Drenagem f\u00e1cil e r\u00e1pida por v\u00e1lvula de \u00e1gua rotativa<\/li>\n<li>Queimador em a\u00e7o inoxid\u00e1vel sob o reservat\u00f3rio de \u00e1gua<\/li>\n<\/ul>\n<p><strong>Caracter\u00edsticas do produto<\/strong><\/p>\n<ul>\n<li>Peso l\u00edquido: 34 kg<\/li>\n<li>Dimens\u00f5es da bacia: L66 x P63 x A17cm<\/li>\n<li>Dimens\u00f5es do aparelho: L80 x P90 x A28cm<\/li>\n<li>Pot\u00eancia total de g\u00e1s: 2,0 kW<\/li>\n<li>Injectores de g\u00e1s instalados: G25 &#8211; g\u00e1s natural<\/li>\n<li>Conjunto extra de injectores de g\u00e1s: G30 &#8211; GPL (propano \/ butano)<\/li>\n<\/ul>\n","protected":false},"excerpt":{"rendered":"<p>Com este banho-maria de qualidade superior pode cozinhar e reaquecer alimentos. Tamb\u00e9m funciona bem para os manter aquecidos quando est\u00e3o prontos. Este banho-maria duplo funciona a g\u00e1s e \u00e9 ideal para utiliza\u00e7\u00e3o em cozinhas profissionais. \u00c9 adequado para uma combina\u00e7\u00e3o de recipientes 2 x 1\/2 e 2 x 2\/3 GN com 15 cm de altura. consulte Mais informa\u00e7\u00e3o<\/p>\n","protected":false},"featured_media":9461376,"comment_status":"open","ping_status":"closed","template":"","meta":[],"product_cat":[140,132,21],"product_tag":[],"class_list":["post-9461377","product","type-product","status-publish","has-post-thumbnail","hentry","product_cat-cozedura-aquecimento","product_cat-banho-maria","product_cat-restauracao","product_shipping_class-gph"],"_links":{"self":[{"href":"https:\/\/tpohotelariaecasa.pt\/index.php\/wp-json\/wp\/v2\/product\/9461377"}],"collection":[{"href":"https:\/\/tpohotelariaecasa.pt\/index.php\/wp-json\/wp\/v2\/product"}],"about":[{"href":"https:\/\/tpohotelariaecasa.pt\/index.php\/wp-json\/wp\/v2\/types\/product"}],"replies":[{"embeddable":true,"href":"https:\/\/tpohotelariaecasa.pt\/index.php\/wp-json\/wp\/v2\/comments?post=9461377"}],"wp:featuredmedia":[{"embeddable":true,"href":"https:\/\/tpohotelariaecasa.pt\/index.php\/wp-json\/wp\/v2\/media\/9461376"}],"wp:attachment":[{"href":"https:\/\/tpohotelariaecasa.pt\/index.php\/wp-json\/wp\/v2\/media?parent=9461377"}],"wp:term":[{"taxonomy":"product_cat","embeddable":true,"href":"https:\/\/tpohotelariaecasa.pt\/index.php\/wp-json\/wp\/v2\/product_cat?post=9461377"},{"taxonomy":"product_tag","embeddable":true,"href":"https:\/\/tpohotelariaecasa.pt\/index.php\/wp-json\/wp\/v2\/product_tag?post=9461377"}],"curies":[{"name":"wp","href":"https:\/\/api.w.org\/{rel}","templated":true}]}}