{"id":9461395,"date":"2024-05-29T17:18:37","date_gmt":"2024-05-29T17:18:37","guid":{"rendered":"https:\/\/tpohotelariaecasa.pt\/index.php\/product\/premium-placa-de-grelhar-ranhurado-unidade-dupla-90-cm-de-profundidade-gas\/"},"modified":"2025-04-03T09:09:46","modified_gmt":"2025-04-03T09:09:46","slug":"premium-placa-de-grelhar-ranhurado-unidade-dupla-90-cm-de-profundidade-gas","status":"publish","type":"product","link":"https:\/\/tpohotelariaecasa.pt\/index.php\/product\/premium-placa-de-grelhar-ranhurado-unidade-dupla-90-cm-de-profundidade-gas\/","title":{"rendered":"Premium Placa de Grelhar &#8211; Ranhurado &#8211; Unidade Dupla &#8211; 90 cm de Profundidade &#8211; G\u00e1s"},"content":{"rendered":"<p><strong>Caracter\u00edsticas<\/strong><\/p>\n<ul>\n<li>Grelha dupla com uma placa de grelhar ranhurada<\/li>\n<li>Queimadores em a\u00e7o inoxid\u00e1vel<\/li>\n<li>Term\u00f3stato que varia entre 100-300\u00b0C<\/li>\n<li>Consumo \u00f3ptimo de g\u00e1s e mesmo distribui\u00e7\u00e3o de calor<\/li>\n<li>Queimador com uma luz piloto<\/li>\n<li>Equipado com um term\u00f3stato de seguran\u00e7a<\/li>\n<li>V\u00e1lvula de seguran\u00e7a para g\u00e1s com termopar<\/li>\n<li>Igni\u00e7\u00e3o piezoel\u00e9ctrica<\/li>\n<li>Adequado tanto para GPL como para g\u00e1s natural<\/li>\n<li>Constru\u00e7\u00e3o altamente dur\u00e1vel<\/li>\n<li>Desenho higi\u00e9nico<\/li>\n<\/ul>\n<p><strong>Especifica\u00e7\u00f5es do produto<\/strong><\/p>\n<ul>\n<li>Peso l\u00edquido: 95kg<\/li>\n<li>Dimens\u00f5es do dispositivo: L80 x D90 x H28cm<\/li>\n<li>Pot\u00eancia total do g\u00e1s: 18,0 kW<\/li>\n<\/ul>\n<p>Injectores de g\u00e1s instalados: G25 &#8211; g\u00e1s naturalExtra<br \/>\nconjunto de injectores de g\u00e1s: G30 &#8211; GPL (propano \/ butano)<\/p>\n","protected":false},"excerpt":{"rendered":"<p>Esta chapa de rede de alta qualidade funciona a g\u00e1s e foi concebida para a m\u00e1xima produtividade. \u00c9 um aparelho dur\u00e1vel que se adequa idealmente ao uso di\u00e1rio intensivo numa cozinha profissional. Esta unidade dupla oferece bastante espa\u00e7o de cozedura na chapa de grelhar ranhurada. Encaixa-se facilmente numa linha de cozedura e pode manusear tudo o que lhe atirar. consulte Mais informa\u00e7\u00e3o<\/p>\n","protected":false},"featured_media":9461394,"comment_status":"open","ping_status":"closed","template":"","meta":[],"product_cat":[792,794,97,140,788,21],"product_tag":[],"class_list":["post-9461395","product","type-product","status-publish","has-post-thumbnail","hentry","product_cat-mais-vendidos","product_cat-placas-de-grelhar","product_cat-placas-para-grelhar","product_cat-cozedura-aquecimento","product_cat-equipcafebar","product_cat-restauracao","product_shipping_class-gph"],"_links":{"self":[{"href":"https:\/\/tpohotelariaecasa.pt\/index.php\/wp-json\/wp\/v2\/product\/9461395"}],"collection":[{"href":"https:\/\/tpohotelariaecasa.pt\/index.php\/wp-json\/wp\/v2\/product"}],"about":[{"href":"https:\/\/tpohotelariaecasa.pt\/index.php\/wp-json\/wp\/v2\/types\/product"}],"replies":[{"embeddable":true,"href":"https:\/\/tpohotelariaecasa.pt\/index.php\/wp-json\/wp\/v2\/comments?post=9461395"}],"wp:featuredmedia":[{"embeddable":true,"href":"https:\/\/tpohotelariaecasa.pt\/index.php\/wp-json\/wp\/v2\/media\/9461394"}],"wp:attachment":[{"href":"https:\/\/tpohotelariaecasa.pt\/index.php\/wp-json\/wp\/v2\/media?parent=9461395"}],"wp:term":[{"taxonomy":"product_cat","embeddable":true,"href":"https:\/\/tpohotelariaecasa.pt\/index.php\/wp-json\/wp\/v2\/product_cat?post=9461395"},{"taxonomy":"product_tag","embeddable":true,"href":"https:\/\/tpohotelariaecasa.pt\/index.php\/wp-json\/wp\/v2\/product_tag?post=9461395"}],"curies":[{"name":"wp","href":"https:\/\/api.w.org\/{rel}","templated":true}]}}