{"id":9461441,"date":"2024-05-29T17:19:03","date_gmt":"2024-05-29T17:19:03","guid":{"rendered":"https:\/\/tpohotelariaecasa.pt\/index.php\/product\/recipiente-gastronorm-gn-1-9-10-cm-de-profundidade-policarbonato\/"},"modified":"2025-04-03T09:09:57","modified_gmt":"2025-04-03T09:09:57","slug":"recipiente-gastronorm-gn-1-9-10-cm-de-profundidade-policarbonato","status":"publish","type":"product","link":"https:\/\/tpohotelariaecasa.pt\/index.php\/product\/recipiente-gastronorm-gn-1-9-10-cm-de-profundidade-policarbonato\/","title":{"rendered":"Recipiente Gastronorm &#8211; GN 1\/9 &#8211; 10 cm de Profundidade &#8211; Policarbonato"},"content":{"rendered":"","protected":false},"excerpt":{"rendered":"<p>Este recipiente de policarbonato transparente Gastronorm de 1\/9 tem uma profundidade de 10cm e uma capacidade de um litro. Os recipientes de policarbonato GN s\u00e3o empilh\u00e1veis, lav\u00e1veis na m\u00e1quina de lavar lou\u00e7a e praticamente inquebr\u00e1veis. Pode utilizar este contentor com muitos tipos diferentes de equipamento de restaura\u00e7\u00e3o, tais como fornos, equipamento de arrefecimento, banho maria e pratos de assar. consulte Mais informa\u00e7\u00e3o<\/p>\n","protected":false},"featured_media":9461440,"comment_status":"open","ping_status":"closed","template":"","meta":[],"product_cat":[106],"product_tag":[],"class_list":["post-9461441","product","type-product","status-publish","has-post-thumbnail","hentry","product_cat-recipientes-gn","product_shipping_class-pph"],"_links":{"self":[{"href":"https:\/\/tpohotelariaecasa.pt\/index.php\/wp-json\/wp\/v2\/product\/9461441"}],"collection":[{"href":"https:\/\/tpohotelariaecasa.pt\/index.php\/wp-json\/wp\/v2\/product"}],"about":[{"href":"https:\/\/tpohotelariaecasa.pt\/index.php\/wp-json\/wp\/v2\/types\/product"}],"replies":[{"embeddable":true,"href":"https:\/\/tpohotelariaecasa.pt\/index.php\/wp-json\/wp\/v2\/comments?post=9461441"}],"wp:featuredmedia":[{"embeddable":true,"href":"https:\/\/tpohotelariaecasa.pt\/index.php\/wp-json\/wp\/v2\/media\/9461440"}],"wp:attachment":[{"href":"https:\/\/tpohotelariaecasa.pt\/index.php\/wp-json\/wp\/v2\/media?parent=9461441"}],"wp:term":[{"taxonomy":"product_cat","embeddable":true,"href":"https:\/\/tpohotelariaecasa.pt\/index.php\/wp-json\/wp\/v2\/product_cat?post=9461441"},{"taxonomy":"product_tag","embeddable":true,"href":"https:\/\/tpohotelariaecasa.pt\/index.php\/wp-json\/wp\/v2\/product_tag?post=9461441"}],"curies":[{"name":"wp","href":"https:\/\/api.w.org\/{rel}","templated":true}]}}