{"id":9461457,"date":"2024-05-29T17:19:14","date_gmt":"2024-05-29T17:19:14","guid":{"rendered":"https:\/\/tpohotelariaecasa.pt\/index.php\/product\/premium-churrasco-kamado-16-inch-o-41-cm\/"},"modified":"2025-04-03T09:09:44","modified_gmt":"2025-04-03T09:09:44","slug":"premium-churrasco-kamado-16-inch-o-41-cm","status":"publish","type":"product","link":"https:\/\/tpohotelariaecasa.pt\/index.php\/product\/premium-churrasco-kamado-16-inch-o-41-cm\/","title":{"rendered":"Premium Churrasco Kamado 16 inch &#8211; \u00d8 41 cm"},"content":{"rendered":"<p><strong>Caracter\u00edsticas:<\/strong><\/p>\n<ul>\n<li>Churrasco robusto, em forma de ovo, feito de mullite<\/li>\n<li>Equipado com lados de cer\u00e2mica e ta\u00e7a de fogo<\/li>\n<li>Resistente ao calor e \u00e0s mudan\u00e7as de temperatura<\/li>\n<li>Chassis, correias e dobradi\u00e7as em a\u00e7o revestido<\/li>\n<li>Duas sa\u00eddas de ar para uma circula\u00e7\u00e3o de ar perfeita<\/li>\n<li>Term\u00f3metro com escala de temperatura em graus Celsius e Fahrenheit<\/li>\n<\/ul>\n<p><strong>Caracter\u00edsticas do produto:<\/strong><\/p>\n<ul>\n<li>Peso l\u00edquido: 34 kg<\/li>\n<li>Dimens\u00f5es do aparelho: L55 x P55 x A54cm<\/li>\n<li>Di\u00e2metro do grelhador: \u00d8 16 polegadas\/41 cm<\/li>\n<li>Cor: Preto<\/li>\n<\/ul>\n","protected":false},"excerpt":{"rendered":"<p>Este BBQ Kamado compacto com um di\u00e2metro de 41 cm \u00e9 um verdadeiro polivalente. Utilize-o para grelhar, assar, cozinhar, estufar ou mesmo cozinhar lentamente. Este barbecue de cer\u00e2mica em forma de ovo tem placas de grelhar ajust\u00e1veis que garantem uma \u00f3ptima circula\u00e7\u00e3o de ar. consulte Mais informa\u00e7\u00e3o<\/p>\n","protected":false},"featured_media":9461456,"comment_status":"open","ping_status":"closed","template":"","meta":[],"product_cat":[140,21,91],"product_tag":[],"class_list":["post-9461457","product","type-product","status-publish","has-post-thumbnail","hentry","product_cat-cozedura-aquecimento","product_cat-restauracao","product_cat-barbecue-kamado","product_shipping_class-gph"],"_links":{"self":[{"href":"https:\/\/tpohotelariaecasa.pt\/index.php\/wp-json\/wp\/v2\/product\/9461457"}],"collection":[{"href":"https:\/\/tpohotelariaecasa.pt\/index.php\/wp-json\/wp\/v2\/product"}],"about":[{"href":"https:\/\/tpohotelariaecasa.pt\/index.php\/wp-json\/wp\/v2\/types\/product"}],"replies":[{"embeddable":true,"href":"https:\/\/tpohotelariaecasa.pt\/index.php\/wp-json\/wp\/v2\/comments?post=9461457"}],"wp:featuredmedia":[{"embeddable":true,"href":"https:\/\/tpohotelariaecasa.pt\/index.php\/wp-json\/wp\/v2\/media\/9461456"}],"wp:attachment":[{"href":"https:\/\/tpohotelariaecasa.pt\/index.php\/wp-json\/wp\/v2\/media?parent=9461457"}],"wp:term":[{"taxonomy":"product_cat","embeddable":true,"href":"https:\/\/tpohotelariaecasa.pt\/index.php\/wp-json\/wp\/v2\/product_cat?post=9461457"},{"taxonomy":"product_tag","embeddable":true,"href":"https:\/\/tpohotelariaecasa.pt\/index.php\/wp-json\/wp\/v2\/product_tag?post=9461457"}],"curies":[{"name":"wp","href":"https:\/\/api.w.org\/{rel}","templated":true}]}}