{"id":9461477,"date":"2024-05-29T17:19:25","date_gmt":"2024-05-29T17:19:25","guid":{"rendered":"https:\/\/tpohotelariaecasa.pt\/index.php\/product\/descalcificador-automatico-de-agua-descalcificador-8-l-de-resina-ecra-digital\/"},"modified":"2025-04-03T09:09:48","modified_gmt":"2025-04-03T09:09:48","slug":"descalcificador-automatico-de-agua-descalcificador-8-l-de-resina-ecra-digital","status":"publish","type":"product","link":"https:\/\/tpohotelariaecasa.pt\/index.php\/product\/descalcificador-automatico-de-agua-descalcificador-8-l-de-resina-ecra-digital\/","title":{"rendered":"Descalcificador Autom\u00e1tico de \u00c1gua &#8211; Descalcificador &#8211; 8 l de Resina &#8211; Ecr\u00e3 Digital"},"content":{"rendered":"<p><strong>Caracter\u00edsticas<\/strong><\/p>\n<ul>\n<li>Caudal nominal: 1,8-35\/75<\/li>\n<li>V\u00e1lvula de controlo el\u00e9ctrica<\/li>\n<li>Produz \u00e1gua dura durante a regenera\u00e7\u00e3o<\/li>\n<\/ul>\n<p><strong>Especifica\u00e7\u00f5es do produto<\/strong><\/p>\n<ul>\n<li>Peso l\u00edquido: 12kg<\/li>\n<li>Dimens\u00f5es: L28 x P52 x A54cm<\/li>\n<li>Consumo de sal: 1,2kg<\/li>\n<li>Capacidade do tanque de salmoura: 24kg<\/li>\n<li>Quantidade de resina: 8L<\/li>\n<li>230V \/ 50Hz \/ 1 Fase 3W<\/li>\n<\/ul>\n","protected":false},"excerpt":{"rendered":"<p>Um descalcificador de \u00e1gua funciona para reduzir a acumula\u00e7\u00e3o de calc\u00e1rio nas torneiras. Proteja os seus electrodom\u00e9sticos mais valiosos do calc\u00e1rio, poupando energia e produtos de limpeza. Basta ligar a m\u00e1quina de lavar lou\u00e7a, a m\u00e1quina de caf\u00e9 expresso ou mesmo o forno combinado a vapor a um descalcificador de \u00e1gua para que tenham sempre o melhor desempenho poss\u00edvel. consulte Mais informa\u00e7\u00e3o<\/p>\n","protected":false},"featured_media":9461476,"comment_status":"open","ping_status":"closed","template":"","meta":[],"product_cat":[113],"product_tag":[],"class_list":["post-9461477","product","type-product","status-publish","has-post-thumbnail","hentry","product_cat-suavizador","product_shipping_class-pph"],"_links":{"self":[{"href":"https:\/\/tpohotelariaecasa.pt\/index.php\/wp-json\/wp\/v2\/product\/9461477"}],"collection":[{"href":"https:\/\/tpohotelariaecasa.pt\/index.php\/wp-json\/wp\/v2\/product"}],"about":[{"href":"https:\/\/tpohotelariaecasa.pt\/index.php\/wp-json\/wp\/v2\/types\/product"}],"replies":[{"embeddable":true,"href":"https:\/\/tpohotelariaecasa.pt\/index.php\/wp-json\/wp\/v2\/comments?post=9461477"}],"wp:featuredmedia":[{"embeddable":true,"href":"https:\/\/tpohotelariaecasa.pt\/index.php\/wp-json\/wp\/v2\/media\/9461476"}],"wp:attachment":[{"href":"https:\/\/tpohotelariaecasa.pt\/index.php\/wp-json\/wp\/v2\/media?parent=9461477"}],"wp:term":[{"taxonomy":"product_cat","embeddable":true,"href":"https:\/\/tpohotelariaecasa.pt\/index.php\/wp-json\/wp\/v2\/product_cat?post=9461477"},{"taxonomy":"product_tag","embeddable":true,"href":"https:\/\/tpohotelariaecasa.pt\/index.php\/wp-json\/wp\/v2\/product_tag?post=9461477"}],"curies":[{"name":"wp","href":"https:\/\/api.w.org\/{rel}","templated":true}]}}