{"id":9461637,"date":"2024-05-29T19:45:47","date_gmt":"2024-05-29T19:45:47","guid":{"rendered":"https:\/\/tpohotelariaecasa.pt\/index.php\/product\/expositor-de-alimentos-aquecido-45-l-55-cm-2-prateleiras\/"},"modified":"2025-04-03T09:09:44","modified_gmt":"2025-04-03T09:09:44","slug":"expositor-de-alimentos-aquecido-45-l-55-cm-2-prateleiras","status":"publish","type":"product","link":"https:\/\/tpohotelariaecasa.pt\/index.php\/product\/expositor-de-alimentos-aquecido-45-l-55-cm-2-prateleiras\/","title":{"rendered":"Expositor de Alimentos Aquecido &#8211; 45 l &#8211; 55 cm &#8211; 2 Prateleiras"},"content":{"rendered":"<ul>\n<li>Expositor profissional a quente &#8211; 2 n\u00edveis &#8211; 55 cm &#8211; 45L<\/li>\n<li>Ideal para sandu\u00edches quentes, aperitivos e snacks<\/li>\n<li>Constru\u00e7\u00e3o em a\u00e7o inoxid\u00e1vel, acabamento cromado<\/li>\n<li>Bela janela de vidro curvado na frente<\/li>\n<li>Portas articuladas na retaguarda<\/li>\n<li>Janelas de vidro em quatro lados<\/li>\n<li>Equipado com 2 prateleiras fixas (cromadas)<\/li>\n<li>Poderoso elemento de aquecimento<\/li>\n<li>Distribui\u00e7\u00e3o eficiente de calor<\/li>\n<li>Equipado com reservat\u00f3rio para humidifica\u00e7\u00e3o<\/li>\n<li>Bot\u00e3o anal\u00f3gico para temperatura<\/li>\n<li>Temperatura infinitamente ajust\u00e1vel 30-90 C<\/li>\n<li>Com luz de controlo de temperatura<\/li>\n<li>F\u00e1cil de limpar<\/li>\n<li>Com pernas fixas<\/li>\n<li>Peso l\u00edquido: 15 kg<\/li>\n<li>Dimens\u00f5es interiores: W545 x D341 x H256 mm<\/li>\n<li>Dimens\u00f5es: W554 x D376 x H376 mm<\/li>\n<li>230V\/50Hz\/1Fase 800 Watt<\/li>\n<\/ul>\n","protected":false},"excerpt":{"rendered":"<p>Este expositor compacto de 45L de alimentos aquecidos cabe perfeitamente numa bancada ou mesa. Este expositor de alimentos aquecido de 55cm com duas prateleiras fixas pode ser facilmente utilizado para manter os produtos cozinhados, lanches e aperitivos quentes. A parte traseira est\u00e1 equipada com portas basculantes para reabastecimento ou servi\u00e7o r\u00e1pido consulte Mais informa\u00e7\u00e3o<\/p>\n","protected":false},"featured_media":9461636,"comment_status":"open","ping_status":"closed","template":"","meta":[],"product_cat":[137],"product_tag":[],"class_list":["post-9461637","product","type-product","status-publish","has-post-thumbnail","hentry","product_cat-vitrines-quente","product_shipping_class-pph"],"_links":{"self":[{"href":"https:\/\/tpohotelariaecasa.pt\/index.php\/wp-json\/wp\/v2\/product\/9461637"}],"collection":[{"href":"https:\/\/tpohotelariaecasa.pt\/index.php\/wp-json\/wp\/v2\/product"}],"about":[{"href":"https:\/\/tpohotelariaecasa.pt\/index.php\/wp-json\/wp\/v2\/types\/product"}],"replies":[{"embeddable":true,"href":"https:\/\/tpohotelariaecasa.pt\/index.php\/wp-json\/wp\/v2\/comments?post=9461637"}],"wp:featuredmedia":[{"embeddable":true,"href":"https:\/\/tpohotelariaecasa.pt\/index.php\/wp-json\/wp\/v2\/media\/9461636"}],"wp:attachment":[{"href":"https:\/\/tpohotelariaecasa.pt\/index.php\/wp-json\/wp\/v2\/media?parent=9461637"}],"wp:term":[{"taxonomy":"product_cat","embeddable":true,"href":"https:\/\/tpohotelariaecasa.pt\/index.php\/wp-json\/wp\/v2\/product_cat?post=9461637"},{"taxonomy":"product_tag","embeddable":true,"href":"https:\/\/tpohotelariaecasa.pt\/index.php\/wp-json\/wp\/v2\/product_tag?post=9461637"}],"curies":[{"name":"wp","href":"https:\/\/api.w.org\/{rel}","templated":true}]}}