{"id":9461683,"date":"2024-05-29T19:46:14","date_gmt":"2024-05-29T19:46:14","guid":{"rendered":"https:\/\/tpohotelariaecasa.pt\/index.php\/product\/lampada-de-aquecimento-3-lampadas-incl-3-lampadas-e-1-recipiente-de-gn-1-2\/"},"modified":"2025-04-03T09:09:53","modified_gmt":"2025-04-03T09:09:53","slug":"lampada-de-aquecimento-3-lampadas-incl-3-lampadas-e-1-recipiente-de-gn-1-2","status":"publish","type":"product","link":"https:\/\/tpohotelariaecasa.pt\/index.php\/product\/lampada-de-aquecimento-3-lampadas-incl-3-lampadas-e-1-recipiente-de-gn-1-2\/","title":{"rendered":"L\u00e2mpada de Aquecimento &#8211; 3 L\u00e2mpadas &#8211; incl. 3 L\u00e2mpadas e 1 Recipiente de GN 1\/2"},"content":{"rendered":"<ul>\n<li>Norma de alum\u00ednio e abajur<\/li>\n<li>F\u00e1cil de mover gra\u00e7as ao cabo de alimenta\u00e7\u00e3o longo<\/li>\n<li>Tamanho compacto e peso leve<\/li>\n<li>Altura ajust\u00e1vel para diferentes intensidades de calor<\/li>\n<li>Reflectores ventilados de alum\u00ednio para evitar o sobreaquecimento<\/li>\n<li>Incluindo l\u00e2mpada 3x 275W<\/li>\n<li>Incluindo contentor GN 1x 1\/1 (65 mm de profundidade)<\/li>\n<li>Peso l\u00edquido: 4 kg<\/li>\n<li>Dimens\u00f5es (mais elevadas): W350 x D790 x H560 mm<\/li>\n<li>230V \/ 50Hz \/ 1Fase 825 Watt<\/li>\n<\/ul>\n","protected":false},"excerpt":{"rendered":"<p>Esta l\u00e2mpada tripla de aquecimento de alum\u00ednio com luz infravermelha \u00e9 ideal para manter a comida e os pratos quentes. Al\u00e9m disso, assegura que os alimentos n\u00e3o queimam nem cozinham mais. \u00c9 um aparelho muito pr\u00e1tico para uso di\u00e1rio em todas as cozinhas. consulte Mais informa\u00e7\u00e3o<\/p>\n","protected":false},"featured_media":9461682,"comment_status":"open","ping_status":"closed","template":"","meta":[],"product_cat":[135],"product_tag":[],"class_list":["post-9461683","product","type-product","status-publish","has-post-thumbnail","hentry","product_cat-lmpadas-de-aquecimento","product_shipping_class-pph"],"_links":{"self":[{"href":"https:\/\/tpohotelariaecasa.pt\/index.php\/wp-json\/wp\/v2\/product\/9461683"}],"collection":[{"href":"https:\/\/tpohotelariaecasa.pt\/index.php\/wp-json\/wp\/v2\/product"}],"about":[{"href":"https:\/\/tpohotelariaecasa.pt\/index.php\/wp-json\/wp\/v2\/types\/product"}],"replies":[{"embeddable":true,"href":"https:\/\/tpohotelariaecasa.pt\/index.php\/wp-json\/wp\/v2\/comments?post=9461683"}],"wp:featuredmedia":[{"embeddable":true,"href":"https:\/\/tpohotelariaecasa.pt\/index.php\/wp-json\/wp\/v2\/media\/9461682"}],"wp:attachment":[{"href":"https:\/\/tpohotelariaecasa.pt\/index.php\/wp-json\/wp\/v2\/media?parent=9461683"}],"wp:term":[{"taxonomy":"product_cat","embeddable":true,"href":"https:\/\/tpohotelariaecasa.pt\/index.php\/wp-json\/wp\/v2\/product_cat?post=9461683"},{"taxonomy":"product_tag","embeddable":true,"href":"https:\/\/tpohotelariaecasa.pt\/index.php\/wp-json\/wp\/v2\/product_tag?post=9461683"}],"curies":[{"name":"wp","href":"https:\/\/api.w.org\/{rel}","templated":true}]}}