{"id":9461685,"date":"2024-05-29T19:46:15","date_gmt":"2024-05-29T19:46:15","guid":{"rendered":"https:\/\/tpohotelariaecasa.pt\/index.php\/product\/vitrine-refrigerada-255-l-125-cm-com-armario\/"},"modified":"2025-04-03T09:10:03","modified_gmt":"2025-04-03T09:10:03","slug":"vitrine-refrigerada-255-l-125-cm-com-armario","status":"publish","type":"product","link":"https:\/\/tpohotelariaecasa.pt\/index.php\/product\/vitrine-refrigerada-255-l-125-cm-com-armario\/","title":{"rendered":"Vitrine Refrigerada &#8211; 255 l &#8211; 125 cm &#8211; com Arm\u00e1rio"},"content":{"rendered":"<ul>\n<li>Portas deslizantes na retaguarda para f\u00e1cil acesso<\/li>\n<li>Adequado para contentores GN<\/li>\n<li>Tamanhos GN 3x 1\/1 + 2x 1\/4, profundidade m\u00e1xima 150 mm<\/li>\n<li>Controlo e visualiza\u00e7\u00e3o digital da temperatura<\/li>\n<li>Ilumina\u00e7\u00e3o LED embutida no topo<\/li>\n<li>Evaporador com recipiente para recolher a condensa\u00e7\u00e3o<\/li>\n<li>Sistema de arrefecimento directo<\/li>\n<li>Ciclo de arrefecimento \u00fanico para reduzir a forma\u00e7\u00e3o de gelo<\/li>\n<li>Refrigerante R600a \/ CFC livre<\/li>\n<li>Temperatura 2 \u00b0 a + 12 \u00b0 graus Celsius<\/li>\n<li>Peso l\u00edquido: 84kg<\/li>\n<li>Dimens\u00f5es: B125 x D89 x H108cm<\/li>\n<li>Pot\u00eancia: 230V \/ 50Hz \/ 1Fase 200W<\/li>\n<\/ul>\n","protected":false},"excerpt":{"rendered":"<p>Com uma capacidade de 225 litros, este frigor\u00edfico de f\u00e1cil movimenta\u00e7\u00e3o \u00e9 ideal para expandir rapidamente a sua capacidade de refrigera\u00e7\u00e3o. A temperatura pode ser ajustada com muita precis\u00e3o gra\u00e7as ao controlador digital de temperatura. consulte Mais informa\u00e7\u00e3o<\/p>\n","protected":false},"featured_media":9461684,"comment_status":"open","ping_status":"closed","template":"","meta":[],"product_cat":[81,138],"product_tag":[],"class_list":["post-9461685","product","type-product","status-publish","has-post-thumbnail","hentry","product_cat-vitrine-refrigerada","product_cat-frio-industrial","product_shipping_class-gph"],"_links":{"self":[{"href":"https:\/\/tpohotelariaecasa.pt\/index.php\/wp-json\/wp\/v2\/product\/9461685"}],"collection":[{"href":"https:\/\/tpohotelariaecasa.pt\/index.php\/wp-json\/wp\/v2\/product"}],"about":[{"href":"https:\/\/tpohotelariaecasa.pt\/index.php\/wp-json\/wp\/v2\/types\/product"}],"replies":[{"embeddable":true,"href":"https:\/\/tpohotelariaecasa.pt\/index.php\/wp-json\/wp\/v2\/comments?post=9461685"}],"wp:featuredmedia":[{"embeddable":true,"href":"https:\/\/tpohotelariaecasa.pt\/index.php\/wp-json\/wp\/v2\/media\/9461684"}],"wp:attachment":[{"href":"https:\/\/tpohotelariaecasa.pt\/index.php\/wp-json\/wp\/v2\/media?parent=9461685"}],"wp:term":[{"taxonomy":"product_cat","embeddable":true,"href":"https:\/\/tpohotelariaecasa.pt\/index.php\/wp-json\/wp\/v2\/product_cat?post=9461685"},{"taxonomy":"product_tag","embeddable":true,"href":"https:\/\/tpohotelariaecasa.pt\/index.php\/wp-json\/wp\/v2\/product_tag?post=9461685"}],"curies":[{"name":"wp","href":"https:\/\/api.w.org\/{rel}","templated":true}]}}