{"id":9461745,"date":"2024-05-29T19:46:48","date_gmt":"2024-05-29T19:46:48","guid":{"rendered":"https:\/\/tpohotelariaecasa.pt\/index.php\/product\/heavy-duty-fogao-4-queimadores-unidade-dupla-70-cm-de-profundidade-gas\/"},"modified":"2025-04-03T09:10:00","modified_gmt":"2025-04-03T09:10:00","slug":"heavy-duty-fogao-4-queimadores-unidade-dupla-70-cm-de-profundidade-gas","status":"publish","type":"product","link":"https:\/\/tpohotelariaecasa.pt\/index.php\/product\/heavy-duty-fogao-4-queimadores-unidade-dupla-70-cm-de-profundidade-gas\/","title":{"rendered":"Heavy Duty Fog\u00e3o &#8211; 4 Queimadores &#8211; Unidade Dupla &#8211; 70 cm de Profundidade &#8211; G\u00e1s"},"content":{"rendered":"<ul>\n<li>Caixa totalmente em a\u00e7o inoxid\u00e1vel<\/li>\n<li>Suportes para panelas de ferro fundido pesado<\/li>\n<li>Tampo soldado sem costura<\/li>\n<li>Queimadores cromados para melhor desempenho<\/li>\n<li>Componentes pesados<\/li>\n<li>Equipado com luz-piloto<\/li>\n<li>Term\u00f3stato de seguran\u00e7a 100 &#8211; 300 graus Celsius<\/li>\n<li>V\u00e1lvula de seguran\u00e7a para g\u00e1s com termopar<\/li>\n<li>Adequado para GPL ou g\u00e1s natural<\/li>\n<li>Constru\u00e7\u00e3o muito dur\u00e1vel<\/li>\n<li>Desenho higi\u00e9nico<\/li>\n<li>F\u00e1cil de limpar<\/li>\n<li>Peso l\u00edquido: 50 kg<\/li>\n<li>Dimens\u00f5es: W800 x D700 x H280 mm<\/li>\n<li>Pot\u00eancia: 4 x 6,0 kW<\/li>\n<\/ul>\n<p>&nbsp;<\/p>\n<ul>\n<li>Injectores de g\u00e1s pr\u00e9-instalados: G25 &#8211; G\u00e1s Natural<\/li>\n<li>Injectores de g\u00e1s adicionais: G30 &#8211; GPL (Propano \/ Butano)<\/li>\n<\/ul>\n<ul>\n<li>Peso l\u00edquido: 50kg<\/li>\n<li>Dimens\u00f5es: L80 x D70 x H28cm<\/li>\n<li>Pot\u00eancia de sa\u00edda: 4 x 6,0 kW<\/li>\n<li>Injectores de g\u00e1s instalados: G25-g\u00e1s natural<\/li>\n<li>Conjunto extra de injectores de g\u00e1s: G30-LPG (propano\/butano)<\/li>\n<\/ul>\n","protected":false},"excerpt":{"rendered":"<p>Os quatro queimadores desta placa de g\u00e1s para servi\u00e7o pesado s\u00e3o feitos de ferro fundido e s\u00e3o ideais para uso di\u00e1rio intensivo em qualquer cozinha movimentada. Esta placa \u00e9 adequada para caber numa linha de cozedura existente ou nova. consulte Mais informa\u00e7\u00e3o<\/p>\n","protected":false},"featured_media":9461744,"comment_status":"open","ping_status":"closed","template":"","meta":[],"product_cat":[140,84],"product_tag":[],"class_list":["post-9461745","product","type-product","status-publish","has-post-thumbnail","hentry","product_cat-cozedura-aquecimento","product_cat-fogoesepanelas","product_shipping_class-gph"],"_links":{"self":[{"href":"https:\/\/tpohotelariaecasa.pt\/index.php\/wp-json\/wp\/v2\/product\/9461745"}],"collection":[{"href":"https:\/\/tpohotelariaecasa.pt\/index.php\/wp-json\/wp\/v2\/product"}],"about":[{"href":"https:\/\/tpohotelariaecasa.pt\/index.php\/wp-json\/wp\/v2\/types\/product"}],"replies":[{"embeddable":true,"href":"https:\/\/tpohotelariaecasa.pt\/index.php\/wp-json\/wp\/v2\/comments?post=9461745"}],"wp:featuredmedia":[{"embeddable":true,"href":"https:\/\/tpohotelariaecasa.pt\/index.php\/wp-json\/wp\/v2\/media\/9461744"}],"wp:attachment":[{"href":"https:\/\/tpohotelariaecasa.pt\/index.php\/wp-json\/wp\/v2\/media?parent=9461745"}],"wp:term":[{"taxonomy":"product_cat","embeddable":true,"href":"https:\/\/tpohotelariaecasa.pt\/index.php\/wp-json\/wp\/v2\/product_cat?post=9461745"},{"taxonomy":"product_tag","embeddable":true,"href":"https:\/\/tpohotelariaecasa.pt\/index.php\/wp-json\/wp\/v2\/product_tag?post=9461745"}],"curies":[{"name":"wp","href":"https:\/\/api.w.org\/{rel}","templated":true}]}}