{"id":9461749,"date":"2024-05-29T19:46:51","date_gmt":"2024-05-29T19:46:51","guid":{"rendered":"https:\/\/tpohotelariaecasa.pt\/index.php\/product\/heavy-duty-panela-bratt-50-l-unidade-dupla-70-cm-de-profundidade-gas\/"},"modified":"2025-04-03T09:10:00","modified_gmt":"2025-04-03T09:10:00","slug":"heavy-duty-panela-bratt-50-l-unidade-dupla-70-cm-de-profundidade-gas","status":"publish","type":"product","link":"https:\/\/tpohotelariaecasa.pt\/index.php\/product\/heavy-duty-panela-bratt-50-l-unidade-dupla-70-cm-de-profundidade-gas\/","title":{"rendered":"Heavy Duty Panela Bratt &#8211; 50 l &#8211; Unidade Dupla &#8211; 70 cm de Profundidade &#8211; G\u00e1s"},"content":{"rendered":"<p>Fundo em a\u00e7o inoxid\u00e1vel de 8mm de espessura para resist\u00eancia \u00e0 corros\u00e3o<\/p>\n<ul>\n<li>Cantos redondos para facilidade de limpeza<\/li>\n<li>Sistema de seguran\u00e7a para cortar o g\u00e1s e o aquecimento se a panela for levantada<\/li>\n<li>Pernas robustas para estabilidade<\/li>\n<li>Controlo termost\u00e1tico da temperatura entre 120-300 graus<\/li>\n<li>Isolamento t\u00e9rmico para radia\u00e7\u00e3o t\u00e9rmica limitada e baixo consumo de energia<\/li>\n<li>Mecanismo de inclina\u00e7\u00e3o f\u00e1cil de usar<\/li>\n<li>Queimadores em a\u00e7o inoxid\u00e1vel<\/li>\n<li>Peso l\u00edquido: 115 kg<\/li>\n<li>Dimens\u00f5es:W800 x D700 x H850 mm<\/li>\n<li>Capacidade l\u00edquida: 50L<\/li>\n<\/ul>\n<p>&nbsp;<\/p>\n<ul>\n<li>Injectores de g\u00e1s pr\u00e9-instalados: G25 &#8211; G\u00e1s Natural<\/li>\n<li>Injectores de g\u00e1s adicionais: G30 &#8211; GPL (Propano \/ Butano)<\/li>\n<\/ul>\n<p>&nbsp;<\/p>\n<ul>\n<li>Peso l\u00edquido: 115kg<\/li>\n<li>Capacidade: 50L<\/li>\n<li>Dimens\u00f5es: L80 x D70 x H85cm<\/li>\n<li>Injectores de g\u00e1s instalados G25-g\u00e1s natural<\/li>\n<li>Conjunto extra de injectores de g\u00e1s: G30-LPG (propano\/butano)<\/li>\n<\/ul>\n","protected":false},"excerpt":{"rendered":"<p>Esta panela Bratt de 50L de g\u00e1s pesado permite assar e fritar rapidamente grandes quantidades de alimentos de uma s\u00f3 vez. O tabuleiro basculante permite drenar directamente toda a frigideira consulte Mais informa\u00e7\u00e3o<\/p>\n","protected":false},"featured_media":9461748,"comment_status":"open","ping_status":"closed","template":"","meta":[],"product_cat":[21,778],"product_tag":[],"class_list":["post-9461749","product","type-product","status-publish","has-post-thumbnail","hentry","product_cat-restauracao","product_cat-panelas-basculantes","product_shipping_class-gph"],"_links":{"self":[{"href":"https:\/\/tpohotelariaecasa.pt\/index.php\/wp-json\/wp\/v2\/product\/9461749"}],"collection":[{"href":"https:\/\/tpohotelariaecasa.pt\/index.php\/wp-json\/wp\/v2\/product"}],"about":[{"href":"https:\/\/tpohotelariaecasa.pt\/index.php\/wp-json\/wp\/v2\/types\/product"}],"replies":[{"embeddable":true,"href":"https:\/\/tpohotelariaecasa.pt\/index.php\/wp-json\/wp\/v2\/comments?post=9461749"}],"wp:featuredmedia":[{"embeddable":true,"href":"https:\/\/tpohotelariaecasa.pt\/index.php\/wp-json\/wp\/v2\/media\/9461748"}],"wp:attachment":[{"href":"https:\/\/tpohotelariaecasa.pt\/index.php\/wp-json\/wp\/v2\/media?parent=9461749"}],"wp:term":[{"taxonomy":"product_cat","embeddable":true,"href":"https:\/\/tpohotelariaecasa.pt\/index.php\/wp-json\/wp\/v2\/product_cat?post=9461749"},{"taxonomy":"product_tag","embeddable":true,"href":"https:\/\/tpohotelariaecasa.pt\/index.php\/wp-json\/wp\/v2\/product_tag?post=9461749"}],"curies":[{"name":"wp","href":"https:\/\/api.w.org\/{rel}","templated":true}]}}