{"id":9461941,"date":"2024-06-03T09:25:16","date_gmt":"2024-06-03T09:25:16","guid":{"rendered":"https:\/\/tpohotelariaecasa.pt\/index.php\/product\/heavy-duty-fogao-4-queimadores-unidade-dupla-70-cm-de-profundidade-36kw-gas-incl-forno-eletrico\/"},"modified":"2025-02-20T14:20:49","modified_gmt":"2025-02-20T14:20:49","slug":"heavy-duty-fogao-4-queimadores-unidade-dupla-70-cm-de-profundidade-36kw-gas-incl-forno-eletrico","status":"publish","type":"product","link":"https:\/\/tpohotelariaecasa.pt\/index.php\/product\/heavy-duty-fogao-4-queimadores-unidade-dupla-70-cm-de-profundidade-36kw-gas-incl-forno-eletrico\/","title":{"rendered":"Heavy Duty Fog\u00e3o &#8211; 4 Queimadores &#8211; Unidade Dupla &#8211; 70 cm de Profundidade &#8211; 36kW &#8211; G\u00e1s incl Forno El\u00e9trico"},"content":{"rendered":"<p><strong>Especifica\u00e7\u00f5es do produto<\/strong><\/p>\n<ul>\n<li>Peso l\u00edquido: 100kg<\/li>\n<li>Dimens\u00f5es: L80 x D70 x H85cm<\/li>\n<li>Pot\u00eancia: 4 x 7,5 kW<\/li>\n<li>Pot\u00eancia do forno: 6,0 kW<\/li>\n<li>Pot\u00eancia total: 36,0 kW<\/li>\n<li>400V \/ 50Hz \/ 3 fases 6000W<\/li>\n<\/ul>\n","protected":false},"excerpt":{"rendered":"<p>Neste belo fog\u00e3o a g\u00e1s de quatro queimadores com forno el\u00e9ctrico, a facilidade de utiliza\u00e7\u00e3o e a boa qualidade juntam-se num aparelho de primeira qualidade que pode levar uma tareia. \u00c9 adequado para utiliza\u00e7\u00e3o numa linha de cozinha e, gra\u00e7as \u00e0 utiliza\u00e7\u00e3o de materiais pesados na concep\u00e7\u00e3o, pode suportar uma utiliza\u00e7\u00e3o di\u00e1ria intensiva em qualquer cozinha de restaura\u00e7\u00e3o. consulte Mais informa\u00e7\u00e3o<\/p>\n","protected":false},"featured_media":9461940,"comment_status":"open","ping_status":"closed","template":"","meta":[],"product_cat":[21,84],"product_tag":[],"class_list":["post-9461941","product","type-product","status-publish","has-post-thumbnail","hentry","product_cat-restauracao","product_cat-fogoesepanelas","product_shipping_class-gph"],"_links":{"self":[{"href":"https:\/\/tpohotelariaecasa.pt\/index.php\/wp-json\/wp\/v2\/product\/9461941"}],"collection":[{"href":"https:\/\/tpohotelariaecasa.pt\/index.php\/wp-json\/wp\/v2\/product"}],"about":[{"href":"https:\/\/tpohotelariaecasa.pt\/index.php\/wp-json\/wp\/v2\/types\/product"}],"replies":[{"embeddable":true,"href":"https:\/\/tpohotelariaecasa.pt\/index.php\/wp-json\/wp\/v2\/comments?post=9461941"}],"wp:featuredmedia":[{"embeddable":true,"href":"https:\/\/tpohotelariaecasa.pt\/index.php\/wp-json\/wp\/v2\/media\/9461940"}],"wp:attachment":[{"href":"https:\/\/tpohotelariaecasa.pt\/index.php\/wp-json\/wp\/v2\/media?parent=9461941"}],"wp:term":[{"taxonomy":"product_cat","embeddable":true,"href":"https:\/\/tpohotelariaecasa.pt\/index.php\/wp-json\/wp\/v2\/product_cat?post=9461941"},{"taxonomy":"product_tag","embeddable":true,"href":"https:\/\/tpohotelariaecasa.pt\/index.php\/wp-json\/wp\/v2\/product_tag?post=9461941"}],"curies":[{"name":"wp","href":"https:\/\/api.w.org\/{rel}","templated":true}]}}