{"id":9461945,"date":"2024-06-03T09:25:18","date_gmt":"2024-06-03T09:25:18","guid":{"rendered":"https:\/\/tpohotelariaecasa.pt\/index.php\/product\/heavy-duty-fogao-4-queimadores-unidade-dupla-70-cm-de-profundidade-30kw-gas\/"},"modified":"2025-02-20T14:20:49","modified_gmt":"2025-02-20T14:20:49","slug":"heavy-duty-fogao-4-queimadores-unidade-dupla-70-cm-de-profundidade-30kw-gas","status":"publish","type":"product","link":"https:\/\/tpohotelariaecasa.pt\/index.php\/product\/heavy-duty-fogao-4-queimadores-unidade-dupla-70-cm-de-profundidade-30kw-gas\/","title":{"rendered":"Heavy Duty Fog\u00e3o &#8211; 4 Queimadores &#8211; Unidade Dupla &#8211; 70 cm de Profundidade &#8211; 30kW &#8211; G\u00e1s"},"content":{"rendered":"<p><strong>Especifica\u00e7\u00f5es do produto<\/strong><\/p>\n<ul>\n<li>Peso l\u00edquido: 50kg<\/li>\n<li>Dimens\u00f5es do dispositivo: L80 x D70 x H28cm<\/li>\n<li>Capacidade do queimador a g\u00e1s: 4 x 7,5kW<\/li>\n<li>Pot\u00eancia total do g\u00e1s: 30,0kW<\/li>\n<li>Injectores de g\u00e1s pr\u00e9-instalados: G25 &#8211; g\u00e1s natural<\/li>\n<li>Injectores de g\u00e1s adicionais: G30 &#8211; GPL (propano \/ butano)<\/li>\n<\/ul>\n","protected":false},"excerpt":{"rendered":"<p>Este robusto fog\u00e3o a g\u00e1s com quatro queimadores \u00e9 adequado para ser colocado numa linha de cozedura. Gra\u00e7as \u00e0 escolha de materiais de qualidade na constru\u00e7\u00e3o, tais como a carca\u00e7a em a\u00e7o inoxid\u00e1vel e suportes de panelas em ferro fundido, \u00e9 concebido para resistir a uma utiliza\u00e7\u00e3o di\u00e1ria intensiva em cozinhas de restaura\u00e7\u00e3o movimentadas. consulte Mais informa\u00e7\u00e3o<\/p>\n","protected":false},"featured_media":9461944,"comment_status":"open","ping_status":"closed","template":"","meta":[],"product_cat":[140,84],"product_tag":[],"class_list":["post-9461945","product","type-product","status-publish","has-post-thumbnail","hentry","product_cat-cozedura-aquecimento","product_cat-fogoesepanelas","product_shipping_class-gph"],"_links":{"self":[{"href":"https:\/\/tpohotelariaecasa.pt\/index.php\/wp-json\/wp\/v2\/product\/9461945"}],"collection":[{"href":"https:\/\/tpohotelariaecasa.pt\/index.php\/wp-json\/wp\/v2\/product"}],"about":[{"href":"https:\/\/tpohotelariaecasa.pt\/index.php\/wp-json\/wp\/v2\/types\/product"}],"replies":[{"embeddable":true,"href":"https:\/\/tpohotelariaecasa.pt\/index.php\/wp-json\/wp\/v2\/comments?post=9461945"}],"wp:featuredmedia":[{"embeddable":true,"href":"https:\/\/tpohotelariaecasa.pt\/index.php\/wp-json\/wp\/v2\/media\/9461944"}],"wp:attachment":[{"href":"https:\/\/tpohotelariaecasa.pt\/index.php\/wp-json\/wp\/v2\/media?parent=9461945"}],"wp:term":[{"taxonomy":"product_cat","embeddable":true,"href":"https:\/\/tpohotelariaecasa.pt\/index.php\/wp-json\/wp\/v2\/product_cat?post=9461945"},{"taxonomy":"product_tag","embeddable":true,"href":"https:\/\/tpohotelariaecasa.pt\/index.php\/wp-json\/wp\/v2\/product_tag?post=9461945"}],"curies":[{"name":"wp","href":"https:\/\/api.w.org\/{rel}","templated":true}]}}