{"id":9461971,"date":"2024-06-03T09:25:35","date_gmt":"2024-06-03T09:25:35","guid":{"rendered":"https:\/\/tpohotelariaecasa.pt\/index.php\/product\/forno-de-pizza-correia-transportadora-2-x-o20-cm-30-pizzas-por-hora\/"},"modified":"2025-04-03T09:10:07","modified_gmt":"2025-04-03T09:10:07","slug":"forno-de-pizza-correia-transportadora-2-x-o20-cm-30-pizzas-por-hora","status":"publish","type":"product","link":"https:\/\/tpohotelariaecasa.pt\/index.php\/product\/forno-de-pizza-correia-transportadora-2-x-o20-cm-30-pizzas-por-hora\/","title":{"rendered":"Forno de Pizza &#8211; Correia Transportadora &#8211; 2 x \u00d820 cm &#8211; 30 Pizzas por Hora"},"content":{"rendered":"<ul>\n<li>Forno para pizzas profissional, adequado para alta produ\u00e7\u00e3o<\/li>\n<li>Feito de a\u00e7o inoxid\u00e1vel, f\u00e1cil de limpar<\/li>\n<li>Aquecimento duplo, cada um com o seu pr\u00f3prio ecr\u00e3 digital<\/li>\n<li>Aquecimento uniforme em todos os lados<\/li>\n<li>Termostatos ajust\u00e1veis: 50\u00b0C a 280\u00b0C<\/li>\n<\/ul>\n<p>Especifica\u00e7\u00f5es do produto<\/p>\n<ul>\n<li>Peso l\u00edquido: 34 kg<\/li>\n<li>Dimens\u00f5es da c\u00e2mara: L53 x P40 x H2\/4\/5,5cm<\/li>\n<li>Dimens\u00f5es do dispositivo: B66 x D68 x H44cm<\/li>\n<li>Dimens\u00f5es do aparelho com tapete transportador: L124 x P68 x A44cm<\/li>\n<li>Adequado para 2 pizzas de +\/-20cm<\/li>\n<li>Capacidade de produ\u00e7\u00e3o: 30 pizzas por hora<\/li>\n<li>Pot\u00eancia el\u00e9ctrica total: 3,4 kW<\/li>\n<li>230V\/50Hz\/1Fase 3400W<\/li>\n<\/ul>\n","protected":false},"excerpt":{"rendered":"<p>Este forno de pizzas profissional tem um tapete rolante no qual pode preparar rapidamente pizzas deliciosas. Pode preparar cerca de 30 pizzas com um di\u00e2metro de 20 cm por hora. Este forno de pizza el\u00e9ctrico \u00e9 adequado para uso profissional di\u00e1rio. consulte Mais informa\u00e7\u00e3o<\/p>\n","protected":false},"featured_media":9461970,"comment_status":"open","ping_status":"closed","template":"","meta":[],"product_cat":[792,88,21],"product_tag":[],"class_list":["post-9461971","product","type-product","status-publish","has-post-thumbnail","hentry","product_cat-mais-vendidos","product_cat-fornos","product_cat-restauracao","product_shipping_class-gph"],"_links":{"self":[{"href":"https:\/\/tpohotelariaecasa.pt\/index.php\/wp-json\/wp\/v2\/product\/9461971"}],"collection":[{"href":"https:\/\/tpohotelariaecasa.pt\/index.php\/wp-json\/wp\/v2\/product"}],"about":[{"href":"https:\/\/tpohotelariaecasa.pt\/index.php\/wp-json\/wp\/v2\/types\/product"}],"replies":[{"embeddable":true,"href":"https:\/\/tpohotelariaecasa.pt\/index.php\/wp-json\/wp\/v2\/comments?post=9461971"}],"wp:featuredmedia":[{"embeddable":true,"href":"https:\/\/tpohotelariaecasa.pt\/index.php\/wp-json\/wp\/v2\/media\/9461970"}],"wp:attachment":[{"href":"https:\/\/tpohotelariaecasa.pt\/index.php\/wp-json\/wp\/v2\/media?parent=9461971"}],"wp:term":[{"taxonomy":"product_cat","embeddable":true,"href":"https:\/\/tpohotelariaecasa.pt\/index.php\/wp-json\/wp\/v2\/product_cat?post=9461971"},{"taxonomy":"product_tag","embeddable":true,"href":"https:\/\/tpohotelariaecasa.pt\/index.php\/wp-json\/wp\/v2\/product_tag?post=9461971"}],"curies":[{"name":"wp","href":"https:\/\/api.w.org\/{rel}","templated":true}]}}