{"id":9461981,"date":"2024-06-03T09:25:41","date_gmt":"2024-06-03T09:25:41","guid":{"rendered":"https:\/\/tpohotelariaecasa.pt\/index.php\/product\/maquina-de-gofres-3-lollies-coracoes-com-emojis-em-palitos\/"},"modified":"2025-04-03T09:09:51","modified_gmt":"2025-04-03T09:09:51","slug":"maquina-de-gofres-3-lollies-coracoes-com-emojis-em-palitos","status":"publish","type":"product","link":"https:\/\/tpohotelariaecasa.pt\/index.php\/product\/maquina-de-gofres-3-lollies-coracoes-com-emojis-em-palitos\/","title":{"rendered":"M\u00e1quina de Gofres &#8211; 3 Lollies &#8211; Cora\u00e7\u00f5es com Emojis em Palitos"},"content":{"rendered":"<p>Caracter\u00edsticas<\/p>\n<ul>\n<li>Fabricante de waffles rotativos para belas formas em ambos os lados<\/li>\n<li>Equipado com temporizador<\/li>\n<li>Term\u00f3stato f\u00e1cil de ajustar<\/li>\n<li>Tabuleiro em alum\u00ednio com revestimento antiaderente<\/li>\n<li>As bandejas de cozedura n\u00e3o s\u00e3o remov\u00edveis<\/li>\n<\/ul>\n<p>Especifica\u00e7\u00f5es do produto<\/p>\n<ul>\n<li>Robusto e f\u00e1cil de operar<\/li>\n<li>Produ\u00e7\u00e3o r\u00e1pida de 3 cora\u00e7\u00f5es de waffles emoji ao mesmo tempo<\/li>\n<li>Tabuleiro em alum\u00ednio com revestimento antiaderente<\/li>\n<li>Entalhe no tabuleiro do forno para o pau<\/li>\n<li>Term\u00f3stato vari\u00e1vel de 50\u00b0 C a 300\u00b0 C<\/li>\n<li>Equipado com um temporizador<\/li>\n<li>Luz indicadora de temperatura<\/li>\n<li>Punho robusto<\/li>\n<li>Fica em 4 p\u00e9s de a\u00e7o inoxid\u00e1vel<\/li>\n<li>Constru\u00e7\u00e3o muito dur\u00e1vel<\/li>\n<li>Desenho higi\u00e9nico<\/li>\n<li>Peso l\u00edquido: 8kg<\/li>\n<li>Dimens\u00f5es dos waffles: L14 x D4 x H2cm<\/li>\n<li>Dimens\u00f5es do dispositivo: W30,5 x D34 x H28,5cm<\/li>\n<li>Pot\u00eancia el\u00e9ctrica total: 1,56 kW<\/li>\n<li>230V\/50Hz\/1Fase 1560W<\/li>\n<\/ul>\n","protected":false},"excerpt":{"rendered":"<p>O amor est\u00e1 no ar com estes alegres waffles emoji de cora\u00e7\u00e3o que se podem fazer com este fabricante de waffles. Cozinha-se tr\u00eas de cada vez e com um pr\u00e1tico pau. S\u00e3o f\u00e1ceis de comer, e claro, f\u00e1ceis de dar. Al\u00e9m disso, com este modelo rotativo, far\u00e1 sempre waffles com uma forma completa e agrad\u00e1vel. consulte Mais informa\u00e7\u00e3o<\/p>\n","protected":false},"featured_media":9461980,"comment_status":"open","ping_status":"closed","template":"","meta":[],"product_cat":[792,87],"product_tag":[],"class_list":["post-9461981","product","type-product","status-publish","has-post-thumbnail","hentry","product_cat-mais-vendidos","product_cat-mquina-de-waffles","product_shipping_class-pph"],"_links":{"self":[{"href":"https:\/\/tpohotelariaecasa.pt\/index.php\/wp-json\/wp\/v2\/product\/9461981"}],"collection":[{"href":"https:\/\/tpohotelariaecasa.pt\/index.php\/wp-json\/wp\/v2\/product"}],"about":[{"href":"https:\/\/tpohotelariaecasa.pt\/index.php\/wp-json\/wp\/v2\/types\/product"}],"replies":[{"embeddable":true,"href":"https:\/\/tpohotelariaecasa.pt\/index.php\/wp-json\/wp\/v2\/comments?post=9461981"}],"wp:featuredmedia":[{"embeddable":true,"href":"https:\/\/tpohotelariaecasa.pt\/index.php\/wp-json\/wp\/v2\/media\/9461980"}],"wp:attachment":[{"href":"https:\/\/tpohotelariaecasa.pt\/index.php\/wp-json\/wp\/v2\/media?parent=9461981"}],"wp:term":[{"taxonomy":"product_cat","embeddable":true,"href":"https:\/\/tpohotelariaecasa.pt\/index.php\/wp-json\/wp\/v2\/product_cat?post=9461981"},{"taxonomy":"product_tag","embeddable":true,"href":"https:\/\/tpohotelariaecasa.pt\/index.php\/wp-json\/wp\/v2\/product_tag?post=9461981"}],"curies":[{"name":"wp","href":"https:\/\/api.w.org\/{rel}","templated":true}]}}