{"id":9461985,"date":"2024-06-03T09:25:43","date_gmt":"2024-06-03T09:25:43","guid":{"rendered":"https:\/\/tpohotelariaecasa.pt\/index.php\/product\/maquina-de-gofres-2-pecas-belga-2\/"},"modified":"2025-04-03T09:09:51","modified_gmt":"2025-04-03T09:09:51","slug":"maquina-de-gofres-2-pecas-belga-2","status":"publish","type":"product","link":"https:\/\/tpohotelariaecasa.pt\/index.php\/product\/maquina-de-gofres-2-pecas-belga-2\/","title":{"rendered":"M\u00e1quina de Gofres &#8211; 2 Pe\u00e7as &#8211; Belga"},"content":{"rendered":"<p><strong>Caracter\u00edsticas<\/strong><\/p>\n<ul>\n<li>Robusto e f\u00e1cil de utilizar<\/li>\n<li>Produ\u00e7\u00e3o r\u00e1pida de 2 waffles ao mesmo tempo<\/li>\n<li>Assadeira de alum\u00ednio com revestimento antiaderente<\/li>\n<li>Term\u00f3stato vari\u00e1vel de 50 \u00b0C a 300 \u00b0C<\/li>\n<li>Equipada com um temporizador<\/li>\n<li>Luz indicadora de temperatura<\/li>\n<li>Pega robusta<\/li>\n<li>Equipado com tabuleiro de recolha de pingos<\/li>\n<li>Assenta em 4 p\u00e9s de a\u00e7o inoxid\u00e1vel<\/li>\n<li>Constru\u00e7\u00e3o muito duradoura<\/li>\n<li>Design higi\u00e9nico<\/li>\n<\/ul>\n<p><strong>Especifica\u00e7\u00f5es do produto<\/strong><\/p>\n<ul>\n<li>Peso l\u00edquido: 11 kg<\/li>\n<li>Dimens\u00f5es da waffle: B10 x D16 x H3cm<\/li>\n<li>Dimens\u00f5es da m\u00e1quina: B30 x D38 x H26cm<\/li>\n<li>Pot\u00eancia el\u00e9ctrica total: 1,75 kW<\/li>\n<li>230V\/50Hz\/1Fase 1750W<\/li>\n<\/ul>\n","protected":false},"excerpt":{"rendered":"<p>Com esta m\u00e1quina de fazer waffles cl\u00e1ssica, pode preparar r\u00e1pida e facilmente dois waffles belgas ao mesmo tempo. Este aparelho de catering \u00e9 ideal para uma utiliza\u00e7\u00e3o di\u00e1ria intensiva em pastelarias, caf\u00e9s, mercados e feiras. consulte Mais informa\u00e7\u00e3o<\/p>\n","protected":false},"featured_media":9461984,"comment_status":"open","ping_status":"closed","template":"","meta":[],"product_cat":[86],"product_tag":[],"class_list":["post-9461985","product","type-product","status-publish","has-post-thumbnail","hentry","product_cat-panquequeiras","product_shipping_class-pph"],"_links":{"self":[{"href":"https:\/\/tpohotelariaecasa.pt\/index.php\/wp-json\/wp\/v2\/product\/9461985"}],"collection":[{"href":"https:\/\/tpohotelariaecasa.pt\/index.php\/wp-json\/wp\/v2\/product"}],"about":[{"href":"https:\/\/tpohotelariaecasa.pt\/index.php\/wp-json\/wp\/v2\/types\/product"}],"replies":[{"embeddable":true,"href":"https:\/\/tpohotelariaecasa.pt\/index.php\/wp-json\/wp\/v2\/comments?post=9461985"}],"wp:featuredmedia":[{"embeddable":true,"href":"https:\/\/tpohotelariaecasa.pt\/index.php\/wp-json\/wp\/v2\/media\/9461984"}],"wp:attachment":[{"href":"https:\/\/tpohotelariaecasa.pt\/index.php\/wp-json\/wp\/v2\/media?parent=9461985"}],"wp:term":[{"taxonomy":"product_cat","embeddable":true,"href":"https:\/\/tpohotelariaecasa.pt\/index.php\/wp-json\/wp\/v2\/product_cat?post=9461985"},{"taxonomy":"product_tag","embeddable":true,"href":"https:\/\/tpohotelariaecasa.pt\/index.php\/wp-json\/wp\/v2\/product_tag?post=9461985"}],"curies":[{"name":"wp","href":"https:\/\/api.w.org\/{rel}","templated":true}]}}