{"id":9461987,"date":"2024-06-03T09:25:44","date_gmt":"2024-06-03T09:25:44","guid":{"rendered":"https:\/\/tpohotelariaecasa.pt\/index.php\/product\/maquina-de-gofres-3-pecas-belga\/"},"modified":"2025-04-03T09:09:46","modified_gmt":"2025-04-03T09:09:46","slug":"maquina-de-gofres-3-pecas-belga","status":"publish","type":"product","link":"https:\/\/tpohotelariaecasa.pt\/index.php\/product\/maquina-de-gofres-3-pecas-belga\/","title":{"rendered":"M\u00e1quina de Gofres &#8211; 3 Pe\u00e7as &#8211; Belga"},"content":{"rendered":"<ul>\n<li>Robusto e f\u00e1cil de utilizar<\/li>\n<li>Produ\u00e7\u00e3o r\u00e1pida de 3 waffles em simult\u00e2neo<\/li>\n<li>Tabuleiro de cozedura em alum\u00ednio com revestimento antiaderente<\/li>\n<li>Term\u00f3stato vari\u00e1vel de 50 \u00b0C a 300 \u00b0C<\/li>\n<li>Equipada com um temporizador<\/li>\n<li>Luz indicadora de temperatura<\/li>\n<li>Pega robusta<\/li>\n<li>Equipado com tabuleiro de recolha de gotas<\/li>\n<li>Assenta em 4 p\u00e9s de a\u00e7o inoxid\u00e1vel<\/li>\n<li>Constru\u00e7\u00e3o muito duradoura<\/li>\n<li>Design higi\u00e9nico<\/li>\n<\/ul>\n<p><strong>Especifica\u00e7\u00f5es do produto<\/strong><\/p>\n<ul>\n<li>Peso l\u00edquido: 12 kg<\/li>\n<li>Tamanho dos waffles: B75 x D125 x H13mm<\/li>\n<li>Dimens\u00f5es da m\u00e1quina: B38 x D31,5 x H27,5cm<\/li>\n<li>Pot\u00eancia el\u00e9ctrica total: 1,75 kW<\/li>\n<li>230V\/50Hz\/1Fase 1750W<\/li>\n<\/ul>\n","protected":false},"excerpt":{"rendered":"<p>Com esta m\u00e1quina de fazer waffles cl\u00e1ssica, pode preparar r\u00e1pida e facilmente tr\u00eas aut\u00eanticos waffles belgas ao mesmo tempo. \u00c9 indispens\u00e1vel em pastelarias e caf\u00e9s. Gra\u00e7as ao potente elemento de aquecimento, a placa aquece rapidamente e pode come\u00e7ar a cozinhar de imediato. consulte Mais informa\u00e7\u00e3o<\/p>\n","protected":false},"featured_media":9461986,"comment_status":"open","ping_status":"closed","template":"","meta":[],"product_cat":[792,87],"product_tag":[],"class_list":["post-9461987","product","type-product","status-publish","has-post-thumbnail","hentry","product_cat-mais-vendidos","product_cat-mquina-de-waffles","product_shipping_class-pph"],"_links":{"self":[{"href":"https:\/\/tpohotelariaecasa.pt\/index.php\/wp-json\/wp\/v2\/product\/9461987"}],"collection":[{"href":"https:\/\/tpohotelariaecasa.pt\/index.php\/wp-json\/wp\/v2\/product"}],"about":[{"href":"https:\/\/tpohotelariaecasa.pt\/index.php\/wp-json\/wp\/v2\/types\/product"}],"replies":[{"embeddable":true,"href":"https:\/\/tpohotelariaecasa.pt\/index.php\/wp-json\/wp\/v2\/comments?post=9461987"}],"wp:featuredmedia":[{"embeddable":true,"href":"https:\/\/tpohotelariaecasa.pt\/index.php\/wp-json\/wp\/v2\/media\/9461986"}],"wp:attachment":[{"href":"https:\/\/tpohotelariaecasa.pt\/index.php\/wp-json\/wp\/v2\/media?parent=9461987"}],"wp:term":[{"taxonomy":"product_cat","embeddable":true,"href":"https:\/\/tpohotelariaecasa.pt\/index.php\/wp-json\/wp\/v2\/product_cat?post=9461987"},{"taxonomy":"product_tag","embeddable":true,"href":"https:\/\/tpohotelariaecasa.pt\/index.php\/wp-json\/wp\/v2\/product_tag?post=9461987"}],"curies":[{"name":"wp","href":"https:\/\/api.w.org\/{rel}","templated":true}]}}